{"id":27,"date":"2016-04-21T18:30:35","date_gmt":"2016-04-21T17:30:35","guid":{"rendered":"http:\/\/blog.uclm.es\/miguelredondo\/?page_id=27"},"modified":"2016-04-21T18:30:35","modified_gmt":"2016-04-21T17:30:35","slug":"publicaciones-docentes","status":"publish","type":"page","link":"https:\/\/blog.uclm.es\/manuelortega\/publicaciones-docentes\/","title":{"rendered":"Publicaciones docentes"},"content":{"rendered":"<h3>Publicaciones en el \u00e1mbito\u00a0de la docencia<\/h3>\n<table style=\"height: 1300px\" border=\"0\" width=\"985\">\n<tbody>\n<tr>\n<td align=\"center\" bgcolor=\"#FFFFFF\" width=\"70 pixels\"><b>Desde 2001<\/b><\/td>\n<td bgcolor=\"#FFFFFF\">Redondo, M. A., Ortega, M., Molina, A. I., Bravo, C., &amp; S\u00e1nchez, P. P. (2008).\u00a0<em>HCI curricula in the Faculty of Computer Science and Engineering at Castilla-La Mancha University (Spain): overview and new proposal.<\/em>\u00a0Paper presented at the HCIED&#8217;2008, Roma (Italy).<\/p>\n<p>Redondo, M. A., Ortega, M., Molina, A. I., Bravo, C., &amp; S\u00e1nchez, P. P. (2008). HCI curricula in the Faculty of Computer Science and Engineering at Castilla-La Mancha University (Spain): overview and new proposal.\u00a0<em>Magazine of Interaction Design and Architecture(s), 3 &amp; 4<\/em>, 67-72.<\/p>\n<p>Ortega, M.,\u00a0Redondo, M. A., Bravo, C., Bravo, J., &amp; Molina, A. I. (2005).\u00a0<em>El perfil de Tecnolog\u00edas Interactivas en la UCLM.<\/em>\u00a0Paper presented at the Jornadas de Trabajo sobre Ense\u00f1anza de CHI (CHIJOTE\u20192005). Presente y Futuro de la Docencia e Investigaci\u00f3n en Interacci\u00f3n Persona-Ordenador, Puertollano.<\/p>\n<p>Molina, A. I., Ortega, M.,\u00a0Redondo, M. A., &amp; Anti\u00f1olo, A. (2003).\u00a0<em>EVALAB: Evaluaci\u00f3n de pr\u00e1cticas de laboratorio usando PDA.<\/em>\u00a0Paper presented at the III Challenges y 5\u00ba Simposio Internacional de Inform\u00e1tica Educativa, Braga.<\/td>\n<\/tr>\n<tr>\n<td align=\"center\" bgcolor=\"#FFFFFF\" width=\"70 pixels\"><b>Hasta 2000<\/b><\/td>\n<td bgcolor=\"#FFFFFF\">Bravo, C.,\u00a0Redondo, M. A., Bravo, J., &amp; Ortega, M. (2000). Aprendizaje a distancia mediante estrategias de colaboraci\u00f3n basadas en computadora. In M. Ortega &amp; J. Bravo (Eds.),\u00a0<em>Sistemas de Interacci\u00f3n Persona-Computador<\/em>\u00a0(pp. 337-349). Cuenta: Servicio de Publicaciones de la Universidad de Castilla &#8211; La Mancha.<\/p>\n<p>Bravo, J., Ortega, M.,\u00a0Redondo, M. A., &amp; Bravo, C. (2000). Estrategias de apoyo al aprendiz en entornos de simulaci\u00f3n a distancia. In J. Bravo &amp; M. Ortega (Eds.),\u00a0<em>L\u00edneas de Investigaci\u00f3n en Inform\u00e1tica<\/em>\u00a0(pp. 111-127). Cuenta: Servicio de Publicaciones de la Universidad de Castilla &#8211; La Mancha.<\/p>\n<p>Bravo, J., Ortega, M.,\u00a0Redondo, M. A., &amp; Bravo, C. (2000). Estrategias de apoyo al aprendizaje en la educaci\u00f3n a distancia. In M. Ortega &amp; J. Bravo (Eds.),\u00a0<em>Sistemas de Interacci\u00f3n Persona-Computador<\/em>\u00a0(pp. 303-311). Cuenta: Servicio de Publicaciones de la Universidad de Castilla &#8211; La Mancha.<\/p>\n<p>Ortega, M., Bravo, J., Lacruz, M., S\u00e1nchez, P. P.,\u00a0Redondo, M. A., Bravo, C., et al. (2000). Entornos Hipertexto Colaborativos. In M. Ortega &amp; J. Bravo (Eds.),\u00a0<em>Sistemas de Interacci\u00f3n Persona-Computador<\/em>\u00a0(pp. 285-301). Cuenta: Servicio de Publicaciones de la Universidad de Castilla &#8211; La Mancha.<\/p>\n<p>Ortega, M., Mu\u00f1oz, J. J., Bravo, C., Bravo, J., &amp;\u00a0Redondo, M. A.\u00a0(2000). Andamiaje y T\u00e9cnicas de Planificaci\u00f3n en Educaci\u00f3n a Distancia. Un caso de estudio en Estad\u00edstica. In J. Bravo &amp; M. Ortega (Eds.),\u00a0<em>L\u00edneas de Investigaci\u00f3n en Inform\u00e1tica<\/em>\u00a0(pp. 215-221). Cuenta: Servicio de Publicaciones de la Universidad de Castilla &#8211; La Mancha.<\/p>\n<p>Redondo, M. A., Bravo, C., Bravo, J., &amp; Ortega, M. (2000). Intranet: marco para la implantaci\u00f3n de entornos virtuales de ense\u00f1anza\/aprendizaje. In M. Ortega &amp; J. Bravo (Eds.),\u00a0<em>Sistemas de Interacci\u00f3n Persona-Computador<\/em>\u00a0(pp. 351-373). Cuenta: Servicio de Publicaciones de la Universidad de Castilla &#8211; La Mancha.<\/p>\n<p>Redondo, M. A., Bravo, J., Ortega, M., &amp; Bravo, C. (2000). Herramientas para Simulaci\u00f3n y Educaci\u00f3n a Distancia. In J. Bravo &amp; M. Ortega (Eds.),\u00a0<em>L\u00edneas de Investigaci\u00f3n en Inform\u00e1tica<\/em>\u00a0(pp. 197-214). Cuenta: Servicio de Publicaciones de la Universidad de Castilla &#8211; La Mancha.<\/p>\n<p>Bravo, C.,\u00a0Redondo, M. A., Bravo, J., &amp; Ortega, M. (1999).\u00a0<em>Entorno colaborativo para el aprendizaje a distancia en el dise\u00f1o dom\u00f3tico mediante simulaci\u00f3n.<\/em>\u00a0Paper presented at the EDUTEC\u201999 Nuevas Tecnolog\u00edas en la Formaci\u00f3n Flexible y a Distancia, Sevilla.<\/p>\n<p>Redondo, M. A., Garz\u00e1s, J., Bravo, C., Bravo, J., &amp; Ortega, M. (1999).\u00a0<em>Colaboraci\u00f3n en entornos telem\u00e1ticos de aprendizaje a distancia: Un caso de estudio en matem\u00e1ticas.<\/em>\u00a0Paper presented at the EDUTEC\u201999 Nuevas Tecnolog\u00edas en la Formaci\u00f3n Flexible y a Distancia, Sevilla.<\/p>\n<p>Ortega, M., Mu\u00f1oz, J. J., Bravo, C., Bravo, J., &amp;\u00a0Redondo, M. A.\u00a0(1998).\u00a0<em>Scaffolding and Planning Techniques in Distance Education: A case Study in Statistics.<\/em>\u00a0Paper presented at the ONLINE EDUCA BERLIN. 4th International Conference on Technology Supported Learning, Berl\u00edn.<\/td>\n<\/tr>\n<\/tbody>\n<\/table>\n<p>&nbsp;<\/p>\n","protected":false},"excerpt":{"rendered":"<p>Publicaciones en el \u00e1mbito\u00a0de la docencia Desde 2001 Redondo, M. A., Ortega, M., Molina, A. I., Bravo, C., &amp; S\u00e1nchez, P. P. (2008).\u00a0HCI curricula in the Faculty of Computer Science and Engineering at Castilla-La Mancha University (Spain): overview and new proposal.\u00a0Paper presented at the HCIED&#8217;2008, Roma (Italy). Redondo, M. A., Ortega, M., Molina, A. I., [&hellip;]<\/p>\n","protected":false},"author":57,"featured_media":0,"parent":0,"menu_order":0,"comment_status":"closed","ping_status":"closed","template":"","meta":{"footnotes":""},"class_list":["post-27","page","type-page","status-publish","hentry"],"_links":{"self":[{"href":"https:\/\/blog.uclm.es\/manuelortega\/wp-json\/wp\/v2\/pages\/27","targetHints":{"allow":["GET"]}}],"collection":[{"href":"https:\/\/blog.uclm.es\/manuelortega\/wp-json\/wp\/v2\/pages"}],"about":[{"href":"https:\/\/blog.uclm.es\/manuelortega\/wp-json\/wp\/v2\/types\/page"}],"author":[{"embeddable":true,"href":"https:\/\/blog.uclm.es\/manuelortega\/wp-json\/wp\/v2\/users\/57"}],"replies":[{"embeddable":true,"href":"https:\/\/blog.uclm.es\/manuelortega\/wp-json\/wp\/v2\/comments?post=27"}],"version-history":[{"count":0,"href":"https:\/\/blog.uclm.es\/manuelortega\/wp-json\/wp\/v2\/pages\/27\/revisions"}],"wp:attachment":[{"href":"https:\/\/blog.uclm.es\/manuelortega\/wp-json\/wp\/v2\/media?parent=27"}],"curies":[{"name":"wp","href":"https:\/\/api.w.org\/{rel}","templated":true}]}}