{"id":1436,"date":"2011-10-21T20:08:07","date_gmt":"2011-10-21T18:08:07","guid":{"rendered":"http:\/\/chico.inf-cr.uclm.es\/mortega\/2011\/?page_id=2"},"modified":"2025-02-24T10:24:18","modified_gmt":"2025-02-24T10:24:18","slug":"manuel-ortega","status":"publish","type":"page","link":"https:\/\/blog.uclm.es\/manuelortega\/manuel-ortega\/","title":{"rendered":"Qui\u00e9n es Manuel Ortega"},"content":{"rendered":"<p>Este sitio es administrado por Manuel Ortega. Estos son algunos apuntes sobre mi:<\/p>\n<ul>\n<li>Soy hijo de ferroviario, Braulio Manuel \u00a0y de ama de casa, Francisca, que trabaj\u00f3 en el Hospital de Albacete hasta casarse. Nac\u00ed en Albacete en 1960.<\/li>\n<li>Estoy divorciado y tengo 3 hijos nacidos en 1989, 1995 y 1996:\n<ul>\n<li>Mi hijo mayor, Manuel (1989), \u00a0estudi\u00f3 Ingenier\u00eda Inform\u00e1tica en la UCLM y en la Universidad de Essen-Duisburg (Alemania). Estudia en la actualidad el \u00faltimo curso de Psicolog\u00eda en la UNED mientras realiza su tesis doctoral en Inform\u00e1tica.<\/li>\n<li>Mi hija Marina (1995), estudi\u00f3 el M\u00e1ster de Interpretaci\u00f3n en la Universidad de Granada y el Grado en Traducci\u00f3n e Interpretaci\u00f3n en Granada y Gante (B\u00e9lgica).<\/li>\n<li>Mi hijo Javier (1996), \u00a0estudi\u00f3 \u00a0el Grado de Ingenier\u00eda Mec\u00e1nica y el M\u00e1ster de Ingenier\u00eda Industrial en la UCLM en Ciudad Real.<\/li>\n<\/ul>\n<\/li>\n<li>\u00a0A los 15 a\u00f1os mi familia emigr\u00f3 a Barcelona para poder garantizar los estudios de mis 2 hermanas y los m\u00edos, \u00a0ya que en Albacete en 1975 no hab\u00eda Universidad y mis padres no pod\u00edan pagarnos los estudios en Murcia a 3 hermanos.<\/li>\n<li>Estudi\u00e9\u00a0Ciencias Qu\u00edmicas\u00a0en la Universidad Aut\u00f3noma de Barcelona y me doctor\u00e9 en la misma Universidad en Ciencias en la especialidad de Qu\u00edmica F\u00edsica con una tesis en Qu\u00edmica Cu\u00e1ntica. Fui Profesor Ayudante en el Departamento de Qu\u00edmica desde 1982 a 1987.<\/li>\n<li>Dej\u00e9 el Departamento de Qu\u00edmica \u00a0(en 1987) y me dediqu\u00e9 a la Inform\u00e1tica tras obtener por oposici\u00f3n una plaza de Programador (Grupo B, actual A2) en el Centro de C\u00e1lculo de la misma Universidad. Despu\u00e9s, obtuve por concurso interno la plaza de Analista (Grupo A, actual A1) en el mismo Centro de C\u00e1lculo. En la UAB fui alumno, PDI y PAS, por ese orden.<\/li>\n<li>Fui concejal de Cultura, Juventud y Deportes, con las \u00e1reas de Festejos y Normalizaci\u00f3n Ling\u00fc\u00edstica como parte de la concejal\u00eda y simult\u00e1neamente Presidente del Patronato de Deportes de Badia del Vall\u00e8s (Barcelona), elegido en la lista del Partit dels Socialistes de Catalunya. Milito en este partido y posteriormente en el PSOE desde 1983.<\/li>\n<li>A la Universidad de Castilla &#8211; La Mancha me incorpor\u00e9 en 1990, a la entonces Escuela Universitaria de Inform\u00e1tica de Ciudad Real, actual Escuela Superior de Inform\u00e1tica. He sido Titular de Escuela Universitaria, Catedr\u00e1tico de Escuela Universitaria y desde 2003 Catedr\u00e1tico de Universidad en la Universidad de Castilla &#8211; La Mancha.<\/li>\n<li>He sido Subdirector y Secretario del Departamento de Inform\u00e1tica y Coordinador de la Titulaci\u00f3n de Grado de Ingenier\u00eda Inform\u00e1tica de la Escuela Superior de Inform\u00e1tica de Ciudad Real.<\/li>\n<li>Estoy afiliado a la UGT desde 1987 y he sido delegado sindical en la UCLM por FETE-UGT en tres ocasiones. Actualmente soy el responsable federal de Universidades e Investigaci\u00f3n de la Federaci\u00f3n de Servicios P\u00fablicos de la UGT.<\/li>\n<li>He sido Presidente de la Asociaci\u00f3n para el Desarrollo de la Inform\u00e1tica Educativa y editor de la Revista \u201cIE Comunicaciones\u201d y miembro del comit\u00e9 editorial de varias revistas internacionales indexadas.<\/li>\n<li>He sido Director del Grupo de Investigaci\u00f3n <a title=\"Grupo CHICO\" href=\"http:\/\/blog.uclm.es\/grupochico\" target=\"_blank\" rel=\"noopener noreferrer\">CHICO<\/a> de nuestra Universidad dedicado a la Interacci\u00f3n Persona \u2013 Computador y a los Sistemas de E-Learning desde 1998 a 2020.<\/li>\n<li>Soy coautor de m\u00e1s de 35 art\u00edculos en revistas indexadas, 3 libros internacionales, 13 nacionales y m\u00e1s de 150 art\u00edculos cient\u00edficos entre revistas nacionales y comunicaciones en Congresos internacionales. En total, m\u00e1s de\u00a0<a href=\"https:\/\/blog.uclm.es\/manuelortega\/publicaciones-completas-desde-1983\/\">200 publicaciones<\/a> cient\u00edficas.<\/li>\n<li>Tengo reconocidos 4 sexenios de investigaci\u00f3n y 7 quinquenios docentes.<\/li>\n<\/ul>\n\n\n<p><\/p>\n","protected":false},"excerpt":{"rendered":"<p>Este sitio es administrado por Manuel Ortega. Estos son algunos apuntes sobre mi: Soy hijo de ferroviario, Braulio Manuel \u00a0y de ama de casa, Francisca, que trabaj\u00f3 en el Hospital de Albacete hasta casarse. Nac\u00ed en Albacete en 1960. Estoy divorciado y tengo 3 hijos nacidos en 1989, 1995 y 1996: Mi hijo mayor, Manuel [&hellip;]<\/p>\n","protected":false},"author":57,"featured_media":0,"parent":0,"menu_order":1,"comment_status":"open","ping_status":"closed","template":"","meta":{"footnotes":""},"class_list":["post-1436","page","type-page","status-publish","hentry"],"_links":{"self":[{"href":"https:\/\/blog.uclm.es\/manuelortega\/wp-json\/wp\/v2\/pages\/1436","targetHints":{"allow":["GET"]}}],"collection":[{"href":"https:\/\/blog.uclm.es\/manuelortega\/wp-json\/wp\/v2\/pages"}],"about":[{"href":"https:\/\/blog.uclm.es\/manuelortega\/wp-json\/wp\/v2\/types\/page"}],"author":[{"embeddable":true,"href":"https:\/\/blog.uclm.es\/manuelortega\/wp-json\/wp\/v2\/users\/57"}],"replies":[{"embeddable":true,"href":"https:\/\/blog.uclm.es\/manuelortega\/wp-json\/wp\/v2\/comments?post=1436"}],"version-history":[{"count":3,"href":"https:\/\/blog.uclm.es\/manuelortega\/wp-json\/wp\/v2\/pages\/1436\/revisions"}],"predecessor-version":[{"id":1995,"href":"https:\/\/blog.uclm.es\/manuelortega\/wp-json\/wp\/v2\/pages\/1436\/revisions\/1995"}],"wp:attachment":[{"href":"https:\/\/blog.uclm.es\/manuelortega\/wp-json\/wp\/v2\/media?parent=1436"}],"curies":[{"name":"wp","href":"https:\/\/api.w.org\/{rel}","templated":true}]}}