{"id":200,"date":"2017-01-19T08:52:42","date_gmt":"2017-01-19T08:52:42","guid":{"rendered":"http:\/\/blog.uclm.es\/manuelestebanlucas\/?page_id=200"},"modified":"2023-03-24T10:33:38","modified_gmt":"2023-03-24T10:33:38","slug":"trabajos-en-revistas","status":"publish","type":"page","link":"https:\/\/blog.uclm.es\/manuelestebanlucas\/investigacion\/trabajos-en-revistas\/","title":{"rendered":"Trabajos en Revistas"},"content":{"rendered":"<p><b><span style=\"color: #333333\">EDITOR ASOCIADO DE LAS REVISTAS:<\/span><\/b><\/p>\n<p><strong><img loading=\"lazy\" decoding=\"async\" class=\"aligncenter size-full wp-image-711\" src=\"https:\/\/blog.uclm.es\/manuelestebanlucas\/wp-content\/uploads\/sites\/95\/2020\/05\/STOTEN.jpg\" alt=\"\" width=\"499\" height=\"206\" \/><\/strong><\/p>\n<p><a href=\"https:\/\/fireecology.springeropen.com\/\"><img loading=\"lazy\" decoding=\"async\" class=\"aligncenter  wp-image-707\" src=\"https:\/\/blog.uclm.es\/manuelestebanlucas\/wp-content\/uploads\/sites\/95\/2020\/05\/Fire-ecology.jpg\" alt=\"\" width=\"492\" height=\"170\" \/><\/a><\/p>\n<p><!--more--><\/p>\n<p>Revisor de art\u00edculos cient\u00edficos en revistas de \u00e1mbito forestal, ambiental, manejo de ecosistemas, etc.<\/p>\n","protected":false},"excerpt":{"rendered":"<p>EDITOR ASOCIADO DE LAS REVISTAS:<\/p>\n","protected":false},"author":95,"featured_media":0,"parent":181,"menu_order":0,"comment_status":"closed","ping_status":"closed","template":"","meta":{"footnotes":""},"class_list":["post-200","page","type-page","status-publish","hentry"],"_links":{"self":[{"href":"https:\/\/blog.uclm.es\/manuelestebanlucas\/wp-json\/wp\/v2\/pages\/200","targetHints":{"allow":["GET"]}}],"collection":[{"href":"https:\/\/blog.uclm.es\/manuelestebanlucas\/wp-json\/wp\/v2\/pages"}],"about":[{"href":"https:\/\/blog.uclm.es\/manuelestebanlucas\/wp-json\/wp\/v2\/types\/page"}],"author":[{"embeddable":true,"href":"https:\/\/blog.uclm.es\/manuelestebanlucas\/wp-json\/wp\/v2\/users\/95"}],"replies":[{"embeddable":true,"href":"https:\/\/blog.uclm.es\/manuelestebanlucas\/wp-json\/wp\/v2\/comments?post=200"}],"version-history":[{"count":1,"href":"https:\/\/blog.uclm.es\/manuelestebanlucas\/wp-json\/wp\/v2\/pages\/200\/revisions"}],"predecessor-version":[{"id":1246,"href":"https:\/\/blog.uclm.es\/manuelestebanlucas\/wp-json\/wp\/v2\/pages\/200\/revisions\/1246"}],"up":[{"embeddable":true,"href":"https:\/\/blog.uclm.es\/manuelestebanlucas\/wp-json\/wp\/v2\/pages\/181"}],"wp:attachment":[{"href":"https:\/\/blog.uclm.es\/manuelestebanlucas\/wp-json\/wp\/v2\/media?parent=200"}],"curies":[{"name":"wp","href":"https:\/\/api.w.org\/{rel}","templated":true}]}}