{"id":29,"date":"2013-09-05T10:25:31","date_gmt":"2013-09-05T09:25:31","guid":{"rendered":"http:\/\/blog.uclm.es\/mangelesrodriguez\/?page_id=29"},"modified":"2025-03-11T17:47:56","modified_gmt":"2025-03-11T17:47:56","slug":"estancias-en-otros-centros","status":"publish","type":"page","link":"https:\/\/blog.uclm.es\/mangelesrodriguez\/estancias-en-otros-centros\/","title":{"rendered":"ESTANCIAS EN OTROS CENTROS (Stays at other Universities)"},"content":{"rendered":"<ul>\n<li><strong>2021. Estancia de investigaci\u00f3n post-doctoral en Universidad Nacional de M\u00e9xico. (M\u00e9xico).<\/strong> <strong>Duraci\u00f3n: <\/strong>1 mes. Impartiendo un ciclo de conferencias titulado: Participaci\u00f3n ciudadana: Territorio en construcci\u00f3n<\/li>\n<li><strong>2017. Estancia de investigaci\u00f3n post-doctoral en Michigan State University. Lansing. (Estados Unidos).<\/strong> <strong>Duraci\u00f3n: <\/strong>6 meses, del 1\/03\/2017 al 1\/09\/2017. Bajo la direcci\u00f3n del profesor Barry Robert PITTENDRIGH (Director del proyecto SAWBO). <strong>Financiada<\/strong> por la <strong><em>Bolsa de viaje para doctores Ruth Lee Kenedy\/Fulbright<\/em><\/strong><\/li>\n<li><strong>2016. Estancia de investigaci\u00f3n post-doctoral en Universidade Estadual Paulista (UNESP<\/strong>), Campus de Presidente Prudente, Brasil. <strong>Duraci\u00f3n:<\/strong> 3 meses, del 6\/8\/2016 al 6\/11\/2016. bajo la direcci\u00f3n de la profesora do\u00f1a Maria Encarnaci\u00f3n Beltrao SPOSITO (Catedr\u00e1tico de Geograf\u00eda Humana). <strong>Financiada<\/strong> por el Banco Santander. Iberoam\u00e9rica. Dentro del Proyecto I+D+I. 2015-2018. Rf. CSO2015-63970-R<\/li>\n<li><strong>2016. Estancia docente y de investigaci\u00f3n<\/strong> en el Instituto Geograf\u00eda e Ordenamento del Territorio da Universidad de Lisboa (del 10\/03\/2016 al 10\/05\/2016). Participaci\u00f3n y colaboraci\u00f3n con el profesor Sergio CLAUDINO (Catedr\u00e1tico de Geograf\u00eda Humana). Dentro del Proyecto I+D+I. 2015-2018. Rf. CSO2015-63970-R<\/li>\n<li><b><i><\/i><\/b><strong>2014. Estancia docente<\/strong> en el Instituto Geograf\u00eda e Ordenamento del Territorio da Universidad de Lisboa (del 27\/01\/2014 al 31\/03\/2014). Participaci\u00f3n y colaboraci\u00f3n con el profesor Sergio Claudino (Catedr\u00e1tico de Geograf\u00eda Humana). <strong>Ponencia titulada<\/strong>: Ciudades din\u00e1micas en Castilla-La Mancha y su estrateg\u00eda de resiliencia ante la crisis financiera. El caso de Ciudad Real. Teaching Erasmus Programme<\/li>\n<li><strong>2013. Contribuci\u00f3n como ponente <\/strong>en el curso \u201cCiencia, Humanidades y Cultura\u201d celebrado entre el 4-29 de agosto en el International College (Campus Muengersdorf, Colonia) con la ponencia titulada: \u201cExperiencias urban\u00edsticas en las Comunidades Aut\u00f3nomas de Espa\u00f1a: Castilla-La Mancha\u201d. <strong>\u00a0<\/strong><\/li>\n<li><strong>2013. Contribuci\u00f3n como ponente de: <\/strong>\u201cEl sistema universitario espa\u00f1ol en el Plan Bolonia\u201d realizada el 19 de julio de 2013 en la Asociaci\u00f3n Stowrzyszenie Podnoszenia Kwalifikacji Koviet (Varsovia, Polonia)<\/li>\n<li><strong>2012. Estancia en el centro King\u00b4s College of Londo<\/strong>n (Febrero-Mayo de 2012). Participaci\u00f3n y colaboraci\u00f3n con el grupo de investigaci\u00f3n Cities Group, bajo la supervisi\u00f3n del profesor Tim Butler (Catedr\u00e1tico de Geograf\u00eda Humana).<\/li>\n<\/ul>\n","protected":false},"excerpt":{"rendered":"<p>2021. Estancia de investigaci\u00f3n post-doctoral en Universidad Nacional de M\u00e9xico. (M\u00e9xico). Duraci\u00f3n: 1 mes. Impartiendo un ciclo de conferencias titulado: Participaci\u00f3n ciudadana: Territorio en construcci\u00f3n 2017. Estancia de investigaci\u00f3n post-doctoral en Michigan State University. Lansing. (Estados Unidos). Duraci\u00f3n: 6 meses, del 1\/03\/2017 al 1\/09\/2017. Bajo la direcci\u00f3n del profesor Barry Robert PITTENDRIGH (Director del proyecto &hellip; <a href=\"https:\/\/blog.uclm.es\/mangelesrodriguez\/estancias-en-otros-centros\/\" class=\"more-link\">Seguir leyendo <span class=\"screen-reader-text\">ESTANCIAS EN OTROS CENTROS (Stays at other Universities)<\/span> <span class=\"meta-nav\">&rarr;<\/span><\/a><\/p>\n","protected":false},"author":39,"featured_media":0,"parent":0,"menu_order":0,"comment_status":"closed","ping_status":"open","template":"","meta":{"footnotes":""},"class_list":["post-29","page","type-page","status-publish","hentry"],"_links":{"self":[{"href":"https:\/\/blog.uclm.es\/mangelesrodriguez\/wp-json\/wp\/v2\/pages\/29","targetHints":{"allow":["GET"]}}],"collection":[{"href":"https:\/\/blog.uclm.es\/mangelesrodriguez\/wp-json\/wp\/v2\/pages"}],"about":[{"href":"https:\/\/blog.uclm.es\/mangelesrodriguez\/wp-json\/wp\/v2\/types\/page"}],"author":[{"embeddable":true,"href":"https:\/\/blog.uclm.es\/mangelesrodriguez\/wp-json\/wp\/v2\/users\/39"}],"replies":[{"embeddable":true,"href":"https:\/\/blog.uclm.es\/mangelesrodriguez\/wp-json\/wp\/v2\/comments?post=29"}],"version-history":[{"count":2,"href":"https:\/\/blog.uclm.es\/mangelesrodriguez\/wp-json\/wp\/v2\/pages\/29\/revisions"}],"predecessor-version":[{"id":466,"href":"https:\/\/blog.uclm.es\/mangelesrodriguez\/wp-json\/wp\/v2\/pages\/29\/revisions\/466"}],"wp:attachment":[{"href":"https:\/\/blog.uclm.es\/mangelesrodriguez\/wp-json\/wp\/v2\/media?parent=29"}],"curies":[{"name":"wp","href":"https:\/\/api.w.org\/{rel}","templated":true}]}}