{"id":780,"date":"2022-11-19T17:19:29","date_gmt":"2022-11-19T15:19:29","guid":{"rendered":"https:\/\/blog.uclm.es\/luismariaromero\/?page_id=780"},"modified":"2022-11-19T17:19:29","modified_gmt":"2022-11-19T15:19:29","slug":"relaciones-internacionales","status":"publish","type":"page","link":"https:\/\/blog.uclm.es\/luismariaromero\/relaciones-internacionales\/","title":{"rendered":"Relaciones Internacionales"},"content":{"rendered":"\n<p><strong>Responsable acad\u00e9mico internacional <\/strong>en la modalidad <strong>Erasmus Estudios <\/strong>para estudios de <strong>Grado <\/strong>en el \u00e1rea de <strong>Derecho<\/strong> con la Instituci\u00f3n <strong>Universit\u00e9 de Sciencies Sociales Toulosse I Capitole<\/strong> (Francia). 2012 &#8211; actualidad.<\/p>\n\n\n\n<p><strong>Responsable acad\u00e9mico internacional <\/strong>en la modalidad <strong>Erasmus Estudios <\/strong>para estudios de <strong>Grado <\/strong>en el \u00e1rea de <strong>Derecho<\/strong> con la Instituci\u00f3n <strong>Instituto Superior entre Douro e Vouga<\/strong> (Portugal). 2012 &#8211; actualidad.<\/p>\n\n\n\n<p><strong>Responsable acad\u00e9mico internacional <\/strong>en la modalidad <strong>Erasmus Estudios <\/strong>para estudios de <strong>Grado <\/strong>en el \u00e1rea de <strong>Derecho<\/strong> con la Instituci\u00f3n <strong>Instituto Polit\u00e9cnico de Bragan\u00e7a<\/strong> (Portugal). 2012 &#8211; actualidad.<\/p>\n\n\n\n<p><strong>Responsable acad\u00e9mico internacional <\/strong>en la modalidad <strong>Programas Propios <\/strong>para estudios de <strong>Grado <\/strong>en el \u00e1rea de <strong>Derecho y Administraci\u00f3n y Direcci\u00f3n de Empresas<\/strong> con la Instituci\u00f3n <strong>Universidad Ju\u00e1rez del Estado de Durango<\/strong> (M\u00e9xico). 2012 &#8211; actualidad.<\/p>\n\n\n\n<p><strong>Responsable acad\u00e9mico internacional <\/strong>en la modalidad <strong>Erasmus Estudios <\/strong>para estudios de <strong>Grado y M\u00e1ster Oficial<\/strong> con el \u00e1rea de <strong>Derecho<\/strong> en la Instituci\u00f3n <strong>Universiza V Mariboru<\/strong> (Eslovenia). 2013 &#8211; actualidad.<\/p>\n\n\n\n<p><strong>Responsable acad\u00e9mico internacional <\/strong>en la modalidad <strong>Erasmus Estudios <\/strong>para estudios de <strong>Grado <\/strong>en el \u00e1rea de <strong>Derecho<\/strong> con la Instituci\u00f3n <strong>Graduate School of Government in European Studies<\/strong> (Eslovenia). 2013 &#8211; actualidad.<\/p>\n\n\n\n<p><strong>Responsable acad\u00e9mico internacional <\/strong>en la modalidad <strong>Programas Propios <\/strong>para estudios <strong>Multi\u00e1rea <\/strong>de <strong>Grado y M\u00e1ster Oficial <\/strong>con la Instituci\u00f3n <strong>Universidad Iberoamericana de Torre\u00f3n<\/strong> (M\u00e9xico). 2018 &#8211; actualidad.<\/p>\n","protected":false},"excerpt":{"rendered":"<p>Responsable acad\u00e9mico internacional en la modalidad Erasmus Estudios para estudios de Grado en el \u00e1rea de Derecho con la Instituci\u00f3n Universit\u00e9 de Sciencies Sociales Toulosse I Capitole (Francia). 2012 &#8211; actualidad. Responsable acad\u00e9mico internacional en la modalidad Erasmus Estudios para estudios de Grado en el \u00e1rea de Derecho con la Instituci\u00f3n Instituto Superior entre Douro [&hellip;]<\/p>\n","protected":false},"author":51,"featured_media":0,"parent":0,"menu_order":0,"comment_status":"closed","ping_status":"closed","template":"","meta":{"footnotes":""},"class_list":["post-780","page","type-page","status-publish","hentry"],"_links":{"self":[{"href":"https:\/\/blog.uclm.es\/luismariaromero\/wp-json\/wp\/v2\/pages\/780","targetHints":{"allow":["GET"]}}],"collection":[{"href":"https:\/\/blog.uclm.es\/luismariaromero\/wp-json\/wp\/v2\/pages"}],"about":[{"href":"https:\/\/blog.uclm.es\/luismariaromero\/wp-json\/wp\/v2\/types\/page"}],"author":[{"embeddable":true,"href":"https:\/\/blog.uclm.es\/luismariaromero\/wp-json\/wp\/v2\/users\/51"}],"replies":[{"embeddable":true,"href":"https:\/\/blog.uclm.es\/luismariaromero\/wp-json\/wp\/v2\/comments?post=780"}],"version-history":[{"count":1,"href":"https:\/\/blog.uclm.es\/luismariaromero\/wp-json\/wp\/v2\/pages\/780\/revisions"}],"predecessor-version":[{"id":781,"href":"https:\/\/blog.uclm.es\/luismariaromero\/wp-json\/wp\/v2\/pages\/780\/revisions\/781"}],"wp:attachment":[{"href":"https:\/\/blog.uclm.es\/luismariaromero\/wp-json\/wp\/v2\/media?parent=780"}],"curies":[{"name":"wp","href":"https:\/\/api.w.org\/{rel}","templated":true}]}}