{"id":758,"date":"2022-11-19T02:08:12","date_gmt":"2022-11-19T00:08:12","guid":{"rendered":"https:\/\/blog.uclm.es\/luismariaromero\/?page_id=758"},"modified":"2022-12-09T17:23:10","modified_gmt":"2022-12-09T15:23:10","slug":"trabajos-presentados-en-congresos-jornadas-seminarios","status":"publish","type":"page","link":"https:\/\/blog.uclm.es\/luismariaromero\/trabajos-presentados-en-congresos-jornadas-seminarios\/","title":{"rendered":"Trabajos presentados en Congresos, Jornadas, Seminarios"},"content":{"rendered":"\n<p><strong>\u201cEl r\u00e9gimen de la holding espa\u00f1ola\u201d<\/strong>, Ponencia en&nbsp;<em>Corso di Dottorato di ricerca in Diritto tributario europeo<\/em>, Facolt\u00e0 di Giurisprudenza, Universit\u00e0 di Bologna (Italia), 25 de septiembre de 2006.<\/p>\n\n\n\n<p><strong>\u201cLa utilizaci\u00f3n de tecnolog\u00edas inform\u00e1ticas y telem\u00e1ticas: comentarios al art\u00edculo 96 de la Ley General Tributaria\u201d<\/strong>, Ponencia en&nbsp;<em>Corso di Dottorato di ricerca in Diritto tributario europeo<\/em>, Facolt\u00e0 di Giurisprudenza, Universit\u00e0 di Bologna (Italia), 17 de septiembre de 2007.<\/p>\n\n\n\n<p><strong>\u201cImpugnaci\u00f3n de las liquidaciones en un acta con acuerdo\u201d<\/strong>, Ponencia en&nbsp;<em>Giornate di Studio della Scuola Europea di Alti Studi Tributari<\/em>, Facolt\u00e0 di Giurisprudenza, Universit\u00e0 di Bologna (Italia), 19 de septiembre de 2008.<\/p>\n\n\n\n<p><strong>\u201cT\u00e9cnicas convencionales para la resoluci\u00f3n de los procedimientos tributarios: un breve apunte sobre la configuraci\u00f3n de las actas con acuerdo en el ordenamiento tributario espa\u00f1ol\u201d<\/strong>, Ponencia en el Congreso&nbsp;<em>Il futuro del diritto tributario in Europa: nuovi scenari metodologici<\/em>, Scuola di Alti Studi Tributari, Universit\u00e0 di Bologna (Italia), 5 de septiembre de 2009.<\/p>\n\n\n\n<p><strong>\u201cLos derechos y garant\u00edas del obligado tributario en el procedimiento amistoso\u201d<\/strong>, Ponencia en el Congreso&nbsp;<em>L\u2019attuazione del diritto comunitario: questioni aperte neglo ordenamienti spagnolo e italiano<\/em>, Scuola di Alti Studi Tributari, Universit\u00e0 di Bologna (Italia), 10 de septiembre de 2010.<\/p>\n\n\n\n<p><strong>\u201cLos procedimientos alternativos de resoluci\u00f3n de conflictos en el marco de la experiencia del ordenamiento tributario estadounidense\u201d<\/strong>, Ponencia en las&nbsp;<em>I Jornadas Cient\u00edficas de Difusi\u00f3n de la Investigaci\u00f3n<\/em>, Facultad de Ciencias Sociales de Cuenca, 28 de octubre de 2010.<\/p>\n\n\n\n<p><strong>\u201cSoluciones comunes ante la diversidad de ordenamientos jur\u00eddico-tributarios\u201d<\/strong>, Ponencia invitada en las&nbsp;<em>VI Jornadas Latinoamericanas de Derecho Tributario<\/em>, Centro Internacional de Estudios Fiscales (CIEF), Facultad de Ciencias Jur\u00eddicas y Sociales de Toledo, 19 de enero de 2011.<\/p>\n\n\n\n<p><strong>\u201cLa resoluci\u00f3n de conflictos tributarios a trav\u00e9s del arbitraje: una perspectiva del derecho comparado\u201d<\/strong>, Ponencia en&nbsp;<em>Corso di Dottorato di ricerca in Diritto tributario europeo<\/em>, Scuola di Alti Studi Tribtuari, Universit\u00e0 di Bologna (Italia), 8 de septiembre de 2011.<\/p>\n\n\n\n<p><strong>\u201cEl arbitraje como mecanismo alternativo para el contribuyente en la resoluci\u00f3n de controversias en materia tributaria: la experiencia lusitana\u201d<\/strong>, Ponencia en las&nbsp;<em>III Jornadas Cient\u00edficas de Difusi\u00f3n de la Investigaci\u00f3n<\/em>, Facultad de Ciencias Sociales de Cuenca, 27 de octubre de 2011.<\/p>\n\n\n\n<p><strong>\u201cLa aplicaci\u00f3n de mecanismos alternativos para solucionar conflictos en materia tributaria y como tutela de los contribuyentes: la experiencia comparada\u201d<\/strong>, Conferencia invitada en&nbsp;<em>I Jornadas Guatemaltecas de Derecho Tributario<\/em>, Instituto Guatemalteco de Derecho Tributario (Guatemala), 29 de octubre de 2011.<\/p>\n\n\n\n<p><strong>\u201cSoluci\u00f3n de controversias tributarias y tutela de los contribuyentes: experiencia comparada\u201d<\/strong>, Ponencia invitada en el Congreso&nbsp;<em>Desaf\u00edos actuales de la Justicia Tributaria y Aduanera: nuevos tribunales, derechos del contribuyente, tributaci\u00f3n en un mundo globalizado<\/em>, Universidad Andr\u00e9s Bello (Chile), 14 de noviembre de 2011.<\/p>\n\n\n\n<p><strong>\u201cB\u00fasqueda de un mismo idioma tributario en la tutela del contribuyente\u201d<\/strong>, Ponencia invitada en las&nbsp;<em>VII Jornadas Latinoamericanas de Derecho Tributario<\/em>, Centro Internacional de Estudios Fiscales (CIEF), Facultad de Ciencias Jur\u00eddicas y Sociales de Toledo, 17 de enero de 2012.<\/p>\n\n\n\n<p><strong>\u201cLa resoluci\u00f3n de conflictos tributarios mediante t\u00e9cnicas convencionales: breve an\u00e1lisis comparado\u201d<\/strong>, Ponencia invitada en&nbsp;<em>Seminario de Fiscalidad Internacional<\/em>, Instituto de Investigaciones Jur\u00eddicas, Universidad Ju\u00e1rez del Estado de Durango (M\u00e9xico), 22 de agosto de 2012.<\/p>\n\n\n\n<p><strong>\u201cIntroducci\u00f3n a la Fiscalidad Internacional: concepto, contenido y finalidad\u201d<\/strong>, Ponencia invitada en&nbsp;<em>Seminario de Fiscalidad Internacional<\/em>, Instituto de Investigaciones Jur\u00eddicas, Universidad Ju\u00e1rez del Estado de Durango (M\u00e9xico), 23 de agosto de 2012.<\/p>\n\n\n\n<p><strong>\u201cLa daci\u00f3n en pago, un mal menor. Tratamiento fiscal de la daci\u00f3n en pago\u201d<\/strong>, Ponencia invitada en la Jornada&nbsp;<em>Alternativas al lanzamiento en los desahucios hipotecarios<\/em>, Centro de Estudios de Consumo (CESCO), Facultad de Ciencias Jur\u00eddicas y Sociales de Toledo, 12 de diciembre de 2012.<\/p>\n\n\n\n<p><strong>\u201cLa incorporaci\u00f3n de f\u00f3rmulas de terminaci\u00f3n convencional en el ordenamiento jur\u00eddico\u201d<\/strong>, Comunicaci\u00f3n presentada en el Congreso&nbsp;<em>Nuevos retos de la Contrataci\u00f3n P\u00fablica<\/em>, Facultad de Ciencias Sociales de Cuenca, Universidad de Castilla-La Mancha, 1 de febrero de 2013.<\/p>\n\n\n\n<p><strong>\u201c\u00daltimas tendencias jurisprudenciales en la interpretaci\u00f3n y aplicaci\u00f3n del Derecho Tributario\u201d<\/strong>, Ponencia invitada en la<em>&nbsp;Jornada Hispano-Hondure\u00f1a de Derecho Tributario<\/em>, Centro Internacional de Estudios Fiscales (CIEF), Facultad de Ciencias Jur\u00eddicas y Sociales de Toledo, 6 de marzo de 2013.<\/p>\n\n\n\n<p><strong>\u201cM\u00e9todos para eliminar la Doble Imposici\u00f3n Internacional\u201d<\/strong>, Ponencia invitada en el&nbsp;<em>Seminario sobre Fiscalidad Internacional<\/em>, Centro Internacional de Estudios Fiscales (CIEF), Facultad de Ciencias Sociales de Cuenca, 30 de abril de 2013.<\/p>\n\n\n\n<p><strong>\u201cLas diferentes etapas normativas del intercambio de informaci\u00f3n entre administraciones tributarias\u201d<\/strong>, Comunicaci\u00f3n presentada en el Congreso&nbsp;<em>Intercambio de informaci\u00f3n, delito fiscal y blanqueo de capitales<\/em>, Jean Monnet Chair \u201cEU Law and Taxation\u201d, Universidad de Valencia, 24 al 25 de octubre de 2013.<\/p>\n\n\n\n<p><strong>\u201cLa evoluci\u00f3n terminol\u00f3gica del abuso del derecho en materia tributaria en la jurisprudencia del Tribunal de Justicia de la Uni\u00f3n Europea: breve recorrido\u201d<\/strong>, Comunicaci\u00f3n presentada en la Jornada&nbsp;<em>Libertades comunitarias y autonom\u00eda financiera<\/em>, Centro Internacional de Estudios Fiscales (CIEF) Facultad de Derecho y Ciencias Sociales de Ciudad Real, Universidad de Castilla-La Mancha, 6 y 7 de marzo de 2014.<\/p>\n\n\n\n<p><strong>\u201cActions in the Polish &amp; Spanish Procedure\u201d<\/strong>, Ponencia en las&nbsp;<em>VII Jornadas Cient\u00edficas de Difusi\u00f3n de la Investigaci\u00f3n<\/em>, Facultad de Ciencias Sociales de Cuenca, 10 de abril de 2014.<\/p>\n\n\n\n<p><strong>\u201cLa deducci\u00f3n en el IRPF por inversi\u00f3n en entidades de nueva o reciente creaci\u00f3n para el fomento del emprendimiento\u201d<\/strong>, Ponencia invitada en la<em>&nbsp;Jornada sobre la Ley de Emprendedores desde la \u00f3ptica jur\u00eddica<\/em>, Facultad de Ciencias Sociales de Cuenca, 13 de mayo de 2014.<\/p>\n\n\n\n<p><strong>\u201cDeberes Tributarios vs Derechos Humanos: el Derecho a no autoinculparse en el Derecho Tributario\u201d<\/strong>, Comunicaci\u00f3n y exposici\u00f3n oral presentada en el Congreso&nbsp;<em>El tiempo de los Derechos. Los Derechos Humanos en el siglo XXI<\/em>, HURI-AGE Consolider-Ingenio 2010, Universidad de C\u00e1diz, 6 de junio de 2014.<\/p>\n\n\n\n<p><strong>\u201cBreve recorrido por las causas de inseguridad jur\u00eddica en tiempo de crisis econ\u00f3mica\u201d<\/strong>, Ponencia en el Congreso&nbsp;<em>Autonom\u00eda Territoriali e Aiuti di Stato tra costituzioni Nacionali e Trattati Europei<\/em>, Scuola di Alti Studi Tributari, Universit\u00e0 di Bologna (Italia), 5 de septiembre de 2014.<\/p>\n\n\n\n<p><strong>\u201cIntroducci\u00f3n a la Fiscalidad Internacional\u201d<\/strong>, Ponencia invitada en el&nbsp;<em>Seminario de Especializaci\u00f3n Retos, presentes y futuros, de la Fiscalidad Empresarial<\/em>, Facultad de Ciencias Sociales de Cuenca, 8 de mayo de 2015.<\/p>\n\n\n\n<p><strong>\u201cHacia un ordenamiento tributario m\u00e1s moderno, con menos controversias y m\u00e1s di\u00e1logo\u201d<\/strong>, Ponencia en el Congreso&nbsp;<em>La tutela del contribuente nelle riforme euroepee. Italia e Spagna a confronto<\/em>, Scuola di Alti Studi Tributari, Universit\u00e0 di Bologna (Italia), 2 septiembre de 2015.<\/p>\n\n\n\n<p><strong>\u201cFiscalidad del turista y de las empresas tur\u00edsticas\u201d<\/strong>, Ponencia invitada en el Curso de Verano<em>&nbsp;Justicia y Turismo: Espa\u00f1a, un pa\u00eds seguro para todos<\/em>, Vicerrectorado de Cultura y Extensi\u00f3n Universitaria, Universidad de Castilla-La Mancha, 11 de septiembre de 2015.<\/p>\n\n\n\n<p><strong>\u201cIntroducci\u00f3n a la Fiscalidad Internacional\u201d<\/strong>, Ponencia invitada en el Congreso Internacional&nbsp;<em>Economic Cooperation Polish-Spanish: legal conditions<\/em>, Uniwersytet Warszawski (Polonia), 5 de noviembre de 2015.<\/p>\n\n\n\n<p><strong>\u201cLa necesidad de adaptaci\u00f3n del sistema tributario a las nuevas tecnolog\u00edas\u201d<\/strong>, Ponencia invitada en el<em>&nbsp;Seminario de Especializaci\u00f3n: Fiscalidad y econom\u00eda digital<\/em>, Facultad de Ciencias Sociales de Cuenca, 22 de abril de 2016.<\/p>\n\n\n\n<p><strong>\u201cCorruption and Tax Fraud\u201d<\/strong>, Ponencia invitada en el<em>&nbsp;Taller de Trabajo: Politics, Business and Corruption<\/em>, Facultad de Ciencias Sociales de Cuenca, 23 de mayo de 2016.<\/p>\n\n\n\n<p><strong>\u201cLa igualdad de g\u00e9nero como norma jur\u00eddica de obligado cumplimiento, en particular, en el Derecho Tributario\u201d<\/strong>, Ponencia invitada en el Curso de Verano<em>&nbsp;La \u201cigualdad\u201d de g\u00e9nero en el ordenamiento jur\u00eddico<\/em>, Vicerrectorado de Cultura y Extensi\u00f3n Universitaria, Universidad de Castilla-La Mancha, 7 de julio de 2016.<\/p>\n\n\n\n<p><strong>\u201cLa tutela del contribuyente en una administraci\u00f3n electr\u00f3nica tributaria\u201d<\/strong>, Ponencia en la&nbsp;<em>Giornate della Scuola Europea di Alti Studi Tributari<\/em>, Universit\u00e0 di Bologna (Italia), 12 de octubre de 2016.<\/p>\n\n\n\n<p><strong>\u201cEl sistema de resoluci\u00f3n de controversias tributarias en el ordenamiento federal americano\u201d<\/strong>, Ponencia en las&nbsp;<em>X Jornadas Cient\u00edficas de Difusi\u00f3n de la Investigaci\u00f3n<\/em>, Facultad de Ciencias Sociales de Cuenca, 20 de abril de 2017.<\/p>\n\n\n\n<p><strong>\u201cAdministraci\u00f3n tributaria electr\u00f3nica 4.0: El Suministro Inmediato de Informaci\u00f3n (SII) en el IVA\u201d<\/strong>, Ponencia en las&nbsp;<em>X Jornadas Cient\u00edficas de Difusi\u00f3n de la Investigaci\u00f3n<\/em>, Facultad de Ciencias Sociales de Cuenca, 20 de abril de 2017.<\/p>\n\n\n\n<p><strong>\u201cFiscalidad espa\u00f1ola de las entidades en r\u00e9gimen de atribuci\u00f3n de rentas constituidas en el extranjero\u201d<\/strong>, Comunicaci\u00f3n presentada en la Jornada&nbsp;<em>Algunas cuestiones actuales de la Planificaci\u00f3n Fiscal Internacional<\/em>, Universidad de M\u00e1laga, 12 de diciembre de 2017.<\/p>\n\n\n\n<p><strong>\u201cAspectos generales de la fiscalidad del turista\u201d<\/strong>, Ponencia invitada en el Congreso&nbsp;<em>Ciudades Patrimonio de la Humanidad de Espa\u00f1a: turismo seguro<\/em>, Ministerio de Interior, Grupo de Ciudades Patrimonio de la Humanidad de Espa\u00f1a y Ayuntamiento de Toledo, 18 de abril de 2018.<\/p>\n\n\n\n<p><strong>\u201cLa presencia digital significativa propuesta por la Comisi\u00f3n Europea para el gravamen de beneficios de sociedades no residentes\u201d, Comunicaci\u00f3n<\/strong>&nbsp;presentada en la Jornada&nbsp;<em>La imposici\u00f3n sobre las Transacciones Financieras y sobre los Servicios Digitales en Europa<\/em>, Centro Internacional de Estudios Fiscales (CIEF), Facultad de Ciencias Jur\u00eddicas y Sociales de Toledo, Universidad de Castilla-La Mancha, 1 de abril de 2019.<\/p>\n\n\n\n<p><strong>\u201cCu\u00e1les son los plazos tributarios actualmente vigentes por el covid-19\u201d<\/strong>, Ponencia invitada en la actividad formativa-Webinar&nbsp;<em>Impacto jur\u00eddico, social y econ\u00f3mico del COVID-19<\/em>, UCLM-International Business School y Centro de Estudios de Posgrado (CEP) de la Universidad de Castilla-La Mancha, del 31 de marzo de 2020.<\/p>\n\n\n\n<p><strong>\u201cCovid-19 e implicaciones econ\u00f3micas\u201d<\/strong>, Ponencia invitada en la actividad formativa-Webinar&nbsp;<em>Impacto jur\u00eddico, social y econ\u00f3mico del COVID-19<\/em>, UCLM-International Business School y Centro de Estudios de Posgrado (CEP) de la Universidad de Castilla-La Mancha, del 26 de mayo de 2020.<\/p>\n\n\n\n<p><strong>\u201cImplicaciones econ\u00f3micas (presentes y \u00bffuturas?) de la COVID-19\u201d<\/strong>, Conferencia invitada en&nbsp;<em>VI Seminario Internacional de Derechos Humanos y Cultura Constitucional \u201cen el contexto de la pandemia del COVID-19\u201d<\/em>, Instituto de Investigaciones Jur\u00eddicas, Universidad Ju\u00e1rez del Estado de Durango (M\u00e9xico), 29 de mayo de 2020.<\/p>\n\n\n\n<p><strong>\u201cIncidencia de la tributaci\u00f3n en la igualdad\u201d<\/strong>, Conferencia invitada en&nbsp;<em>I Congreso Internacional de Derechos Humanos y Cultura Constitucional<\/em>, Instituto de Investigaciones Jur\u00eddicas, Universidad Ju\u00e1rez del Estado de Durango (M\u00e9xico), 29 de octubre de 2020.<\/p>\n\n\n\n<p><strong>\u201cEl escenario global en el Derecho Comparado\u201d<\/strong>, Conferencia invitada en&nbsp;<em>XX Congreso de la Academia Mexicana de Derecho Fiscal<\/em>, Academia Mexicana de Derecho Fiscal (<strong>M\u00e9xico)<\/strong>, 13 de noviembre de 2020.<\/p>\n\n\n\n<p><strong>\u201cConflictividad tributaria: etiolog\u00eda y mecanismos alternativos de resoluci\u00f3n\u201d<\/strong>, Ponencia invitada en el Seminario&nbsp;<em>El cumplimiento de las obligaciones tributarias: la era del compliance<\/em>, Facultad de Ciencias Sociales de Cuenca de la Universidad de Castilla-La Mancha, el 18 de marzo de 2021.<\/p>\n\n\n\n<p><strong>\u201cDerechos Humanos y Tributaci\u00f3n\u201d<\/strong>, Conferencia invitada en\u00a0<em>II Congreso Internacional de Derechos Humanos y Cultura Constitucional<\/em>, Instituto de Investigaciones Jur\u00eddicas, Universidad Ju\u00e1rez del Estado de Durango (M\u00e9xico), 28 de octubre de 2021.<\/p>\n\n\n\n<p><strong>\u201cLa tributaci\u00f3n laber\u00edntica de las criptomonedas\u201d<\/strong>, Ponencia invitada en el Webinar, Carrera de Derecho de la Universidad Tecnol\u00f3gica del Per\u00fa (Per\u00fa), 7 de junio de 2022.<\/p>\n\n\n\n<p><strong>\u201cLa utilizaci\u00f3n de herramientas de inteligencia artificial en la aplicaci\u00f3n de los tributos y los derechos de los contribuyentes\u201d<\/strong>, Conferencia invitada en&nbsp;<em>Modelos de Negocio y Administraci\u00f3n Tributaria<\/em>, Cap\u00edtulo Occidente del Ilustre y Nacional Colegio de Abogados de M\u00e9xico (M\u00e9xico), 3 de noviembre de 2022. Car\u00e1cter internacional.<\/p>\n","protected":false},"excerpt":{"rendered":"<p>\u201cEl r\u00e9gimen de la holding espa\u00f1ola\u201d, Ponencia en&nbsp;Corso di Dottorato di ricerca in Diritto tributario europeo, Facolt\u00e0 di Giurisprudenza, Universit\u00e0 di Bologna (Italia), 25 de septiembre de 2006. \u201cLa utilizaci\u00f3n de tecnolog\u00edas inform\u00e1ticas y telem\u00e1ticas: comentarios al art\u00edculo 96 de la Ley General Tributaria\u201d, Ponencia en&nbsp;Corso di Dottorato di ricerca in Diritto tributario europeo, Facolt\u00e0 [&hellip;]<\/p>\n","protected":false},"author":51,"featured_media":0,"parent":0,"menu_order":0,"comment_status":"closed","ping_status":"closed","template":"","meta":{"footnotes":""},"class_list":["post-758","page","type-page","status-publish","hentry"],"_links":{"self":[{"href":"https:\/\/blog.uclm.es\/luismariaromero\/wp-json\/wp\/v2\/pages\/758","targetHints":{"allow":["GET"]}}],"collection":[{"href":"https:\/\/blog.uclm.es\/luismariaromero\/wp-json\/wp\/v2\/pages"}],"about":[{"href":"https:\/\/blog.uclm.es\/luismariaromero\/wp-json\/wp\/v2\/types\/page"}],"author":[{"embeddable":true,"href":"https:\/\/blog.uclm.es\/luismariaromero\/wp-json\/wp\/v2\/users\/51"}],"replies":[{"embeddable":true,"href":"https:\/\/blog.uclm.es\/luismariaromero\/wp-json\/wp\/v2\/comments?post=758"}],"version-history":[{"count":2,"href":"https:\/\/blog.uclm.es\/luismariaromero\/wp-json\/wp\/v2\/pages\/758\/revisions"}],"predecessor-version":[{"id":849,"href":"https:\/\/blog.uclm.es\/luismariaromero\/wp-json\/wp\/v2\/pages\/758\/revisions\/849"}],"wp:attachment":[{"href":"https:\/\/blog.uclm.es\/luismariaromero\/wp-json\/wp\/v2\/media?parent=758"}],"curies":[{"name":"wp","href":"https:\/\/api.w.org\/{rel}","templated":true}]}}