{"id":741,"date":"2022-11-19T01:51:40","date_gmt":"2022-11-18T23:51:40","guid":{"rendered":"https:\/\/blog.uclm.es\/luismariaromero\/?page_id=741"},"modified":"2022-11-19T01:51:40","modified_gmt":"2022-11-18T23:51:40","slug":"medios-electronicos","status":"publish","type":"page","link":"https:\/\/blog.uclm.es\/luismariaromero\/medios-electronicos\/","title":{"rendered":"Medios electr\u00f3nicos"},"content":{"rendered":"\n<p>ROMERO FLOR, L.M.: Doble Imposici\u00f3n Internacional: concepto, medidas y mecanismos, <em>IUS. Revista Jur\u00eddica de la Universidad Lantina de Am\u00e9rica<\/em>, n\u00ba 29, 2007, (M\u00e9xico). Disponible en: <a href=\"https:\/\/www2.unla.mx\/iusunla29\/reflexion\/Doble%20Imposici\u00f3n%20Internacional.htm\">https:\/\/www2.unla.mx\/iusunla29\/reflexion\/Doble%20Imposici\u00f3n%20Internacional.htm<\/a>; <\/p>\n\n\n\n<p>ROMERO FLOR, L.M. \/ CARRASCO PARRILLA, P.J.: Alternative conflict resolution procedures in the framework of the experience of the US tax code, <em>Documentos de trabajo<\/em>, n\u00ba 10, 2010, pp. 1 a 14, ISSN: 1988-1118. Disponible en: <a href=\"https:\/\/www.uclm.es\/-\/media\/Files\/C01-Centros\/cu-csociales\/documentos2010\/2010-10.ashx?la=es\">https:\/\/www.uclm.es\/-\/media\/Files\/C01-Centros\/cu-csociales\/documentos2010\/2010-10.ashx?la=es<\/a>;<\/p>\n\n\n\n<p>ROMERO FLOR, L.M.: Deberes tributarios vs Derechos Humanos: el Derecho a no autoincriminarse en el procedimiento tributario, <em>Papeles el tiempo de los Derechos (Working Papers)<\/em>, n\u00ba 5, 2014, ISSN: 1989-8797. Disponible en: <a href=\"http:\/\/www.tiempodelosderechos.es\/docs\/wp-5-14.pdf\">http:\/\/www.tiempodelosderechos.es\/docs\/wp-5-14.pdf<\/a>.<\/p>\n\n\n\n<p>ROMERO FLOR, L.M.: \u201cMecanismos de eliminaci\u00f3n de la doble imposici\u00f3n internacional\u201d, <em>P\u00f3lemos Portal Jur\u00eddico Interdisciplinario<\/em>, 11 de abril de 2020, (Per\u00fa), Disponible en: <a href=\"https:\/\/polemos.pe\/mecanismos-de-eliminacion-doble-imposicion-internacional\/\">https:\/\/polemos.pe\/mecanismos-de-eliminacion-doble-imposicion-internacional\/<\/a><\/p>\n\n\n\n<p>ROMERO FLOR, L.M.: \u201cAlma Mater Studiorum\u201d, <em>Revista Strava Capital<\/em>, marzo de 2021, (M\u00e9xico), Disponible en: <a href=\"https:\/\/www.flipsnack.com\/doblehelicesc\/doble-h-lice-marzo.html\">https:\/\/www.flipsnack.com\/doblehelicesc\/doble-h-lice-marzo.html<\/a><\/p>\n","protected":false},"excerpt":{"rendered":"<p>ROMERO FLOR, L.M.: Doble Imposici\u00f3n Internacional: concepto, medidas y mecanismos, IUS. Revista Jur\u00eddica de la Universidad Lantina de Am\u00e9rica, n\u00ba 29, 2007, (M\u00e9xico). Disponible en: https:\/\/www2.unla.mx\/iusunla29\/reflexion\/Doble%20Imposici\u00f3n%20Internacional.htm; ROMERO FLOR, L.M. \/ CARRASCO PARRILLA, P.J.: Alternative conflict resolution procedures in the framework of the experience of the US tax code, Documentos de trabajo, n\u00ba 10, 2010, pp. [&hellip;]<\/p>\n","protected":false},"author":51,"featured_media":0,"parent":0,"menu_order":0,"comment_status":"closed","ping_status":"closed","template":"","meta":{"footnotes":""},"class_list":["post-741","page","type-page","status-publish","hentry"],"_links":{"self":[{"href":"https:\/\/blog.uclm.es\/luismariaromero\/wp-json\/wp\/v2\/pages\/741","targetHints":{"allow":["GET"]}}],"collection":[{"href":"https:\/\/blog.uclm.es\/luismariaromero\/wp-json\/wp\/v2\/pages"}],"about":[{"href":"https:\/\/blog.uclm.es\/luismariaromero\/wp-json\/wp\/v2\/types\/page"}],"author":[{"embeddable":true,"href":"https:\/\/blog.uclm.es\/luismariaromero\/wp-json\/wp\/v2\/users\/51"}],"replies":[{"embeddable":true,"href":"https:\/\/blog.uclm.es\/luismariaromero\/wp-json\/wp\/v2\/comments?post=741"}],"version-history":[{"count":1,"href":"https:\/\/blog.uclm.es\/luismariaromero\/wp-json\/wp\/v2\/pages\/741\/revisions"}],"predecessor-version":[{"id":742,"href":"https:\/\/blog.uclm.es\/luismariaromero\/wp-json\/wp\/v2\/pages\/741\/revisions\/742"}],"wp:attachment":[{"href":"https:\/\/blog.uclm.es\/luismariaromero\/wp-json\/wp\/v2\/media?parent=741"}],"curies":[{"name":"wp","href":"https:\/\/api.w.org\/{rel}","templated":true}]}}