{"id":734,"date":"2022-11-19T01:46:02","date_gmt":"2022-11-18T23:46:02","guid":{"rendered":"https:\/\/blog.uclm.es\/luismariaromero\/?page_id=734"},"modified":"2025-06-24T11:16:22","modified_gmt":"2025-06-24T09:16:22","slug":"capitulos-de-libro","status":"publish","type":"page","link":"https:\/\/blog.uclm.es\/luismariaromero\/capitulos-de-libro\/","title":{"rendered":"Cap\u00edtulos de libro"},"content":{"rendered":"\n<p>ROMERO FLOR, L.M. \/ CARRASCO PARRILLA, P.J.: \u201cCooperaci\u00f3n econ\u00f3mica estatal a las confesiones religiosas en Espa\u00f1a: breves consideraciones a sus respectivos reg\u00edmenes fiscales\u201d, <em>Estado laico, democracia y derechos fundamentales<\/em>, Universidad Michoacana de San Nicol\u00e1s de Hidalgo (UMSNH), M\u00e9xico, 2010, pp. 269 a 297, ISBN: 978-0-577-62758-5. <\/p>\n\n\n\n<p>ROMERO FLOR, L.M.: \u201cTasa por prestaci\u00f3n de servicios sanitarios\u201d, <em>Las tasas locales<\/em>, Civitas, Madrid, 2011, pp. 959 a 980, ISBN: 978-84-470-3707-0.<\/p>\n\n\n\n<p>ROMERO FLOR, L.M. \/ COLLADO YURRITA, M.A.: \u201cEl intercambio de informaci\u00f3n entre Administraciones Tributarias\u201d, <em>Intercambio Internacional de Informaci\u00f3n Tributaria: Avances y Proyecci\u00f3n Futura<\/em>, Aranzadi, Navarra, 2011, pp. 27 a 59, ISBN: 978-84-990-3039-5.<\/p>\n\n\n\n<p>ROMERO FLOR, L.M.: \u201cSoluciones convencionales de resoluci\u00f3n de conflictos tributarios en la rep\u00fablica italiana: el accertamento con adesione\u201d, <em>Tributaci\u00f3n: problemas y soluciones. Libro homenaje al profesor Rub\u00e9n Sanabria Ortiz<\/em>, Grijley, Lima (Per\u00fa), 2013, pp. 869 a 893, ISBN: 978-9972-04-4111-3.<\/p>\n\n\n\n<p>ROMERO FLOR, L.M.: \u201cPlasmaci\u00f3n de los principios de justicia tributaria en las actas con acuerdo\u201d, <em>Estudios sobre el sistema tributario actual y la situaci\u00f3n financiera del sector p\u00fablico. Homenaje al Profesor Dr. D. Javier Lasarte \u00c1lvarez<\/em>, Instituto de Estudios Fiscales, Madrid, 2014, pp. 2721 a 2746, ISBN: 978-84-8008-376-8.<\/p>\n\n\n\n<p>ROMERO FLOR, L.M.: \u201cLas diferentes etapas normativas del intercambio de informaci\u00f3n entre Administraciones Tributarias\u201d, <em>Intercambio de informaci\u00f3n, blanqueo de capitales y lucha contra el fraude fiscal<\/em>, Instituto de Estudios Fiscales, Madrid, 2014, pp. 297 a 320, ISBN: 978-84-8008-374-4. <\/p>\n\n\n\n<p>ROMERO FLOR, L.M.: \u201cIntroducci\u00f3n a la fiscalidad internacional\u201d, <em>Polsko-Hiszpanska Wsp\u00f3lpraca Gospodarzca \u2013 Uwarunkowania Prawne<\/em>, Espol, Warszawa (Polonia), 2015, pp. 85 a 96, ISBN: 978-83-89330-13-0.<\/p>\n\n\n\n<p>ROMERO FLOR, L.M.: \u201cIntroducci\u00f3n a la Fiscalidad Internacional: concepto, contenido y finalidad\u201d, <em>Estudios de Derechos Fundamentales. Experiencia chilena e internacional<\/em>, Ediciones Universidad Finis Terrae, Chile, 2015, pp. 15 a 36, ISBN: 978-956-7757-61-9.<\/p>\n\n\n\n<p>ROMERO FLOR, L.M.: \u201cPrincipios y reglas de establecimiento y ordenaci\u00f3n de los tributos locales\u201d, <em>El ordenamiento tributario y presupuestario local. An\u00e1lisis interno y comunitario<\/em>, Tirant lo Blanch, Valencia, 2016, pp. 27 a 50, ISBN: 978-84-9086-861-4.<\/p>\n\n\n\n<p>ROMERO FLOR, L.M.: \u201cLa evoluci\u00f3n terminol\u00f3gica del abuso del derecho en materia tributaria en la jurisprudencia del Tribunal de Justicia de la Uni\u00f3n Europea: breve recorrido\u201d, <em>Derecho p\u00fablico y responsabilidad del Estado<\/em>, Ediciones Universidad Finis Terrae, Chile, 2016, pp. 195 a 208, ISBN: 978-956-7757-80-0.<\/p>\n\n\n\n<p>ROMERO FLOR, L.M.: \u201cEl Suministro Inmediato de Informaci\u00f3n en el IVA\u201d, <em>Tendencias y Desaf\u00edos Fiscales de la Econom\u00eda Digital<\/em>, Aranzadi, Navarra, 2017, pp. 733 a 756, ISBN: 978-84-9152-391-8.<\/p>\n\n\n\n<p>ROMERO FLOR, L.M.: \u201cLa igualdad de g\u00e9nero como norma jur\u00eddica de obligado cumplimiento, en particular, en el derecho tributario\u201d, <em>La \u201cigualdad\u201d de g\u00e9nero en el ordenamiento jur\u00eddico<\/em>, Ediciones de la Universidad de Castilla-La Mancha, 2018, pp. 179 a 184, ISBN: 978-84-9044-316-3.<\/p>\n\n\n\n<p>ROMERO FLOR, L.M.: \u201cLa entrada en el domicilio constitucionalmente protegido por la inspecci\u00f3n de los tributos\u201d, <em>Facultades de las Autoridades Fiscales<\/em>, Academia Mexicana de Derecho Fiscal (AMDF), M\u00e9xico, 2018, pp. 331 a 360, ISBN: 978-607-97807-2-2.<\/p>\n\n\n\n<p>ROMERO FLOR, L.M. \/ CAMPOS MART\u00cdNEZ, Y. A.: \u201cEvoluci\u00f3n del tradicional concepto de establecimiento permanente hacia una presencia econ\u00f3mica y digital significativa\u201d, <em>Fiscalidad Internacional y Comunitaria,<\/em> Dykinson, Madrid, 2019, pp. 39 a 66, ISBN: 978-84-1324-463-1.<\/p>\n\n\n\n<p>ROMERO FLOR, L.M.: \u201cFiscalidad espa\u00f1ola de las entidades en r\u00e9gimen de atribuci\u00f3n de rentas constituidas en el extranjero\u201d, <em>Cuestiones actuales de planificaci\u00f3n fiscal internacional<\/em>, Atelier, Barcelona, 2019, pp. 127 a 135, ISBN: 978-84-17466-61-9.<\/p>\n\n\n\n<p>ROMERO FLOR, L.M.: \u201cEl derecho a no autoinculparse ante un procedimiento tributario\u201d, <em>Derechos de los contribuyentes<\/em>, Academia Mexicana de Derecho Fiscal (AMDF), M\u00e9xico, 2019, pp. 985 a 1005; ISBN: 978-607-97807-4-6.<\/p>\n\n\n\n<p>ROMERO FLOR, L.M.: \u201cLa presencia digital significativa propuesta por la Comisi\u00f3n Europea para el gravamen de beneficios de sociedades no residentes\u201d, <em>Tributaci\u00f3n de la econom\u00eda digital<\/em>, Atelier, Barcelona, 2020, pp. 137 a 151, ISBN: 978-84-17466-96-1.<\/p>\n\n\n\n<p>ROMERO FLOR, L.M.: \u201cEl abuso del derecho en materia tributaria: breve recorrido por su evoluci\u00f3n terminol\u00f3gica en la jurisprudencia del Tribunal de Justicia de la Uni\u00f3n Europea\u201d, <em>El ordenamiento tributario y presupuestario local. An\u00e1lisis interno y comunitario<\/em>, Tirant lo Blanch, M\u00e9xico, 2020, pp. 497 a 511, ISBN: 978-84-1378-082-5.<\/p>\n\n\n\n<p>ROMERO FLOR, L.M.: \u201cEl principio de reserva de ley en derecho financiero espa\u00f1ol como manifestaci\u00f3n del principio constitucional de legalidad\u201d, <em>No\u00e7<\/em><em>\u00f5es gerais e limita\u00e7\u00f5es formais ao poder de tributar<\/em>, F\u00f3rum, Brasil, 2021, pp. 401 a 414, ISBN: 978-65-5518-057-2.<\/p>\n\n\n\n<p>ROMERO FLOR, L.M. \/ CONTRERAS CORT\u00c9S, L.F.: \u201cLa gobernanza fiscal europea ante una econom\u00eda digitalizada: la presencia digital significativa\u201d, <em>Democracia, Gobernanza y Gobiernos Locales. Una perspectiva de Derechos Humanos<\/em>, Tirant lo Blanch, M\u00e9xico, 2021, pp. 65 a 79, ISBN: 978-84-1355-833-2.<\/p>\n\n\n\n<p>ROMERO FLOR, L.M.: \u201cLa inviolabilidad del domicilio \u00bfun Derecho Fundamental descafeinado cuando interviene la Administraci\u00f3n Tributaria?\u201d, <em>Desaf\u00edos actuales en materia de Derechos Humanos<\/em>, Tirant lo Blanch, M\u00e9xico, 2021, pp. 19 a 42, ISBN: 978-84-1397-184-1. <\/p>\n\n\n\n<p>ROMERO FLOR, L.M.: \u201cConflictividad tributaria y mecanismos de resoluci\u00f3n\u201d, <em>Cumplimiento cooperativo y reducci\u00f3n de la conflictividad. Hacia un nuevo modelo de relaci\u00f3n entre la Administraci\u00f3n tributaria y los contribuyentes<\/em>, Thomson Reuters Aranzadi, 2021, pp. 343 a 362, ISBN: 978-84-1345-844-1. <\/p>\n\n\n\n<p>ROMERO FLOR, L.M.: \u201cIncentivos fiscales a las rentas procedentes de determinados intangibles: patent box\u201d, <em>La fiscalit\u00e0 dell\u2019economia digitale tra Italia e Spagna<\/em>, Cedam, 2021, pp. 190 a 193.<\/p>\n\n\n\n<p>ROMERO FLOR, L.M.: \u201cEl impacto de la econom\u00eda digital en el tradicional concepto de establecimiento permanente\u201d, <em>Pensamiento Jur\u00eddico Central<\/em>, Vol. 4, Tirant lo Blanch, Chile, 2021, pp. 421 a 442, ISBN: 978-84-1313-554-2.<\/p>\n\n\n\n<p>ROMERO FLOR, L.M.: \u201cLa tributaci\u00f3n internacional de las ganancias de capital\u201d, <em>Fiscalidad Internacional<\/em>, Ediciones CEF, 2022, pp. 839 a 873, ISBN: 978-84-454-2271-7.<\/p>\n\n\n\n<p>ROMERO FLOR, L.M.: \u201cLa tributaci\u00f3n laber\u00edntica de las criptomonedas en Espa\u00f1a\u201d, <em>Direito Tribut\u00e1rio e suas repercussoes socioeconomicas<\/em>, Editora Maraki, Brasil, 2022, pp. 214 a 230, ISBN: 978-65-88781-70-8. <\/p>\n\n\n\n<p>ROMERO FLOR, L.M.: \u201cIntroducci\u00f3n al sistema tributario local: principios y reglas de establecimiento y ordenaci\u00f3n de los tributos locales\u201d,\u00a0<em>El ordenamiento tributario y presupuestario local. An\u00e1lisis interno y adecuaci\u00f3n al Derecho de la UE<\/em>, Tirant lo Blanch, Valencia, 2023, pp. 27 a 49, ISBN: 978-84-1169-441-4.<\/p>\n\n\n\n<p>ROMERO FLOR, L.M.: \u201cLa tributaci\u00f3n de las criptomonedas como mecanismo para evitar el fraude fiscal\u201d,\u00a0<em>La digitalizaci\u00f3n tributaria: problemas y oportunidades<\/em>, Atelier, Barcelona, 2024, pp. 179 a 213, ISBN: 978-84-19773-91-3. <\/p>\n","protected":false},"excerpt":{"rendered":"<p>ROMERO FLOR, L.M. \/ CARRASCO PARRILLA, P.J.: \u201cCooperaci\u00f3n econ\u00f3mica estatal a las confesiones religiosas en Espa\u00f1a: breves consideraciones a sus respectivos reg\u00edmenes fiscales\u201d, Estado laico, democracia y derechos fundamentales, Universidad Michoacana de San Nicol\u00e1s de Hidalgo (UMSNH), M\u00e9xico, 2010, pp. 269 a 297, ISBN: 978-0-577-62758-5. ROMERO FLOR, L.M.: \u201cTasa por prestaci\u00f3n de servicios sanitarios\u201d, Las [&hellip;]<\/p>\n","protected":false},"author":51,"featured_media":0,"parent":0,"menu_order":0,"comment_status":"closed","ping_status":"closed","template":"","meta":{"footnotes":""},"class_list":["post-734","page","type-page","status-publish","hentry"],"_links":{"self":[{"href":"https:\/\/blog.uclm.es\/luismariaromero\/wp-json\/wp\/v2\/pages\/734","targetHints":{"allow":["GET"]}}],"collection":[{"href":"https:\/\/blog.uclm.es\/luismariaromero\/wp-json\/wp\/v2\/pages"}],"about":[{"href":"https:\/\/blog.uclm.es\/luismariaromero\/wp-json\/wp\/v2\/types\/page"}],"author":[{"embeddable":true,"href":"https:\/\/blog.uclm.es\/luismariaromero\/wp-json\/wp\/v2\/users\/51"}],"replies":[{"embeddable":true,"href":"https:\/\/blog.uclm.es\/luismariaromero\/wp-json\/wp\/v2\/comments?post=734"}],"version-history":[{"count":4,"href":"https:\/\/blog.uclm.es\/luismariaromero\/wp-json\/wp\/v2\/pages\/734\/revisions"}],"predecessor-version":[{"id":874,"href":"https:\/\/blog.uclm.es\/luismariaromero\/wp-json\/wp\/v2\/pages\/734\/revisions\/874"}],"wp:attachment":[{"href":"https:\/\/blog.uclm.es\/luismariaromero\/wp-json\/wp\/v2\/media?parent=734"}],"curies":[{"name":"wp","href":"https:\/\/api.w.org\/{rel}","templated":true}]}}