{"id":703,"date":"2022-11-18T19:36:09","date_gmt":"2022-11-18T17:36:09","guid":{"rendered":"https:\/\/blog.uclm.es\/luismariaromero\/?page_id=703"},"modified":"2022-11-18T19:36:09","modified_gmt":"2022-11-18T17:36:09","slug":"proyectos-de-innovacion-docente-2","status":"publish","type":"page","link":"https:\/\/blog.uclm.es\/luismariaromero\/proyectos-de-innovacion-docente-2\/","title":{"rendered":"Proyectos de Innovaci\u00f3n Docente"},"content":{"rendered":"\n<p><strong>\u201cEl equipo docente del Grado en ADE: nuevas formas de trabajo basadas en la coordinaci\u00f3n\u201d<\/strong>. Universidad de Castilla-La Mancha, Vicerrectorado de Docencia, 6\u00aa Convocatoria de Proyectos de Innovaci\u00f3n Docente. 01\/09\/2010 &#8211; 31\/07\/2011. Investigador colaborador.<\/p>\n\n\n\n<p><strong>\u201cLos Trabajos Fin de Grado en la Facultad de Ciencias Sociales de Cuenca: un enfoque multigrado\u201d<\/strong>. Universidad de Castilla-La Mancha, Vicerrectorado de Docencia, 7\u00aa Convocatoria de Proyectos de Innovaci\u00f3n Docente. 01\/09\/2012 &#8211; 31\/07\/2013. Investigador colaborador.<\/p>\n\n\n\n<p><strong>\u201cImplantaci\u00f3n del doble grado Derecho-ADE en la Facultad de Ciencias Sociales de Cuenca\u201d<\/strong>. Universidad de Castilla-La Mancha, Vicerrectorado de Docencia, 8\u00aa Convocatoria de Proyectos de Innovaci\u00f3n Docente. 01\/10\/2013 &#8211; 01\/07\/2014. Investigador colaborador.<\/p>\n\n\n\n<p><strong>\u201cCoordinaci\u00f3n del doble grado ADE-Derecho en la Facultad de Ciencias Sociales de Cuenca\u201d<\/strong>. Universidad de Castilla-La Mancha, Vicerrectorado de Docencia, 9\u00aa Convocatoria de Proyectos de Innovaci\u00f3n Docente. 01\/09\/2015 &#8211; 30\/09\/2016. Investigador colaborador.<\/p>\n\n\n\n<p><strong>\u201cLas desigualdades de g\u00e9nero y edad dentro del Espacio Europeo de Educaci\u00f3n Superior y de su modelo de Universidad en el aprendizaje\u201d<\/strong>. Universidad de Castilla-La Mancha, Vicerrectorado de Docencia, 9\u00aa Convocatoria de Proyectos de Innovaci\u00f3n Docente. 01\/09\/2015 &#8211; 30\/06\/2016. <strong>Director del Proyecto<\/strong>.<\/p>\n\n\n\n<p><strong>\u201cInstrumentos de coordinaci\u00f3n transversal y horizontal del doble grado ADE-Derecho en la Facultad de Ciencias Sociales de Cuenca\u201d<\/strong>. Universidad de Castilla-La Mancha, Vicerrectorado de Docencia, 10\u00aa Convocatoria de Proyectos de Innovaci\u00f3n Docente. 01\/09\/2017 &#8211; 15\/03\/2019. Investigador colaborador.<\/p>\n\n\n\n<p><strong>\u201cImplementaci\u00f3n de la educaci\u00f3n para el desarrollo sostenible en titulaciones jur\u00eddicas y sociales\u201d<\/strong>. Universidad de Castilla-La Mancha, Vicerrectorado de Docencia, 10\u00aa Convocatoria de Proyectos de Innovaci\u00f3n Docente. 01\/09\/2017 &#8211; 15\/03\/2019. Investigador colaborador.<\/p>\n\n\n\n<p><strong>\u201cEl m\u00e9todo del caso y la flipped clasroom aplicados a la ense\u00f1anza del Derecho Financiero y tributario en la UCLM\u201d<\/strong>. Universidad de Castilla-La Mancha, Vicerrectorado de Estudios, Calidad y Acreditaci\u00f3n, 12\u00aa Convocatoria de Proyectos de Innovaci\u00f3n y Mejora Docente. Del 2021 hasta el 2023. <strong>Director del Proyecto<\/strong>.<\/p>\n","protected":false},"excerpt":{"rendered":"<p>\u201cEl equipo docente del Grado en ADE: nuevas formas de trabajo basadas en la coordinaci\u00f3n\u201d. Universidad de Castilla-La Mancha, Vicerrectorado de Docencia, 6\u00aa Convocatoria de Proyectos de Innovaci\u00f3n Docente. 01\/09\/2010 &#8211; 31\/07\/2011. Investigador colaborador. \u201cLos Trabajos Fin de Grado en la Facultad de Ciencias Sociales de Cuenca: un enfoque multigrado\u201d. Universidad de Castilla-La Mancha, Vicerrectorado [&hellip;]<\/p>\n","protected":false},"author":51,"featured_media":0,"parent":0,"menu_order":0,"comment_status":"closed","ping_status":"closed","template":"","meta":{"footnotes":""},"class_list":["post-703","page","type-page","status-publish","hentry"],"_links":{"self":[{"href":"https:\/\/blog.uclm.es\/luismariaromero\/wp-json\/wp\/v2\/pages\/703","targetHints":{"allow":["GET"]}}],"collection":[{"href":"https:\/\/blog.uclm.es\/luismariaromero\/wp-json\/wp\/v2\/pages"}],"about":[{"href":"https:\/\/blog.uclm.es\/luismariaromero\/wp-json\/wp\/v2\/types\/page"}],"author":[{"embeddable":true,"href":"https:\/\/blog.uclm.es\/luismariaromero\/wp-json\/wp\/v2\/users\/51"}],"replies":[{"embeddable":true,"href":"https:\/\/blog.uclm.es\/luismariaromero\/wp-json\/wp\/v2\/comments?post=703"}],"version-history":[{"count":1,"href":"https:\/\/blog.uclm.es\/luismariaromero\/wp-json\/wp\/v2\/pages\/703\/revisions"}],"predecessor-version":[{"id":704,"href":"https:\/\/blog.uclm.es\/luismariaromero\/wp-json\/wp\/v2\/pages\/703\/revisions\/704"}],"wp:attachment":[{"href":"https:\/\/blog.uclm.es\/luismariaromero\/wp-json\/wp\/v2\/media?parent=703"}],"curies":[{"name":"wp","href":"https:\/\/api.w.org\/{rel}","templated":true}]}}