{"id":493,"date":"2015-10-04T23:04:33","date_gmt":"2015-10-04T23:04:33","guid":{"rendered":"http:\/\/blog.uclm.es\/luisarroyo\/?page_id=493"},"modified":"2025-11-27T11:17:14","modified_gmt":"2025-11-27T09:17:14","slug":"investigacion-research","status":"publish","type":"page","link":"https:\/\/blog.uclm.es\/luisarroyo\/investigacion-research\/","title":{"rendered":"Investigaci\u00f3n \/ Research"},"content":{"rendered":"<p><strong>Derecho administrativo europeo y global \/ EU and Global Administrative Law<\/strong><\/p>\n<p>&#8211; Proyecto de investigaci\u00f3n sobre \u00ab<a href=\"http:\/\/blog.uclm.es\/catedrajeanmonnet\/2019\/09\/18\/administrative-law-beyond-the-state\/\" target=\"_blank\" rel=\"noopener noreferrer\">El Derecho administrativo m\u00e1s all\u00e1 del Estado<\/a>\u00bb (<span lang=\"ES-TRAD\">PGC2018-101476-B-I00). Programa Estatal de Generaci\u00f3n de Conocimiento y Fortalecimiento Cient\u00edfico y Tecnol\u00f3gico. IP: Dr. Luis Arroyo Jim\u00e9nez. Fechas: 2019-2021.<\/span><\/p>\n<p>&#8211; C\u00e1tedra Jean Monnet sobre \u00ab<a href=\"http:\/\/catedrajeanmonnet.uclm.es\" target=\"_blank\" rel=\"noopener noreferrer\">El Derecho administrativo europeo en perspectiva global<\/a>\u00bb (611124-EPP-1-2019-1-ES-EPPJMO-CHAIR<span lang=\"ES-TRAD\">). IP: Luis Arroyo Jim\u00e9nez. Fechas: 2019-2022.<\/span><\/p>\n<p>&#8211; C\u00e1tedra Jean Monnet sobre \u00ab<a href=\"http:\/\/catedrajeanmonnet.uclm.es\" target=\"_blank\" rel=\"noopener noreferrer\">El Derecho administrativo europeo en perspectiva global<\/a>\u00bb (<span lang=\"ES-TRAD\">574427-EPP-1-2016-1-ES-EPPJMO-CHAIR). IP: Luis Arroyo Jim\u00e9nez. Fechas: 2016-2019.<\/span><\/p>\n<p><span data-rich-text-format-boundary=\"true\">Publicaciones \/ Publications.<\/span><\/p>\n<p>\u00ab<a href=\"https:\/\/www.cepc.gob.es\/sites\/default\/files\/2022-08\/39859rap21803arroyo-jimenez.pdf\" target=\"_blank\" rel=\"noopener\">Las caras de la transnacionalidad<\/a>\u00bb, en <em>Revista de Administraci\u00f3n P\u00fablica<\/em>, n\u00fam. 218, 2022, pp. 101-122.<\/p>\n<p><span data-rich-text-format-boundary=\"true\"><a href=\"https:\/\/www.iustel.com\/editorial\/?ficha=1&amp;referencia=90120168\" target=\"_blank\" rel=\"noopener noreferrer\"><em>Derecho p\u00fablico global. Fundamentos, actores, procesos<\/em><\/a>, L. Arroyo, I. Mart\u00edn, P. Meix (dirs.), Iustel, Madrid, 2020.<\/span><\/p>\n<p><span data-rich-text-format-boundary=\"true\">\u00ab<\/span><a href=\"https:\/\/www.cambridge.org\/core\/journals\/german-law-journal\/article\/effective-judicial-protection-and-mutual-recognition-in-the-european-administrative-space\/A64263BA0E4A196662CD18311AC75A36\">Effective Judicial Protection and Mutual Recognition in the European Administrative Space<\/a><span data-rich-text-format-boundary=\"true\">\u00bb, <i>German Law Journal<\/i>, vol. 22-3, 3-2021, pp. 344-370.<\/span><\/p>\n<p><span data-rich-text-format-boundary=\"true\">\u00ab<a href=\"https:\/\/realaw.blog\/journal\/latest-issues\/\">Mutual Recognition in the Spanish Multi-level Administrative State<\/a>\u00bb, <em>Review of<\/em><\/span><em>\u00a0European Administrative Law<\/em>, 3-2020, pp. 161-187.<\/p>\n<p>\u00ab<a href=\"https:\/\/realaw.blog\/journal\/latest-issues\/\">The Europeanisation of Spanish Administrative Law through the Principle of Legitimate Expectations<\/a>\u00bb (con G. Domenech),\u00a0<em>Review of European Administrative Law<\/em>, 2-2020, pp. 55-86.<\/p>\n<p>\u00ab<a href=\"https:\/\/www.cambridge.org\/core\/journals\/european-journal-of-risk-regulation\/article\/masks-gloves-exports-licences-and-composite-procedures-implementing-regulation-2020402-and-the-limelight-of-accountability\/11824FE31A09D790854B43A677FB93D9\" target=\"_blank\" rel=\"noopener noreferrer\">Masks, gloves, exports licences and composite procedures: Implementing Regulation 2020\/402 and the limelight of accountability<\/a>\u00bb (con M. Eliantonio), n\u00famero especial de <em>European Journal of Risk Regulation<\/em>, April 2020.<\/p>\n<p>\u00ab<a href=\"http:\/\/www.revistasmarcialpons.es\/revistaderechopublico\/issue\/view\/2\/3\" target=\"_blank\" rel=\"noopener noreferrer\">El Derecho administrativo europeo como sistema<\/a>\u00bb, 1 <em>Revista de Derecho P\u00fablico: Teor\u00eda y M\u00e9todo<\/em>, 2020, pp. 175-205.<\/p>\n<p style=\"text-align: justify\"><strong>Competencia entre regulaciones \/ Competition among rules<\/strong><\/p>\n<p style=\"text-align: justify\">&#8211; Proyecto de Investigaci\u00f3n sobre \u201c<a href=\"http:\/\/blog.uclm.es\/competencia\" target=\"_blank\" rel=\"noopener noreferrer\">La competencia entre regulaciones. Un enfoque anal\u00edtico y constitucional<\/a>\u201d (DER2014-57572-P). Programa Estatal de Fomento de la Investigaci\u00f3n Cient\u00edfica y T\u00e9cnica de Excelencia. IP: Luis Arroyo Jim\u00e9nez. Fechas: 2015-2017\/18.<\/p>\n<p><span data-rich-text-format-boundary=\"true\">Publicaciones \/ Publications.<\/span><\/p>\n<p><a href=\"https:\/\/www.marcialpons.es\/libros\/el-reconocimiento-mutuo-en-el-derecho-espanol-y-europeo\/9788491235149\/\" target=\"_blank\" rel=\"noopener noreferrer\">El reconocimiento mutuo en el Derecho espa\u00f1ol y europeo<\/a>, L. Arroyo y A. Nieto (dirs.), Marcial Pons, Madrid, 2018.<\/p>\n<p style=\"text-align: justify\"><strong style=\"line-height: 1.71429;font-size: 1rem\">La adjudicaci\u00f3n administrativa de recursos escasos \/ Administrative allocation of scarce rights<\/strong><\/p>\n<p style=\"text-align: justify\">Publicaciones \/ Publications.<\/p>\n<p style=\"text-align: justify\">&#8211; <a href=\"https:\/\/www.tirant.com\/editorial\/libro\/la-adjudicacion-administrativa-de-recursos-escasos-luis-arroyo-9788491691761\" target=\"_blank\" rel=\"noopener noreferrer\"><em>La adjudicaci\u00f3n administrativa de recursos escasos. Ordenaci\u00f3n sectorial y reconstrucci\u00f3n sistem\u00e1tica<\/em><\/a>, L. Arroyo y D. Utrilla (dirs.), Tirant lo Blanch, 2018.<\/p>\n<p>&#8211; \u00abThe Allocation of Limited Public Rights: An Analytical and Constitutional Approach (con D. Utrilla), en <a href=\"https:\/\/intersentia.com\/en\/scarcity-and-the-state-i.html\" target=\"_blank\" rel=\"noopener noreferrer\"><em>Scarcity and the State I<\/em><\/a>, P. Adriaanse, F. van Ommeren, W. den Ouden y J. Wolswinkel (eds.), Intersentia, Cambridge, 2016, pp. 27 ss.<\/p>\n<p style=\"text-align: justify\"><span style=\"line-height: 1.71429;font-size: 1rem\">&#8211; <a href=\"https:\/\/www.marcialpons.es\/libros\/la-administracion-de-la-escasez\/9788416212927\/\" target=\"_blank\" rel=\"noopener noreferrer\"><em>La administraci\u00f3n de la escasez. Los fundamentos de la actividad administrativa de adjudicaci\u00f3n de derechos limitados en n\u00famero<\/em><\/a>, L. Arroyo y D. Utrilla (dirs.), Marcial Pons, 2015.<\/span><\/p>\n<p style=\"text-align: justify\">&#8211; \u00ab<a href=\"https:\/\/www.academia.edu\/10389407\/La_adjudicaci\u00f3n_administrativa_de_recursos_escasos_Administrative_allocation_of_Scarce_Rights_InDret_1_2015\" target=\"_blank\" rel=\"noopener noreferrer\">La adjudicaci\u00f3n administrativa de recursos escasos<\/a>\u00bb,\u00a0<em>InDret<\/em>\u00a01\/2015.<\/p>\n<p style=\"text-align: justify\"><strong style=\"line-height: 1.71429;font-size: 1rem\">Derecho de la Uni\u00f3n Europea y Constituci\u00f3n interna \/ EU Law and the National Constitution<\/strong><\/p>\n<p style=\"text-align: justify\">Publicaciones \/ Publications<\/p>\n<p>&#8211; \u00ab<a href=\"https:\/\/blog.uclm.es\/catedrajeanmonnet\/files\/2019\/07\/Preprint-No-1-18.pdf\" target=\"_blank\" rel=\"noopener noreferrer\">Constitutional Empathy and Judicial Dialogue in the EU<\/a>\u00bb, 24-1 <em>European Public Law,<\/em> 2018.<\/p>\n<p style=\"text-align: justify\"><span style=\"line-height: 1.71429;font-size: 1rem\">&#8211; <a href=\"https:\/\/www.marcialpons.es\/libros\/empatia-constitucional\/9788491230601\/\" target=\"_blank\" rel=\"noopener noreferrer\"><em>Empat\u00eda constitucional. El Derecho de la Uni\u00f3n Europea y la Constituci\u00f3n Espa\u00f1ola<\/em><\/a>, Marcial Pons, Madrid, 2016.<\/span><\/p>\n<p style=\"text-align: justify\">&#8211; \u00abLos derechos fundamentales de la Uni\u00f3n Europea y el Tribunal Constitucional\u00bb, 174 <em>Revista Espa\u00f1ola de Derecho Administrativo<\/em>, 2015.<\/p>\n<p style=\"text-align: justify\"><span style=\"line-height: 1.71429;font-size: 1rem\">&#8211; \u00abLa aplicaci\u00f3n judicial del Derecho de la Uni\u00f3n Europea y el derecho a la tutela judicial efectiva. Una propuesta de sistematizaci\u00f3n\u00bb, 102\u00a0<em>Revista Espa\u00f1ola de Derecho Constitucional<\/em>, 2014, 296-316. Tambi\u00e9n en\u00a0<em>El juez del Derecho administrativo. Libro homenaje a Javier Delgado Barrio<\/em>, L. Arroyo, C. Ortega, M. Beladiez y J. M. Rodr\u00edguez de Santiago (coords.), Marcial Pons, 2015.<\/span><\/p>\n<p style=\"text-align: justify\">&#8211; \u00abSobre la primera cuesti\u00f3n prejudicial planteada por el Tribunal Constitucional. Bases, contenido y consecuencias\u00bb,\u00a0<em>InDret<\/em>\u00a04\/2011.<\/p>\n<p style=\"text-align: justify\"><strong style=\"line-height: 1.71429;font-size: 1rem\">Planificaci\u00f3n de infraestructuras \/ Infrastructure Planning<\/strong><\/p>\n<p style=\"text-align: justify\">Publicaciones \/ Publications<\/p>\n<p style=\"text-align: justify\">&#8211; \u00abPublic Participation and Infrastructure Planning in Spain\u00bb (con D. Utrilla), en\u00a0<em>Public Participation in Infrastructure Planning<\/em>, Thomas Gross (ed), EPLS Esperia 2015.<\/p>\n<p style=\"text-align: justify\">&#8211; \u00abInfrastructure Planning in Spain \u2013 Public Participation and Legal Protection\u00bb, 11\u00a0<em>Journal for European Environmental and Planning Law<\/em>, 2014, 232-248.<\/p>\n","protected":false},"excerpt":{"rendered":"<p>Derecho administrativo europeo y global \/ EU and Global Administrative Law &#8211; Proyecto de investigaci\u00f3n sobre \u00abEl Derecho administrativo m\u00e1s all\u00e1 del Estado\u00bb (PGC2018-101476-B-I00). Programa Estatal de Generaci\u00f3n de Conocimiento y Fortalecimiento Cient\u00edfico y Tecnol\u00f3gico. IP: Dr. Luis Arroyo Jim\u00e9nez. Fechas: 2019-2021. &#8211; C\u00e1tedra Jean Monnet sobre \u00abEl Derecho administrativo europeo en perspectiva global\u00bb (611124-EPP-1-2019-1-ES-EPPJMO-CHAIR). [&hellip;]<\/p>\n","protected":false},"author":11,"featured_media":0,"parent":0,"menu_order":2,"comment_status":"closed","ping_status":"open","template":"","meta":{"footnotes":""},"class_list":["post-493","page","type-page","status-publish","hentry"],"_links":{"self":[{"href":"https:\/\/blog.uclm.es\/luisarroyo\/wp-json\/wp\/v2\/pages\/493","targetHints":{"allow":["GET"]}}],"collection":[{"href":"https:\/\/blog.uclm.es\/luisarroyo\/wp-json\/wp\/v2\/pages"}],"about":[{"href":"https:\/\/blog.uclm.es\/luisarroyo\/wp-json\/wp\/v2\/types\/page"}],"author":[{"embeddable":true,"href":"https:\/\/blog.uclm.es\/luisarroyo\/wp-json\/wp\/v2\/users\/11"}],"replies":[{"embeddable":true,"href":"https:\/\/blog.uclm.es\/luisarroyo\/wp-json\/wp\/v2\/comments?post=493"}],"version-history":[{"count":6,"href":"https:\/\/blog.uclm.es\/luisarroyo\/wp-json\/wp\/v2\/pages\/493\/revisions"}],"predecessor-version":[{"id":864,"href":"https:\/\/blog.uclm.es\/luisarroyo\/wp-json\/wp\/v2\/pages\/493\/revisions\/864"}],"wp:attachment":[{"href":"https:\/\/blog.uclm.es\/luisarroyo\/wp-json\/wp\/v2\/media?parent=493"}],"curies":[{"name":"wp","href":"https:\/\/api.w.org\/{rel}","templated":true}]}}