{"id":221,"date":"2019-01-20T23:44:49","date_gmt":"2019-01-20T22:44:49","guid":{"rendered":"http:\/\/blog.uclm.es\/lcf\/?page_id=221"},"modified":"2025-04-24T08:32:50","modified_gmt":"2025-04-24T08:32:50","slug":"corpus","status":"publish","type":"page","link":"https:\/\/blog.uclm.es\/lcf\/recherches\/corpus\/","title":{"rendered":"Corpus"},"content":{"rendered":"<p>Un corpus d\u2019apprentissage assemble un ensemble de donn\u00e9es issues d\u2019une exp\u00e9rimentation, d&#8217;une action de formation pr\u00e9sentielle, partiellement ou totalement en ligne. Ce corpus doit \u00eatre compl\u00e9t\u00e9 par des informations p\u00e9dagogiques et scientifiques qui permettent une analyse contextualis\u00e9e. Ce corpus est enti\u00e8rement structur\u00e9e sous format .zip.<\/p>\n<p>On y trouve des \u00e9l\u00e9ments comme les discussions forums, les interactions issues de vid\u00e9oconf\u00e9rences, des traces du syst\u00e8me LMS ou autre, la sc\u00e9narisation p\u00e9dagogique sous format SVD et XML, etc.<\/p>\n<p><a href=\"https:\/\/drive.google.com\/file\/d\/1a58I1maNG0nPhIxP2S2jOq8hwX4wiscI\/view?usp=sharing\">Corpus_JustineMartin-PeterLang<\/a><br \/>\n<a href=\"https:\/\/www.dropbox.com\/s\/5uh9vp8rkrlk1kb\/Corpus%20these%20JustineMartin.rar?dl=0\">Corpus_these_JUSTINEMARTIN<\/a><br \/>\n<a href=\"https:\/\/www.dropbox.com\/s\/wk3bh610l53uv7k\/Corpus%20ApS.zip?dl=0\">Corpus_Art\u00edculo-ApS_JUSTINEMARTIN<\/a><\/p>\n","protected":false},"excerpt":{"rendered":"<p>Un corpus d\u2019apprentissage assemble un ensemble de donn\u00e9es issues d\u2019une exp\u00e9rimentation, d&#8217;une action de formation pr\u00e9sentielle, partiellement ou totalement en ligne. Ce corpus doit \u00eatre compl\u00e9t\u00e9 par des informations p\u00e9dagogiques et scientifiques qui permettent une analyse contextualis\u00e9e. Ce corpus est enti\u00e8rement structur\u00e9e sous format .zip. On y trouve des \u00e9l\u00e9ments comme les discussions forums, les &hellip; <a href=\"https:\/\/blog.uclm.es\/lcf\/recherches\/corpus\/\" class=\"more-link\">Continuar leyendo<span class=\"screen-reader-text\"> \u00abCorpus\u00bb<\/span><\/a><\/p>\n","protected":false},"author":248,"featured_media":0,"parent":218,"menu_order":0,"comment_status":"closed","ping_status":"closed","template":"","meta":{"footnotes":""},"class_list":["post-221","page","type-page","status-publish","hentry"],"_links":{"self":[{"href":"https:\/\/blog.uclm.es\/lcf\/wp-json\/wp\/v2\/pages\/221","targetHints":{"allow":["GET"]}}],"collection":[{"href":"https:\/\/blog.uclm.es\/lcf\/wp-json\/wp\/v2\/pages"}],"about":[{"href":"https:\/\/blog.uclm.es\/lcf\/wp-json\/wp\/v2\/types\/page"}],"author":[{"embeddable":true,"href":"https:\/\/blog.uclm.es\/lcf\/wp-json\/wp\/v2\/users\/248"}],"replies":[{"embeddable":true,"href":"https:\/\/blog.uclm.es\/lcf\/wp-json\/wp\/v2\/comments?post=221"}],"version-history":[{"count":2,"href":"https:\/\/blog.uclm.es\/lcf\/wp-json\/wp\/v2\/pages\/221\/revisions"}],"predecessor-version":[{"id":585,"href":"https:\/\/blog.uclm.es\/lcf\/wp-json\/wp\/v2\/pages\/221\/revisions\/585"}],"up":[{"embeddable":true,"href":"https:\/\/blog.uclm.es\/lcf\/wp-json\/wp\/v2\/pages\/218"}],"wp:attachment":[{"href":"https:\/\/blog.uclm.es\/lcf\/wp-json\/wp\/v2\/media?parent=221"}],"curies":[{"name":"wp","href":"https:\/\/api.w.org\/{rel}","templated":true}]}}