{"id":169,"date":"2018-11-30T11:49:54","date_gmt":"2018-11-30T10:49:54","guid":{"rendered":"http:\/\/blog.uclm.es\/lcf\/?page_id=169"},"modified":"2018-11-30T11:49:54","modified_gmt":"2018-11-30T10:49:54","slug":"jornada-tidle","status":"publish","type":"page","link":"https:\/\/blog.uclm.es\/lcf\/congresos-coloquios-seminarios-jornadas\/jornada-tidle\/","title":{"rendered":"Jornada TIDLE"},"content":{"rendered":"<p><strong>Jornada de 11 de diciembre 2017 Sobre Tecnolog\u00edas Integradas En La Did\u00e1ctica De Lenguas Extranjeras (TIDLE).<\/strong><\/p>\n<p><a href=\"https:\/\/blog.uclm.es\/lcf\/wp-content\/uploads\/sites\/179\/2018\/11\/cartel.pdf\">cartel<\/a><br \/>\n<a href=\"https:\/\/blog.uclm.es\/lcf\/wp-content\/uploads\/sites\/179\/2018\/11\/folletoTIDLE.pdf\">Programa de la jornada<\/a><\/p>\n<p>Esta jornada se propone para:<br \/>\n1. Docentes y futuros docentes de programas biling\u00fces y\/o de idiomas.<br \/>\n2. Doctorandos en el campo de la ense\u00f1anza de idiomas y\/o nuevas tecnolog\u00edas.<br \/>\n3. Alumnado de M\u00e1ster en Investigaci\u00f3n en Artes, Humanidades y Educaci\u00f3n.<\/p>\n<p>El objetivo general de esta jornada se basa, en primer lugar, en congregar en la Facultad de Letras de Ciudad Real a un importante n\u00famero de especialistas en el \u00e1mbito de la did\u00e1ctica de lenguas, principalmente, el ingl\u00e9s y el franc\u00e9s, a trav\u00e9s del uso de las tecnolog\u00edas y crear un espacio de intercambio, reflexi\u00f3n y debate contribuyendo, as\u00ed, a la formaci\u00f3n y mejora de las pr\u00e1cticas docentes.<\/p>\n<p>En segundo lugar, esta jornada pretende informar sobre las \u00faltimas novedades en lo referente a la ense\u00f1anza-aprendizaje de lenguas en entornos digitales, bas\u00e1ndose en investigaciones de los propios participantes, as\u00ed como en sus experiencias personales en el \u00e1mbito educativo. Asimismo, permitir\u00e1 dar a conocer al alumnado la importancia e impacto de las TIC en la did\u00e1ctica de lenguas como recursos imprescindibles y motivadores, pero tambi\u00e9n los retos u obst\u00e1culos que pueden presentar en las pr\u00e1cticas diarias y sus posibles soluciones dentro del campo tecnol\u00f3gico. Todo ello supondr\u00e1 para estos alumnos un buen punto de partida en relaci\u00f3n a su futuro ejercicio de docencia (e.g. dise\u00f1o de materiales did\u00e1cticos, contenidos curriculares interactivos y conocimiento de nuevos espacios virtuales de aprendizaje). <\/p>\n<p>Por \u00faltimo, este espacio ofrecer\u00e1 la posibilidad de generar contenido relacionado con el tema principal de esta jornada de forma colaborativa en la red construyendo, as\u00ed, una comunidad virtual que sirva de ejemplo tanto para los participantes en ejercicio docente como para los que se encuentran en formaci\u00f3n. <\/p>\n<p><strong>Jornada homologada por la JCCM<br \/>\nPublicaci\u00f3n prevista para 2019 con el MECD<br \/>\nJornada en colaboraci\u00f3n con el departamento de ingl\u00e9s<\/strong><\/p>\n","protected":false},"excerpt":{"rendered":"<p>Jornada de 11 de diciembre 2017 Sobre Tecnolog\u00edas Integradas En La Did\u00e1ctica De Lenguas Extranjeras (TIDLE). cartel Programa de la jornada Esta jornada se propone para: 1. Docentes y futuros docentes de programas biling\u00fces y\/o de idiomas. 2. Doctorandos en el campo de la ense\u00f1anza de idiomas y\/o nuevas tecnolog\u00edas. 3. Alumnado de M\u00e1ster en &hellip; <a href=\"https:\/\/blog.uclm.es\/lcf\/congresos-coloquios-seminarios-jornadas\/jornada-tidle\/\" class=\"more-link\">Continuar leyendo<span class=\"screen-reader-text\"> \u00abJornada TIDLE\u00bb<\/span><\/a><\/p>\n","protected":false},"author":248,"featured_media":0,"parent":15,"menu_order":0,"comment_status":"closed","ping_status":"closed","template":"","meta":{"footnotes":""},"class_list":["post-169","page","type-page","status-publish","hentry"],"_links":{"self":[{"href":"https:\/\/blog.uclm.es\/lcf\/wp-json\/wp\/v2\/pages\/169","targetHints":{"allow":["GET"]}}],"collection":[{"href":"https:\/\/blog.uclm.es\/lcf\/wp-json\/wp\/v2\/pages"}],"about":[{"href":"https:\/\/blog.uclm.es\/lcf\/wp-json\/wp\/v2\/types\/page"}],"author":[{"embeddable":true,"href":"https:\/\/blog.uclm.es\/lcf\/wp-json\/wp\/v2\/users\/248"}],"replies":[{"embeddable":true,"href":"https:\/\/blog.uclm.es\/lcf\/wp-json\/wp\/v2\/comments?post=169"}],"version-history":[{"count":0,"href":"https:\/\/blog.uclm.es\/lcf\/wp-json\/wp\/v2\/pages\/169\/revisions"}],"up":[{"embeddable":true,"href":"https:\/\/blog.uclm.es\/lcf\/wp-json\/wp\/v2\/pages\/15"}],"wp:attachment":[{"href":"https:\/\/blog.uclm.es\/lcf\/wp-json\/wp\/v2\/media?parent=169"}],"curies":[{"name":"wp","href":"https:\/\/api.w.org\/{rel}","templated":true}]}}