{"id":869,"date":"2019-01-12T13:25:47","date_gmt":"2019-01-12T12:25:47","guid":{"rendered":"http:\/\/blog.uclm.es\/lahoradelcodigo\/?page_id=869"},"modified":"2025-03-03T13:23:48","modified_gmt":"2025-03-03T12:23:48","slug":"avanzado","status":"publish","type":"page","link":"https:\/\/blog.uclm.es\/lahoradelcodigo\/avanzado\/","title":{"rendered":"Avanzado"},"content":{"rendered":"\n<div class=\"wp-block-columns is-layout-flex wp-container-core-columns-is-layout-9d6595d7 wp-block-columns-is-layout-flex\">\n<div class=\"wp-block-column is-layout-flow wp-block-column-is-layout-flow\">\n<figure class=\"wp-block-image size-full\"><a href=\"http:\/\/silentteacher.toxicode.fr\/hourofcode\" target=\"_blank\" rel=\"noreferrer noopener\"><img loading=\"lazy\" decoding=\"async\" width=\"480\" height=\"360\" src=\"https:\/\/blog.uclm.es\/lahoradelcodigo\/wp-content\/uploads\/sites\/228\/2018\/12\/silent_teacher.jpg\" alt=\"\" class=\"wp-image-190\" srcset=\"https:\/\/blog.uclm.es\/lahoradelcodigo\/wp-content\/uploads\/sites\/228\/2018\/12\/silent_teacher.jpg 480w, https:\/\/blog.uclm.es\/lahoradelcodigo\/wp-content\/uploads\/sites\/228\/2018\/12\/silent_teacher-300x225.jpg 300w\" sizes=\"auto, (max-width: 480px) 85vw, 480px\" \/><\/a><figcaption class=\"wp-element-caption\">Descubre los conceptos b\u00e1sicos de la programaci\u00f3n sin ninguna palabra o explicaci\u00f3n.<\/figcaption><\/figure>\n<\/div>\n\n\n\n<div class=\"wp-block-column is-layout-flow wp-block-column-is-layout-flow\">\n<figure class=\"wp-block-image size-full\"><a href=\"https:\/\/www.codesters.com\/curriculum\/hoc\/Movimientos+de+Baile\/1\/\" target=\"_blank\" rel=\"noreferrer noopener\"><img loading=\"lazy\" decoding=\"async\" width=\"480\" height=\"360\" src=\"https:\/\/blog.uclm.es\/lahoradelcodigo\/wp-content\/uploads\/sites\/228\/2018\/12\/codesters_dance.jpg\" alt=\"\" class=\"wp-image-188\" srcset=\"https:\/\/blog.uclm.es\/lahoradelcodigo\/wp-content\/uploads\/sites\/228\/2018\/12\/codesters_dance.jpg 480w, https:\/\/blog.uclm.es\/lahoradelcodigo\/wp-content\/uploads\/sites\/228\/2018\/12\/codesters_dance-300x225.jpg 300w\" sizes=\"auto, (max-width: 480px) 85vw, 480px\" \/><\/a><figcaption class=\"wp-element-caption\">Aqu\u00ed vamos a usar c\u00f3digo para hacer movimientos. Juego creado para niveles avanzados.<\/figcaption><\/figure>\n<\/div>\n\n\n\n<div class=\"wp-block-column is-layout-flow wp-block-column-is-layout-flow\">\n<figure class=\"wp-block-image size-full\"><a href=\"https:\/\/www.playcodemonkey.com\/challenges\/0\" target=\"_blank\" rel=\"noreferrer noopener\"><img loading=\"lazy\" decoding=\"async\" width=\"480\" height=\"360\" src=\"https:\/\/blog.uclm.es\/lahoradelcodigo\/wp-content\/uploads\/sites\/228\/2018\/12\/code_monkey.jpg\" alt=\"\" class=\"wp-image-187\" srcset=\"https:\/\/blog.uclm.es\/lahoradelcodigo\/wp-content\/uploads\/sites\/228\/2018\/12\/code_monkey.jpg 480w, https:\/\/blog.uclm.es\/lahoradelcodigo\/wp-content\/uploads\/sites\/228\/2018\/12\/code_monkey-300x225.jpg 300w\" sizes=\"auto, (max-width: 480px) 85vw, 480px\" \/><\/a><figcaption class=\"wp-element-caption\">Los usuarios ayudan al mono a que agarre bananas a trav\u00e9s del aprendizaje y la codificaci\u00f3n.<\/figcaption><\/figure>\n<\/div>\n<\/div>\n\n\n\n<div class=\"wp-block-columns is-layout-flex wp-container-core-columns-is-layout-9d6595d7 wp-block-columns-is-layout-flex\">\n<div class=\"wp-block-column is-layout-flow wp-block-column-is-layout-flow\">\n<figure class=\"wp-block-image size-full\"><a href=\"https:\/\/studio.code.org\/s\/applab-intro\/stage\/1\/puzzle\/2\" target=\"_blank\" rel=\"noreferrer noopener\"><img loading=\"lazy\" decoding=\"async\" width=\"485\" height=\"360\" src=\"https:\/\/blog.uclm.es\/lahoradelcodigo\/wp-content\/uploads\/sites\/228\/2018\/12\/applab-intro-copia.png\" alt=\"\" class=\"wp-image-465\" srcset=\"https:\/\/blog.uclm.es\/lahoradelcodigo\/wp-content\/uploads\/sites\/228\/2018\/12\/applab-intro-copia.png 485w, https:\/\/blog.uclm.es\/lahoradelcodigo\/wp-content\/uploads\/sites\/228\/2018\/12\/applab-intro-copia-300x223.png 300w\" sizes=\"auto, (max-width: 485px) 85vw, 485px\" \/><\/a><figcaption class=\"wp-element-caption\">Crea tu propia aplicaci\u00f3n en JavaScript con programaci\u00f3n basada en bloques y, m\u00e1s adelante, en texto.<\/figcaption><\/figure>\n<\/div>\n\n\n\n<div class=\"wp-block-column is-layout-flow wp-block-column-is-layout-flow\">\n<figure class=\"wp-block-image size-full\"><a href=\"http:\/\/cssgridgarden.com\/#es\" target=\"_blank\" rel=\"noreferrer noopener\"><img loading=\"lazy\" decoding=\"async\" width=\"480\" height=\"360\" src=\"https:\/\/blog.uclm.es\/lahoradelcodigo\/wp-content\/uploads\/sites\/228\/2018\/12\/jardin.jpg\" alt=\"\" class=\"wp-image-517\" srcset=\"https:\/\/blog.uclm.es\/lahoradelcodigo\/wp-content\/uploads\/sites\/228\/2018\/12\/jardin.jpg 480w, https:\/\/blog.uclm.es\/lahoradelcodigo\/wp-content\/uploads\/sites\/228\/2018\/12\/jardin-300x225.jpg 300w\" sizes=\"auto, (max-width: 480px) 85vw, 480px\" \/><\/a><figcaption class=\"wp-element-caption\">Aprende todo sobre CSS Grid atendiendo tu huerta y empleando el c\u00f3digo necesario para cuidarla y regarla.<\/figcaption><\/figure>\n<\/div>\n\n\n\n<div class=\"wp-block-column is-layout-flow wp-block-column-is-layout-flow\">\n<figure class=\"wp-block-image size-full\"><a href=\"https:\/\/studio.code.org\/s\/text-compression\/stage\/1\/puzzle\/1\" target=\"_blank\" rel=\"noreferrer noopener\"><img loading=\"lazy\" decoding=\"async\" width=\"485\" height=\"360\" src=\"https:\/\/blog.uclm.es\/lahoradelcodigo\/wp-content\/uploads\/sites\/228\/2018\/12\/Compresion2.jpg\" alt=\"\" class=\"wp-image-470\" srcset=\"https:\/\/blog.uclm.es\/lahoradelcodigo\/wp-content\/uploads\/sites\/228\/2018\/12\/Compresion2.jpg 485w, https:\/\/blog.uclm.es\/lahoradelcodigo\/wp-content\/uploads\/sites\/228\/2018\/12\/Compresion2-300x223.jpg 300w\" sizes=\"auto, (max-width: 485px) 85vw, 485px\" \/><\/a><figcaption class=\"wp-element-caption\">Se usar\u00e1 el Widget de Compresi\u00f3n de textos para comprimir texto sustituyendo los patrones con s\u00edmbolos.<\/figcaption><\/figure>\n<\/div>\n<\/div>\n\n\n\n<div class=\"wp-block-columns is-layout-flex wp-container-core-columns-is-layout-9d6595d7 wp-block-columns-is-layout-flex\">\n<div class=\"wp-block-column is-layout-flow wp-block-column-is-layout-flow\">\n<figure class=\"wp-block-image size-full\"><a href=\"https:\/\/studio.code.org\/s\/hoc-encryption\/stage\/1\/puzzle\/1\" target=\"_blank\" rel=\"noreferrer noopener\"><img loading=\"lazy\" decoding=\"async\" width=\"485\" height=\"360\" src=\"https:\/\/blog.uclm.es\/lahoradelcodigo\/wp-content\/uploads\/sites\/228\/2018\/12\/Encripcion2.jpg\" alt=\"\" class=\"wp-image-471\" srcset=\"https:\/\/blog.uclm.es\/lahoradelcodigo\/wp-content\/uploads\/sites\/228\/2018\/12\/Encripcion2.jpg 485w, https:\/\/blog.uclm.es\/lahoradelcodigo\/wp-content\/uploads\/sites\/228\/2018\/12\/Encripcion2-300x223.jpg 300w\" sizes=\"auto, (max-width: 485px) 85vw, 485px\" \/><\/a><figcaption class=\"wp-element-caption\">Los estudiantes van a aprender ahora t\u00e9cnicas para crear y modificar algunos mensajes cifrados.<\/figcaption><\/figure>\n<\/div>\n\n\n\n<div class=\"wp-block-column is-layout-flow wp-block-column-is-layout-flow\">\n<figure class=\"wp-block-image size-full is-resized\"><a href=\"https:\/\/studio.code.org\/s\/outbreak\/lessons\/1\/levels\/1\" target=\"_blank\" rel=\"noreferrer noopener\"><img loading=\"lazy\" decoding=\"async\" width=\"150\" height=\"150\" src=\"https:\/\/blog.uclm.es\/lahoradelcodigo\/wp-content\/uploads\/sites\/228\/2022\/03\/outbreak-1.jpg\" alt=\"\" class=\"wp-image-1320\" style=\"width:139px;height:auto\" \/><\/a><figcaption class=\"wp-element-caption\">Simulador de brotes epid\u00e9micos<\/figcaption><\/figure>\n<\/div>\n\n\n\n<div class=\"wp-block-column is-layout-flow wp-block-column-is-layout-flow\"><\/div>\n<\/div>\n\n\n\n<div class=\"wp-block-columns is-layout-flex wp-container-core-columns-is-layout-9d6595d7 wp-block-columns-is-layout-flex\">\n<div class=\"wp-block-column is-layout-flow wp-block-column-is-layout-flow\"><\/div>\n\n\n\n<div class=\"wp-block-column is-layout-flow wp-block-column-is-layout-flow\"><\/div>\n\n\n\n<div class=\"wp-block-column is-layout-flow wp-block-column-is-layout-flow\"><\/div>\n<\/div>\n\n\n\n<p><\/p>\n","protected":false},"excerpt":{"rendered":"","protected":false},"author":91,"featured_media":0,"parent":0,"menu_order":0,"comment_status":"closed","ping_status":"closed","template":"page-full.php","meta":{"footnotes":""},"class_list":["post-869","page","type-page","status-publish","hentry"],"_links":{"self":[{"href":"https:\/\/blog.uclm.es\/lahoradelcodigo\/wp-json\/wp\/v2\/pages\/869","targetHints":{"allow":["GET"]}}],"collection":[{"href":"https:\/\/blog.uclm.es\/lahoradelcodigo\/wp-json\/wp\/v2\/pages"}],"about":[{"href":"https:\/\/blog.uclm.es\/lahoradelcodigo\/wp-json\/wp\/v2\/types\/page"}],"author":[{"embeddable":true,"href":"https:\/\/blog.uclm.es\/lahoradelcodigo\/wp-json\/wp\/v2\/users\/91"}],"replies":[{"embeddable":true,"href":"https:\/\/blog.uclm.es\/lahoradelcodigo\/wp-json\/wp\/v2\/comments?post=869"}],"version-history":[{"count":3,"href":"https:\/\/blog.uclm.es\/lahoradelcodigo\/wp-json\/wp\/v2\/pages\/869\/revisions"}],"predecessor-version":[{"id":1385,"href":"https:\/\/blog.uclm.es\/lahoradelcodigo\/wp-json\/wp\/v2\/pages\/869\/revisions\/1385"}],"wp:attachment":[{"href":"https:\/\/blog.uclm.es\/lahoradelcodigo\/wp-json\/wp\/v2\/media?parent=869"}],"curies":[{"name":"wp","href":"https:\/\/api.w.org\/{rel}","templated":true}]}}