{"id":209,"date":"2022-07-25T10:32:04","date_gmt":"2022-07-25T09:32:04","guid":{"rendered":"https:\/\/blogdev.uclm.es\/fullsite\/?page_id=209"},"modified":"2025-11-29T16:06:56","modified_gmt":"2025-11-29T15:06:56","slug":"galeria","status":"publish","type":"page","link":"https:\/\/blog.uclm.es\/juliocesarcisneros\/galeria\/","title":{"rendered":"Galer\u00eda"},"content":{"rendered":"\n<figure class=\"wp-block-image aligncenter size-full is-resized is-style-rounded\"><img loading=\"lazy\" decoding=\"async\" width=\"651\" height=\"830\" src=\"https:\/\/blog.uclm.es\/juliocesarcisneros\/wp-content\/uploads\/sites\/329\/2025\/11\/IMG-20210811-WA0121.jpg\" alt=\"\" class=\"wp-image-507\" style=\"width:93px;height:auto\" srcset=\"https:\/\/blog.uclm.es\/juliocesarcisneros\/wp-content\/uploads\/sites\/329\/2025\/11\/IMG-20210811-WA0121.jpg 651w, https:\/\/blog.uclm.es\/juliocesarcisneros\/wp-content\/uploads\/sites\/329\/2025\/11\/IMG-20210811-WA0121-235x300.jpg 235w\" sizes=\"auto, (max-width: 651px) 100vw, 651px\" \/><figcaption class=\"wp-element-caption\">Miradas<\/figcaption><\/figure>\n\n\n\n<blockquote class=\"wp-block-quote has-text-align-center is-style-large is-layout-flow wp-block-quote-is-layout-flow\" style=\"font-size:12px\">\n<p>\u00abExisten objetos que encarnan la pura transacci\u00f3n, mercanc\u00edas an\u00f3nimas que consumimos para perpetuar el ciclo diario de la producci\u00f3n y la necesidad.<\/p>\n\n\n\n<p>Pero emergen otros objetos, aquellos en los que el trabajador se reconoce, que transforman el acto de usar de la mera subsistencia a un gesto de apropiaci\u00f3n, de humanidad reclamada en un mundo cosificado.\u00bb<\/p>\n<cite> -Inspirado en el concepto de&nbsp;<strong>enajenaci\u00f3n<\/strong>&nbsp;de&nbsp;<strong>Karl Marx<\/strong>&nbsp;&#8211;<\/cite><\/blockquote>\n\n\n\n<hr class=\"wp-block-separator has-css-opacity is-style-default\" \/>\n\n\n\n<h5 class=\"wp-block-heading has-text-align-center has-x-large-font-size\">Galeria de Im\u00e1genes<\/h5>\n\n\n\n<hr class=\"wp-block-separator has-css-opacity\" \/>\n\n\n\n<figure class=\"wp-block-gallery has-nested-images columns-default is-cropped wp-block-gallery-1 is-layout-flex wp-block-gallery-is-layout-flex\">\n<figure class=\"wp-block-image size-full\"><a href=\"https:\/\/youtu.be\/zk1aAcPgMJo?si=IdF8ZXfBwmewhn5K\"><img loading=\"lazy\" decoding=\"async\" width=\"1685\" height=\"1105\" data-id=\"396\" src=\"https:\/\/blog.uclm.es\/juliocesarcisneros\/wp-content\/uploads\/sites\/329\/2025\/11\/File0185.jpg\" alt=\"\" class=\"wp-image-396\" srcset=\"https:\/\/blog.uclm.es\/juliocesarcisneros\/wp-content\/uploads\/sites\/329\/2025\/11\/File0185.jpg 1685w, https:\/\/blog.uclm.es\/juliocesarcisneros\/wp-content\/uploads\/sites\/329\/2025\/11\/File0185-300x197.jpg 300w, https:\/\/blog.uclm.es\/juliocesarcisneros\/wp-content\/uploads\/sites\/329\/2025\/11\/File0185-1024x672.jpg 1024w, https:\/\/blog.uclm.es\/juliocesarcisneros\/wp-content\/uploads\/sites\/329\/2025\/11\/File0185-768x504.jpg 768w, https:\/\/blog.uclm.es\/juliocesarcisneros\/wp-content\/uploads\/sites\/329\/2025\/11\/File0185-1536x1007.jpg 1536w\" sizes=\"auto, (max-width: 1685px) 100vw, 1685px\" \/><\/a><\/figure>\n\n\n\n<figure class=\"wp-block-image size-full\"><a href=\"https:\/\/www.youtube.com\/watch?v=GTXmUoRKc4Q\"><img loading=\"lazy\" decoding=\"async\" width=\"320\" height=\"180\" data-id=\"540\" src=\"https:\/\/blog.uclm.es\/juliocesarcisneros\/wp-content\/uploads\/sites\/329\/2025\/11\/lanubeylatormenta.jpg\" alt=\"\" class=\"wp-image-540\" srcset=\"https:\/\/blog.uclm.es\/juliocesarcisneros\/wp-content\/uploads\/sites\/329\/2025\/11\/lanubeylatormenta.jpg 320w, https:\/\/blog.uclm.es\/juliocesarcisneros\/wp-content\/uploads\/sites\/329\/2025\/11\/lanubeylatormenta-300x169.jpg 300w\" sizes=\"auto, (max-width: 320px) 100vw, 320px\" \/><\/a><\/figure>\n\n\n\n<figure class=\"wp-block-image size-full\"><a href=\"https:\/\/www.youtube.com\/watch?v=tqAyqQxfejQ&amp;t=440s\"><img loading=\"lazy\" decoding=\"async\" width=\"667\" height=\"500\" data-id=\"398\" src=\"https:\/\/blog.uclm.es\/juliocesarcisneros\/wp-content\/uploads\/sites\/329\/2025\/11\/teatro-y-apariencia.jpg\" alt=\"\" class=\"wp-image-398\" srcset=\"https:\/\/blog.uclm.es\/juliocesarcisneros\/wp-content\/uploads\/sites\/329\/2025\/11\/teatro-y-apariencia.jpg 667w, https:\/\/blog.uclm.es\/juliocesarcisneros\/wp-content\/uploads\/sites\/329\/2025\/11\/teatro-y-apariencia-300x225.jpg 300w\" sizes=\"auto, (max-width: 667px) 100vw, 667px\" \/><\/a><\/figure>\n\n\n\n<figure class=\"wp-block-image size-full\"><a href=\"https:\/\/www.youtube.com\/watch?v=zdPxYRaNWIk&amp;list=RDzdPxYRaNWIk&amp;start_radio=1\"><img loading=\"lazy\" decoding=\"async\" width=\"426\" height=\"419\" data-id=\"401\" src=\"https:\/\/blog.uclm.es\/juliocesarcisneros\/wp-content\/uploads\/sites\/329\/2025\/11\/IMG_20220101_121208.jpg\" alt=\"\" class=\"wp-image-401\" srcset=\"https:\/\/blog.uclm.es\/juliocesarcisneros\/wp-content\/uploads\/sites\/329\/2025\/11\/IMG_20220101_121208.jpg 426w, https:\/\/blog.uclm.es\/juliocesarcisneros\/wp-content\/uploads\/sites\/329\/2025\/11\/IMG_20220101_121208-300x295.jpg 300w\" sizes=\"auto, (max-width: 426px) 100vw, 426px\" \/><\/a><\/figure>\n\n\n\n<figure class=\"wp-block-image size-full\"><a href=\"https:\/\/www.youtube.com\/watch?v=l6uGSnN9IUo&amp;t=760s\"><img loading=\"lazy\" decoding=\"async\" width=\"1280\" height=\"720\" data-id=\"399\" src=\"https:\/\/blog.uclm.es\/juliocesarcisneros\/wp-content\/uploads\/sites\/329\/2025\/11\/lucha-discapacidad-1.jpg\" alt=\"\" class=\"wp-image-399\" srcset=\"https:\/\/blog.uclm.es\/juliocesarcisneros\/wp-content\/uploads\/sites\/329\/2025\/11\/lucha-discapacidad-1.jpg 1280w, https:\/\/blog.uclm.es\/juliocesarcisneros\/wp-content\/uploads\/sites\/329\/2025\/11\/lucha-discapacidad-1-300x169.jpg 300w, https:\/\/blog.uclm.es\/juliocesarcisneros\/wp-content\/uploads\/sites\/329\/2025\/11\/lucha-discapacidad-1-1024x576.jpg 1024w, https:\/\/blog.uclm.es\/juliocesarcisneros\/wp-content\/uploads\/sites\/329\/2025\/11\/lucha-discapacidad-1-768x432.jpg 768w\" sizes=\"auto, (max-width: 1280px) 100vw, 1280px\" \/><\/a><\/figure>\n\n\n\n<figure class=\"wp-block-image size-full\"><a href=\"https:\/\/www.youtube.com\/watch?v=pWyocC6lN6A\"><img loading=\"lazy\" decoding=\"async\" width=\"1140\" height=\"855\" data-id=\"542\" src=\"https:\/\/blog.uclm.es\/juliocesarcisneros\/wp-content\/uploads\/sites\/329\/2025\/11\/conferencia-zacatecas.webp\" alt=\"\" class=\"wp-image-542\" srcset=\"https:\/\/blog.uclm.es\/juliocesarcisneros\/wp-content\/uploads\/sites\/329\/2025\/11\/conferencia-zacatecas.webp 1140w, https:\/\/blog.uclm.es\/juliocesarcisneros\/wp-content\/uploads\/sites\/329\/2025\/11\/conferencia-zacatecas-300x225.webp 300w, https:\/\/blog.uclm.es\/juliocesarcisneros\/wp-content\/uploads\/sites\/329\/2025\/11\/conferencia-zacatecas-1024x768.webp 1024w, https:\/\/blog.uclm.es\/juliocesarcisneros\/wp-content\/uploads\/sites\/329\/2025\/11\/conferencia-zacatecas-768x576.webp 768w\" sizes=\"auto, (max-width: 1140px) 100vw, 1140px\" \/><\/a><\/figure>\n\n\n\n<figure class=\"wp-block-image size-full\"><a href=\"https:\/\/www.youtube.com\/watch?v=Lt_FhgPVGA0&amp;list=RDLt_FhgPVGA0&amp;start_radio=1\"><img loading=\"lazy\" decoding=\"async\" width=\"1200\" height=\"1600\" data-id=\"404\" src=\"https:\/\/blog.uclm.es\/juliocesarcisneros\/wp-content\/uploads\/sites\/329\/2025\/11\/IMG-20210810-WA0026.jpg\" alt=\"\" class=\"wp-image-404\" srcset=\"https:\/\/blog.uclm.es\/juliocesarcisneros\/wp-content\/uploads\/sites\/329\/2025\/11\/IMG-20210810-WA0026.jpg 1200w, https:\/\/blog.uclm.es\/juliocesarcisneros\/wp-content\/uploads\/sites\/329\/2025\/11\/IMG-20210810-WA0026-225x300.jpg 225w, https:\/\/blog.uclm.es\/juliocesarcisneros\/wp-content\/uploads\/sites\/329\/2025\/11\/IMG-20210810-WA0026-768x1024.jpg 768w, https:\/\/blog.uclm.es\/juliocesarcisneros\/wp-content\/uploads\/sites\/329\/2025\/11\/IMG-20210810-WA0026-1152x1536.jpg 1152w\" sizes=\"auto, (max-width: 1200px) 100vw, 1200px\" \/><\/a><\/figure>\n\n\n\n<figure class=\"wp-block-image size-large\"><a href=\"https:\/\/www.youtube.com\/watch?v=FFGUKUQ1Pao\"><img loading=\"lazy\" decoding=\"async\" width=\"1024\" height=\"1024\" data-id=\"512\" src=\"https:\/\/blog.uclm.es\/juliocesarcisneros\/wp-content\/uploads\/sites\/329\/2025\/11\/IMG-20210811-WA0025-1-1024x1024.jpg\" alt=\"\" class=\"wp-image-512\" srcset=\"https:\/\/blog.uclm.es\/juliocesarcisneros\/wp-content\/uploads\/sites\/329\/2025\/11\/IMG-20210811-WA0025-1-1024x1024.jpg 1024w, https:\/\/blog.uclm.es\/juliocesarcisneros\/wp-content\/uploads\/sites\/329\/2025\/11\/IMG-20210811-WA0025-1-300x300.jpg 300w, https:\/\/blog.uclm.es\/juliocesarcisneros\/wp-content\/uploads\/sites\/329\/2025\/11\/IMG-20210811-WA0025-1-150x150.jpg 150w, https:\/\/blog.uclm.es\/juliocesarcisneros\/wp-content\/uploads\/sites\/329\/2025\/11\/IMG-20210811-WA0025-1-768x768.jpg 768w, https:\/\/blog.uclm.es\/juliocesarcisneros\/wp-content\/uploads\/sites\/329\/2025\/11\/IMG-20210811-WA0025-1.jpg 1100w\" sizes=\"auto, (max-width: 1024px) 100vw, 1024px\" \/><\/a><\/figure>\n\n\n\n<figure class=\"wp-block-image size-full\"><a href=\"https:\/\/www.youtube.com\/watch?v=bjv2c2k-SrM&amp;list=PLuDv5rDSzC89tn1uua9nwIMxrOK6xoleg\"><img loading=\"lazy\" decoding=\"async\" width=\"596\" height=\"1281\" data-id=\"403\" src=\"https:\/\/blog.uclm.es\/juliocesarcisneros\/wp-content\/uploads\/sites\/329\/2025\/11\/IMG_20210815_170709.jpg\" alt=\"\" class=\"wp-image-403\" srcset=\"https:\/\/blog.uclm.es\/juliocesarcisneros\/wp-content\/uploads\/sites\/329\/2025\/11\/IMG_20210815_170709.jpg 596w, https:\/\/blog.uclm.es\/juliocesarcisneros\/wp-content\/uploads\/sites\/329\/2025\/11\/IMG_20210815_170709-140x300.jpg 140w, https:\/\/blog.uclm.es\/juliocesarcisneros\/wp-content\/uploads\/sites\/329\/2025\/11\/IMG_20210815_170709-476x1024.jpg 476w\" sizes=\"auto, (max-width: 596px) 100vw, 596px\" \/><\/a><\/figure>\n\n\n\n<figure class=\"wp-block-image size-large\"><a href=\"https:\/\/www.youtube.com\/watch?v=-O6WGdkOFOU&amp;list=RD-O6WGdkOFOU&amp;start_radio=1\"><img loading=\"lazy\" decoding=\"async\" width=\"768\" height=\"1024\" data-id=\"511\" src=\"https:\/\/blog.uclm.es\/juliocesarcisneros\/wp-content\/uploads\/sites\/329\/2025\/11\/IMG-20211218-WA0008-768x1024.jpg\" alt=\"\" class=\"wp-image-511\" srcset=\"https:\/\/blog.uclm.es\/juliocesarcisneros\/wp-content\/uploads\/sites\/329\/2025\/11\/IMG-20211218-WA0008-768x1024.jpg 768w, https:\/\/blog.uclm.es\/juliocesarcisneros\/wp-content\/uploads\/sites\/329\/2025\/11\/IMG-20211218-WA0008-225x300.jpg 225w, https:\/\/blog.uclm.es\/juliocesarcisneros\/wp-content\/uploads\/sites\/329\/2025\/11\/IMG-20211218-WA0008-1152x1536.jpg 1152w, https:\/\/blog.uclm.es\/juliocesarcisneros\/wp-content\/uploads\/sites\/329\/2025\/11\/IMG-20211218-WA0008.jpg 1200w\" sizes=\"auto, (max-width: 768px) 100vw, 768px\" \/><\/a><\/figure>\n\n\n\n<figure class=\"wp-block-image size-large\"><a href=\"https:\/\/www.youtube.com\/watch?v=uXIGO7gB-eU&amp;list=RDuXIGO7gB-eU&amp;start_radio=1\"><img loading=\"lazy\" decoding=\"async\" width=\"768\" height=\"1024\" data-id=\"509\" src=\"https:\/\/blog.uclm.es\/juliocesarcisneros\/wp-content\/uploads\/sites\/329\/2025\/11\/IMG-20210811-WA0192-768x1024.jpg\" alt=\"\" class=\"wp-image-509\" srcset=\"https:\/\/blog.uclm.es\/juliocesarcisneros\/wp-content\/uploads\/sites\/329\/2025\/11\/IMG-20210811-WA0192-768x1024.jpg 768w, https:\/\/blog.uclm.es\/juliocesarcisneros\/wp-content\/uploads\/sites\/329\/2025\/11\/IMG-20210811-WA0192-225x300.jpg 225w, https:\/\/blog.uclm.es\/juliocesarcisneros\/wp-content\/uploads\/sites\/329\/2025\/11\/IMG-20210811-WA0192-1152x1536.jpg 1152w, https:\/\/blog.uclm.es\/juliocesarcisneros\/wp-content\/uploads\/sites\/329\/2025\/11\/IMG-20210811-WA0192.jpg 1200w\" sizes=\"auto, (max-width: 768px) 100vw, 768px\" \/><\/a><\/figure>\n\n\n\n<figure class=\"wp-block-image size-large\"><a href=\"https:\/\/www.youtube.com\/watch?v=BmXiuOccI7M\"><img loading=\"lazy\" decoding=\"async\" width=\"640\" height=\"480\" data-id=\"566\" src=\"https:\/\/blog.uclm.es\/juliocesarcisneros\/wp-content\/uploads\/sites\/329\/2025\/11\/IMAG0010b.jpg\" alt=\"\" class=\"wp-image-566\" srcset=\"https:\/\/blog.uclm.es\/juliocesarcisneros\/wp-content\/uploads\/sites\/329\/2025\/11\/IMAG0010b.jpg 640w, https:\/\/blog.uclm.es\/juliocesarcisneros\/wp-content\/uploads\/sites\/329\/2025\/11\/IMAG0010b-300x225.jpg 300w\" sizes=\"auto, (max-width: 640px) 100vw, 640px\" \/><\/a><\/figure>\n\n\n\n<figure class=\"wp-block-image size-full\"><a href=\"https:\/\/www.youtube.com\/watch?v=uSjAn4sytlg&amp;list=RDuSjAn4sytlg&amp;start_radio=1\"><img loading=\"lazy\" decoding=\"async\" width=\"1600\" height=\"1200\" data-id=\"405\" src=\"https:\/\/blog.uclm.es\/juliocesarcisneros\/wp-content\/uploads\/sites\/329\/2025\/11\/IMG-20210811-WA0062.jpg\" alt=\"\" class=\"wp-image-405\" srcset=\"https:\/\/blog.uclm.es\/juliocesarcisneros\/wp-content\/uploads\/sites\/329\/2025\/11\/IMG-20210811-WA0062.jpg 1600w, https:\/\/blog.uclm.es\/juliocesarcisneros\/wp-content\/uploads\/sites\/329\/2025\/11\/IMG-20210811-WA0062-300x225.jpg 300w, https:\/\/blog.uclm.es\/juliocesarcisneros\/wp-content\/uploads\/sites\/329\/2025\/11\/IMG-20210811-WA0062-1024x768.jpg 1024w, https:\/\/blog.uclm.es\/juliocesarcisneros\/wp-content\/uploads\/sites\/329\/2025\/11\/IMG-20210811-WA0062-768x576.jpg 768w, https:\/\/blog.uclm.es\/juliocesarcisneros\/wp-content\/uploads\/sites\/329\/2025\/11\/IMG-20210811-WA0062-1536x1152.jpg 1536w\" sizes=\"auto, (max-width: 1600px) 100vw, 1600px\" \/><\/a><\/figure>\n\n\n\n<figure class=\"wp-block-image size-large\"><a href=\"https:\/\/www.youtube.com\/watch?v=cCYGyg1H56s&amp;list=RDcCYGyg1H56s&amp;start_radio=1\"><img loading=\"lazy\" decoding=\"async\" width=\"768\" height=\"1024\" data-id=\"579\" src=\"https:\/\/blog.uclm.es\/juliocesarcisneros\/wp-content\/uploads\/sites\/329\/2025\/11\/WhatsApp-Image-2025-11-29-at-15.51.59-768x1024.jpeg\" alt=\"\" class=\"wp-image-579\" srcset=\"https:\/\/blog.uclm.es\/juliocesarcisneros\/wp-content\/uploads\/sites\/329\/2025\/11\/WhatsApp-Image-2025-11-29-at-15.51.59-768x1024.jpeg 768w, https:\/\/blog.uclm.es\/juliocesarcisneros\/wp-content\/uploads\/sites\/329\/2025\/11\/WhatsApp-Image-2025-11-29-at-15.51.59-225x300.jpeg 225w, https:\/\/blog.uclm.es\/juliocesarcisneros\/wp-content\/uploads\/sites\/329\/2025\/11\/WhatsApp-Image-2025-11-29-at-15.51.59-1152x1536.jpeg 1152w, https:\/\/blog.uclm.es\/juliocesarcisneros\/wp-content\/uploads\/sites\/329\/2025\/11\/WhatsApp-Image-2025-11-29-at-15.51.59.jpeg 1200w\" sizes=\"auto, (max-width: 768px) 100vw, 768px\" \/><\/a><\/figure>\n<\/figure>\n\n\n\n<figure class=\"wp-block-image size-full\"><a href=\"https:\/\/www.youtube.com\/watch?v=NmkaKkhCY14\"><img loading=\"lazy\" decoding=\"async\" width=\"791\" height=\"445\" src=\"https:\/\/blog.uclm.es\/juliocesarcisneros\/wp-content\/uploads\/sites\/329\/2025\/11\/Islascanarias2.webp\" alt=\"\" class=\"wp-image-407\" srcset=\"https:\/\/blog.uclm.es\/juliocesarcisneros\/wp-content\/uploads\/sites\/329\/2025\/11\/Islascanarias2.webp 791w, https:\/\/blog.uclm.es\/juliocesarcisneros\/wp-content\/uploads\/sites\/329\/2025\/11\/Islascanarias2-300x169.webp 300w, https:\/\/blog.uclm.es\/juliocesarcisneros\/wp-content\/uploads\/sites\/329\/2025\/11\/Islascanarias2-768x432.webp 768w\" sizes=\"auto, (max-width: 791px) 100vw, 791px\" \/><\/a><\/figure>\n","protected":false},"excerpt":{"rendered":"<p>\u00abExisten objetos que encarnan la pura transacci\u00f3n, mercanc\u00edas an\u00f3nimas que consumimos para perpetuar el ciclo diario de la producci\u00f3n y la necesidad. Pero emergen otros objetos, aquellos en los que el trabajador se reconoce, que transforman el acto de usar de la mera subsistencia a un gesto de apropiaci\u00f3n, de humanidad reclamada en un mundo [&hellip;]<\/p>\n","protected":false},"author":387,"featured_media":0,"parent":0,"menu_order":0,"comment_status":"closed","ping_status":"closed","template":"","meta":{"footnotes":""},"class_list":["post-209","page","type-page","status-publish","hentry"],"_links":{"self":[{"href":"https:\/\/blog.uclm.es\/juliocesarcisneros\/wp-json\/wp\/v2\/pages\/209","targetHints":{"allow":["GET"]}}],"collection":[{"href":"https:\/\/blog.uclm.es\/juliocesarcisneros\/wp-json\/wp\/v2\/pages"}],"about":[{"href":"https:\/\/blog.uclm.es\/juliocesarcisneros\/wp-json\/wp\/v2\/types\/page"}],"author":[{"embeddable":true,"href":"https:\/\/blog.uclm.es\/juliocesarcisneros\/wp-json\/wp\/v2\/users\/387"}],"replies":[{"embeddable":true,"href":"https:\/\/blog.uclm.es\/juliocesarcisneros\/wp-json\/wp\/v2\/comments?post=209"}],"version-history":[{"count":17,"href":"https:\/\/blog.uclm.es\/juliocesarcisneros\/wp-json\/wp\/v2\/pages\/209\/revisions"}],"predecessor-version":[{"id":582,"href":"https:\/\/blog.uclm.es\/juliocesarcisneros\/wp-json\/wp\/v2\/pages\/209\/revisions\/582"}],"wp:attachment":[{"href":"https:\/\/blog.uclm.es\/juliocesarcisneros\/wp-json\/wp\/v2\/media?parent=209"}],"curies":[{"name":"wp","href":"https:\/\/api.w.org\/{rel}","templated":true}]}}