{"id":145,"date":"2017-09-14T17:00:43","date_gmt":"2017-09-14T16:00:43","guid":{"rendered":"http:\/\/blog.uclm.es\/juanrromero\/?page_id=145&#038;lang=en"},"modified":"2022-11-25T08:57:48","modified_gmt":"2022-11-25T08:57:48","slug":"public-funded-projects","status":"publish","type":"page","link":"https:\/\/blog.uclm.es\/juanrromero\/research\/public-funded-projects\/","title":{"rendered":"Public Funded Projects"},"content":{"rendered":"\n<figure class=\"wp-block-table\"><table><thead><tr><th>Nano composite for building constructions and civil infraestructures: European network pilot production line to promote industrial application cases.<\/th><\/tr><\/thead><tbody><tr><td><strong>Geographical scope:<\/strong> Uni\u00f3n Europea<br><strong>Execution entity<\/strong>: Universidad de Castilla-La Mancha (coordinador: J.L. Valverde, J.F. Rodr\u00edguez, A. de Lucas, P. S\u00e1nchez, A. Romero, F. Dorado, A. de Lucas-Consuegra, M.L. S\u00e1nchez, A.R. de la Osa, M. Carmona, A. Borreguero), Grapheano Nanotechlogies, Acciona Infraestr<br>Names of principal investigators (IP, Co-IP,&#8230;): Jose Luis Valverde Palomino; Paula Sanchez Paredes; Fernando Dorado Fernandez; Amaya Romero Izquierdo; Antonio de Lucas Consuegra; Maria Luz Sanchez Silva; Ana Raquel de la Osa Puebla; Antonio de Lucas Martinez; Juan Francisco Rodriguez Romero; Manuel Salvador Carmona Franco; Ana Maria Borreguero Simon<br><strong>Financing entity:<\/strong> Uni\u00f3n Europea<br><strong>Start date:<\/strong> 01\/01\/2015<br><strong>Duration:<\/strong> 3 years &#8211; 6 months &#8211; 1 d\u00eda<br><strong>Total amount:<\/strong> 6.878.350 \u20ac<\/td><\/tr><\/tbody><\/table><\/figure>\n\n\n\n<figure class=\"wp-block-table\"><table><thead><tr><th>S\u00edntesis de micro y nano part\u00edculas de L-Polil\u00e1ctico conteniendo f\u00e1rmacos anticancer\u00edgenos mediante la t\u00e9cnica SAS e impregnaci\u00f3n.<\/th><\/tr><\/thead><tbody><tr><td><strong>Geographical scope:<\/strong> Auton\u00f3mica<br><strong>Names of principal investigators (IP, Co-IP,&#8230;):\u00a0<\/strong>Antonio de Lucas Martinez; Juan Francisco Rodriguez Romero; Ignacio Gracia Fernandez; Manuel Salvador Carmona Franco; Maria Teresa Garcia Gonzalez; Maria Luz Sanchez Silva; Maria Pilar Fernandez Ronco; Rosario Mazarro Berdonces; Ana Maria Borreguero Simon<br><strong>Financing entity:<\/strong>\u00a0Consejer\u00eda de Educaci\u00f3n y Ciencia (PEII 11-0180-8491)<br><strong>Entity type:<\/strong> Organismo, Otros\u00a0<br><strong>Start date: <\/strong>27\/09\/2014<br><strong>Duration: <\/strong>3\u00a0years<br><strong>Total amount:<\/strong>\u00a0195.000 \u20ac<\/td><\/tr><\/tbody><\/table><\/figure>\n\n\n\n<figure class=\"wp-block-table\"><table><thead><tr><th>ACUERDO MARCO DE COLABORACI\u00d3N PARA INVESTIGACI\u00d3N EN MATERIALES AVANZADOS Y SU APLICACI\u00d3N EN CONSTRUCCI\u00d3N.<\/th><\/tr><\/thead><tbody><tr><td><strong>Geographical scope:<\/strong> Otros<br><strong>Names of principal investigators (IP, Co-IP,&#8230;):<\/strong>\u00a0Jose Luis Valverde Palomino; Manuel Salvador Carmona Franco; Juan Francisco Rodriguez Romero; Ana Maria Borreguero Simon<br><strong>Financing entity:<\/strong>\u00a0UCLM<br><strong>Entity type:<\/strong> Organismo, Otros<br><strong>Start date:\u00a0<\/strong>01\/01\/2013<br><strong>Duration:<\/strong>\u00a012 months &#8211; 4 days<br><strong>Total amount:<\/strong>\u00a042.000 \u20ac<\/td><\/tr><\/tbody><\/table><\/figure>\n\n\n\n<figure class=\"wp-block-table\"><table><thead><tr><th>ELIMINACI\u00d3N DE MERCURIO DE AGUAS SUPERFICIALES. SUBTERRANEAS Y DE DRENAJE DE LA ZONA MINERA DE ALMADEN MICROC\u00c1PSULAS CONTENIENDO AGENTES DE EXTRACCI\u00d3N SELECTIVOS.<\/th><\/tr><\/thead><tbody><tr><td><strong>Geographical scope:<\/strong> Nacional<br><strong>Names of principal investigators (IP, Co-IP,&#8230;):<\/strong> Juan Francisco Rodr\u00edguez Romero; \u00c1ngel P\u00e9rez Mart\u00ednez; Manuel Salvador Carmona Franco; Ana Mar\u00eda Borreguero Sim\u00f3n; Angela Alc\u00e1zar Rom\u00e1n <br><strong>Financing entity<\/strong>: SECRETARIA DE ESTADO DE UNIVERSIDADES-SECRETARIA DE ESTADO DE INVESTIGACION<br><strong>Entity type:<\/strong> Organismo, Otros<br><strong>Start date:<\/strong> 01\/01\/2012<br><strong>Duration:<\/strong> 3 years<br><strong>Total amount:<\/strong> 134.310 \u20ac<\/td><\/tr><\/tbody><\/table><\/figure>\n\n\n\n<figure class=\"wp-block-table\"><table><thead><tr><th>CARACTERIZACIO\u0301N DE COMBUSTIBLES: MEDIDA DEL I\u0301NCIDE DE OCTANO DE GASOLINAS Y SUS MEZCLAS DE BIOCARBURANTES.<\/th><\/tr><\/thead><tbody><tr><td><strong>Geographical scope<\/strong>: Nacional<br><strong>Names of principal investigators (IP, Co-IP,&#8230;):<\/strong> Juan Francisco Rodriguez Romero<br><strong>Financing entity:<\/strong> SECRETARIA DE ESTADO DE UNIVERSIDADES-SECRETARIA DE ESTADO DE INVESTIGACION<br><strong>Entity type:<\/strong> Organismo, Otros<br><strong>Start date:<\/strong> 01\/01\/2011<br><strong>Duration:<\/strong> 10 months &#8211; 18 days<br><strong>Total amount:<\/strong> 117.000 \u20ac<\/td><\/tr><\/tbody><\/table><\/figure>\n\n\n\n<figure class=\"wp-block-table\"><table><thead><tr><th>CARACTERIZACIO\u0301N DE PCMS PARA EL AHORRO ENERGE\u0301TICO EN EDIFICIOS Y EN LA MEJORA DEL CONFORT EN PRENDAS DE VESTIR O EN EL CALZADO.<\/th><\/tr><\/thead><tbody><tr><td><strong>Geographical scope:<\/strong> Nacional<br><strong>Names of principal investigators (IP, Co-IP,&#8230;):<\/strong> Juan Francisco Rodriguez Romero<br><strong>Financing entity:<\/strong> SECRETARIA DE ESTADO DE UNIVERSIDADES-SECRETARIA DE ESTADO DE INVESTIGACION<br><strong>Entity type:<\/strong> Organismo, Otros<br><strong>Start date:<\/strong> 01\/01\/2011<br><strong>Duration:<\/strong> 10 months &#8211; 18 days<br><strong>Total amount<\/strong>: 67.800 \u20ac<\/td><\/tr><\/tbody><\/table><\/figure>\n\n\n\n<figure class=\"wp-block-table\"><table><thead><tr><th>New Advanced Insulation Phase Change Materials (NANOPCM).<\/th><\/tr><\/thead><tbody><tr><td><strong>Geographical scope:<\/strong> Uni\u00f3n Europea<br><strong>Execution entity:<\/strong> ACCIONA (coordinador), Fundaci\u00f3n Tekniker, Active Space Technologies GmbH, DIAD Group SRL, PCM Products Ltd, Purinova Sp. z o. o., Universidad de Castilla-La Mancha (Jose Luis Valverde, Antonio de Lucas, Juan Francisco Rodr\u00edguez, Paula S\u00e1nchez, Manue<br><strong>Names of principal investigators (IP, Co-IP,&#8230;):<\/strong> Jose Luis Valverde Palomino; Antonio de Lucas Martinez; Juan Francisco Rodriguez Romero; Paula Sanchez Paredes; Manuel Salvador Carmona Franco; Amaya Romero Izquierdo; Ana Maria Borreguero Simon<br><strong>Financing entity:<\/strong> 7th programa marco de I+D de la Uni\u00f3n Europea FP7-2010-NMP-ENV-ENERY-ICT-EeB (Grant Agreement: 260056)<br><strong>Entity type:<\/strong> Organismo, Otros<br><strong>Start date:<\/strong> 01\/06\/2010<br><strong>Duration:<\/strong> 2 years- 12 months &#8211; 4 days<br><strong>Total amount:<\/strong> 304.906 \u20ac<\/td><\/tr><\/tbody><\/table><\/figure>\n\n\n\n<figure class=\"wp-block-table\"><table><thead><tr><th>Escalado a nivel de planta piloto del proceso de producci\u00f3n de microc\u00e1psulas conteniendo materiales termorreguladores.<\/th><\/tr><\/thead><tbody><tr><td><strong>Geographical scope:<\/strong> Otros<br><strong>Names of principal investigators (IP, Co-IP,&#8230;):<\/strong> Juan Francisco Rodriguez Romero; Paula Sanchez Paredes; Maria Luz Sanchez Silva<br><strong>Financing entity: <\/strong>Asociaci\u00f3n para la Incorporaci\u00f3n de Nuevas Tecnolog\u00edas a la Empresa (ASINTEC)<br><strong>Entity type:<\/strong> Organismo, Otros<br><strong>Start date:<\/strong> 01\/09\/2009<br><strong>Duration:<\/strong> 3 years- 1 d\u00eda<br><strong>Total amount:<\/strong> 110.000 \u20ac<\/td><\/tr><\/tbody><\/table><\/figure>\n\n\n\n<figure class=\"wp-block-table\"><table><thead><tr><th>Co-procesamiento de aceites vegetales en unidades de refino para la produccio\u0301n de biocarburantes.<\/th><\/tr><\/thead><tbody><tr><td><strong>Geographical scope:<\/strong> Nacional<br><strong>Execution Entity:<\/strong> Universidad de Castilla-La Mancha, Repsol YPF, Repsol Petr\u00f3leo, Instituto para la Diversificaci\u00f3n y Ahorro de la Energ\u00eda<br><strong>Names of principal investigators (IP, Co-IP,&#8230;):<\/strong> Angel Perez Martinez; Juan Francisco Rodriguez Romero; Ma Jesus Ramos Marcos<br><strong>Financing entity:<\/strong> Proyecto Singular y Estrat\u00e9gico, Ministerio de Ciencia Entity type: Organismo, Otros<br>e Innovaci\u00f3n<br><strong>Start date:<\/strong> 01\/06\/2009<br><strong>Duration:<\/strong> 10 months &#8211; 4 days<br><strong>Total amount<\/strong>: 967.600 \u20ac<\/td><\/tr><\/tbody><\/table><\/figure>\n\n\n\n<figure class=\"wp-block-table\"><table><thead><tr><th>Microencapsulacio\u0301n de agentes de extracci\u00f3n para la separacio\u0301n selectiva de metales pesados.<\/th><\/tr><\/thead><tbody><tr><td><strong>Geographical scope:<\/strong> Nacional<br><strong>Names of principal investigators (IP, Co-IP,&#8230;):<\/strong> Ana Maria Borreguero Simon; Juan Francisco Rodriguez Romero; Maria Luz Sanchez Silva; Manuel Salvador Carmona Franco; Angel Perez Martinez; Prado Gonzalez Arroyo<br><strong>Financing entity: <\/strong>Ministerio de Ciencia y Tecnolog\u00eda (CTQ2008-03474\/PPQ)<br><strong>Start date:<\/strong> 01\/01\/2009<br><strong>Entity type:<\/strong> Organismo, Otros<br><strong>Duration:<\/strong> 2 years- 12 months &#8211; 4 days<br><strong>Total amount:<\/strong> 184.000 \u20ac<\/td><\/tr><\/tbody><\/table><\/figure>\n\n\n\n<figure class=\"wp-block-table\"><table><thead><tr><th>RECICLAJE DE RESIDUOS DE POLIESTIRENO MEDIANTE DISOLUCIO\u0301N A PRESIO\u0301N ATMOSFE\u0301RICA Y ELIMINACIO\u0301N DEL DISOLVENTE MEDIANTE TECNOLOGI\u0301A SUPERCRI\u0301TICA.<\/th><\/tr><\/thead><tbody><tr><td><strong>Geographical scope:<\/strong> Auton\u00f3mica<br><strong>Entidad de realizaci\u00f3n:<\/strong> UCLM<br><strong>Names of principal investigators (IP, Co-IP,&#8230;):<\/strong> Juan Francisco Rodriguez Romero; Antonio de Lucas Martinez; Maria Teresa Garcia Gonzalez; Ignacio Gracia Fernandez; Rosario Mazarro Berdonces; Gema Duque Gutierrez; Maria Pilar Fernandez Ronco; Jesus David Sanchez de Pablo Gonzalez del Campo<br><strong>Financing entity:<\/strong> \u00a0Consejer\u00eda de Ciencia y Tecnolog\u00eda de la Junta de Comunidades de Castilla-La Mancha PBI08-0248-9341<br><strong>Entity type:<\/strong> Organismo, Otros<br><strong>Start date:<\/strong> 01\/02\/2008<br><strong>Duration: <\/strong>2 years- 11 months &#8211; 4 days<br><strong>Total amount<\/strong>: 85.000 \u20ac<\/td><\/tr><\/tbody><\/table><\/figure>\n\n\n\n<figure class=\"wp-block-table\"><table><thead><tr><th>S\u00edntesis e impregnaci\u00f3n de micropart\u00edculas biocompatibles con f\u00e1rmacos en CO2 supercr\u00edtico.<\/th><\/tr><\/thead><tbody><tr><td><strong>Geographical scope:<\/strong> Auton\u00f3mica<br><strong>Names of principal investigators (IP, Co-IP,&#8230;):<\/strong> Antonio de Lucas Martinez; Juan Francisco Rodriguez Romero; Maria Luz Sanchez Silva<br><strong>Financing entity:<\/strong> Consejer\u00eda de Educaci\u00f3n y Ciencia de la Junta de Comunidades de Castilla-La Mancha (PCI08-0122-5998)<br><strong>Start date:<\/strong> 01\/01\/2008<br><strong>Entity type: <\/strong>Organismo, Otros<br><strong>Durantion: <\/strong>3 years<br><strong>Total amount:<\/strong> 250.000 \u20ac<\/td><\/tr><\/tbody><\/table><\/figure>\n\n\n\n<figure class=\"wp-block-table\"><table><thead><tr><th>Adaptaci\u00f3n de la composici\u00f3n y morfolog\u00eda de micropart\u00edculas conteniendo PCMs para su aplicaci\u00f3n en tejidos para tapicer\u00edas e interiores de autom\u00f3viles.<\/th><\/tr><\/thead><tbody><tr><td><strong>Geographical scope:<\/strong> Otros<br><strong>Names of principal investigators (IP, Co-IP,&#8230;):<\/strong> Juan Francisco Rodriguez Romero; Paula Sanchez Paredes; Maria Luz Sanchez Silva<br><strong>Financing entity: <\/strong>Instituto Tecnol\u00f3gico Textil (AITEX) y la empresa ANTECUIR<br><strong>Start date: <\/strong>01\/11\/2007<br><strong>Entity Type:<\/strong> Organismo, Otros.<br><strong>Duration:<\/strong> 6 months \u2013 2 days<br><strong>Total amount:<\/strong> 21.553 \u20ac<\/td><\/tr><\/tbody><\/table><\/figure>\n\n\n\n<figure class=\"wp-block-table\"><table><thead><tr><th>Puesta en marcha y funcionamiento posterior de un laboratorio acreditado de caracterizaci\u00f3n de combustibles y biocombustibles.<\/th><\/tr><\/thead><tbody><tr><td><strong>Geographical scope:<\/strong> Otros<br><strong>Execution Entity: <\/strong>UCLM<br><strong>Names of principal investigators (IP, Co-IP,&#8230;):<\/strong> Maria Lourdes Rodriguez Mayor; Ma Jesus Ramos Marcos; Juan Francisco Rodriguez Romero<br><strong>Financing entity:<\/strong> AGECAM Entity type: Organismo, Otros<br><strong>Start date:<\/strong> 01\/07\/2007<br><strong>Duration:<\/strong> 4 years &#8211; 1 day<br><strong>Total amount:<\/strong> 50.000 \u20ac<\/td><\/tr><\/tbody><\/table><\/figure>\n\n\n\n<figure class=\"wp-block-table\"><table><thead><tr><th>Optimizaci\u00f3n de proceso de producci\u00f3n de microc\u00e1psulas polim\u00e9ricas conteniendo PCMs para su aplicaci\u00f3n en nuevos tejidos.<\/th><\/tr><\/thead><tbody><tr><td><strong>Geographical scope:<\/strong> Otros<br><strong>Names of principal investigators (IP, Co-IP,&#8230;): Juan<\/strong> Francisco Rodriguez Romero; Paula Sanchez Paredes; Maria Luz Sanchez Silva<br><strong>Financing entity: <\/strong>Asociaci\u00f3n para la Incorporaci\u00f3n de Nuevas Tecnolog\u00edas a la Empresa (ASINTEC)<br><strong>Start date:<\/strong> 01\/01\/2007<br><strong>Entity type:<\/strong> Organismo, Otros<br><strong>Duration: <\/strong>1 year &#8211; 1 mes &#8211; 1 d\u00eda<br><strong>Total amount:<\/strong> 30.000 \u20ac<\/td><\/tr><\/tbody><\/table><\/figure>\n\n\n\n<figure class=\"wp-block-table\"><table><thead><tr><th>DESIGN, CONSTRUCTION AND VALIDATION OF A PILOT INSTALLATION FOR SAFE DEPOSIT OF SURPLUS MERCURY METAL FROM THE EUROPEAN INDUSTRY ((MERSADE ? LIFE06 ENV\/ES\/PREP\/03)).<\/th><\/tr><\/thead><tbody><tr><td><strong>Geographical scope:<\/strong> Uni\u00f3n Europea<br><strong>Execution Entity<\/strong>: Universidad de Castilla la Mancha. Empresa P\u00fablica Minas de Almad\u00e9n y Arrayanes, S.A. (M.A.Y.A.S.A.)<br><strong>Names of principal investigators (IP, Co-IP,&#8230;):<\/strong> Pablo Leon Higueras Higueras; Manuel Ramos Pino; Doroteo Verastegui Rayo; Saturnino Lorenzo Alvarez; Angel Carnicer Mena; Jesus Maria Frades Payo; Miguel Angel Alonso del Pino; Francisca Santiago Jimenez; Juan Francisco Rodriguez Romero; Carlos Jesus Sanchez Jimenez; Francisco Jesus Garcia Navarro; Jose Maria Esbri Victor; Manuel Salvador Carmona Franco; Eva Maria Garcia Noguero<br><strong>Financing entity:<\/strong> Financiado (50%) por el Programa europeo LIFE06 ENV. Presupuesto total del Proyecto: 4.299.375 Euros (50%: 2.103.745). Presupuesto UCLM: 778.171 Euros (50%=354393)<br><strong>Entity Type<\/strong>: Organismo,Otros<br><strong>Start date:<\/strong> 01\/10\/2006<br><strong>Duration: <\/strong>3 years<br><strong>Total amount:<\/strong> 4.299.375 \u20ac<\/td><\/tr><\/tbody><\/table><\/figure>\n\n\n\n<figure class=\"wp-block-table\"><table><thead><tr><th>DESARROLLO DE NUEVO CONOCIMIENTO Y TECNOLOGI\u0301A INTELIGENTE EN MATERIALES ORGA\u0301NICOS Y CERA\u0301MICOS, ORIENTADO A LA MEJORA DE LA PRODUCTIVIDAD Y LA CREACIO\u0301N DE NEGOCIO EN EL A\u0301MBITO DE UNA EDIFICACIO\u0301N MA\u0301S SOSTENIBLE (CENIT PROMETEO) CTR06-0169.<\/th><\/tr><\/thead><tbody><tr><td><strong>Geographical scope:<\/strong> Otros<br><strong>Names of principal investigators (IP, Co-IP,&#8230;):<\/strong> Jose Luis Valverde Palomino; Manuel Salvador Carmona Franco; Antonio de Lucas Martinez; Juan Francisco Rodriguez Romero<br><strong>Financing entity:<\/strong> ACCIONA INFRAESTRUCTURAS, S.A.<br><strong>Entity type:<\/strong> Organismo, Otros<br><strong>Start date:<\/strong> 04\/09\/2006<br><strong>Duration:<\/strong> 3 years<br><strong>Total amount:<\/strong> 208.800 \u20ac<\/td><\/tr><\/tbody><\/table><\/figure>\n\n\n\n<figure class=\"wp-block-table\"><table><thead><tr><th>DESARROLLO DE UNA NUEVA TECNOLOGIA PARA EL RECICLAJEDE RESIDUOS DE ESPUMA DE POLIESTIENO MEDIANTE REDUCCIO\u0301N DE VOLUMEN POR DISOLUCIO\u0301N.<\/th><\/tr><\/thead><tbody><tr><td><strong>Geographical scope:<\/strong> Auton\u00f3mica<br><strong>Names of principal investigators (IP, Co-IP,&#8230;):<\/strong> Juan Francisco Rodriguez Romero; Antonio de Lucas Martinez; Ignacio Gracia Fernandez; Manuel Salvador Carmona Franco; Maria Teresa Garcia Gonzalez; Carolina Molero Cerezo<br><strong>Financing entity: <\/strong>Consejer\u00eda de Ciencia y Tecnolog\u00eda de la Junta de Comunidades de Castilla-La Mancha PBI06-0139<br><strong>Start date:<\/strong> 09\/05\/2006<br><strong>Entity type:<\/strong> Organismo, Otros<br><strong>Duration:<\/strong> 2 years<br><strong>Total amount:<\/strong> 90.000 \u20ac<\/td><\/tr><\/tbody><\/table><\/figure>\n\n\n\n<figure class=\"wp-block-table\"><table><thead><tr><th>DESARROLLO DE UNA NUEVA TECNOLOGI\u0301A PARA LA RECUPERACIO\u0301N DE RESIDUOS DE ESPUMA DE POLIURETANO MEDIANTE GLICOLISIS.<\/th><\/tr><\/thead><tbody><tr><td><strong>Geographical scope:<\/strong> Nacional<br><strong>Names of principal investigators (IP, Co-IP,&#8230;):<\/strong> Antonio de Lucas Martinez; Juan Francisco Rodriguez Romero; Maria Lourdes Rodriguez Mayor; Maria Teresa Garcia Gonzalez; Carolina Molero Cerezo<br><strong>Financing entity:<\/strong> SECRETAR\u00cdA DE ESTADO DE UNIVERSIDADES E INVESTIGACI\u00d3N<br><strong>Entity Type<\/strong>: Organismo, Otros<br><strong>Start date:<\/strong> 01\/12\/2005<br><strong>Duration:<\/strong> 3 years<br><strong>Total amount:<\/strong> 156.366 \u20ac<\/td><\/tr><\/tbody><\/table><\/figure>\n\n\n\n<figure class=\"wp-block-table\"><table><thead><tr><th>SINTESIS DE POLIMEROS BIODEGRADABLES PARA LA LIBERACION CONTROLADA DE FARMACOS MEDIANTE TECNOLOGIA SUPERCRITICA.<\/th><\/tr><\/thead><tbody><tr><td><strong>Geographical scope:<\/strong> Auton\u00f3mica<br><strong>Names of principal investigators (IP, Co-IP,&#8230;):<\/strong> Antonio de Lucas Martinez; Ignacio Gracia Fernandez; Juan Francisco Rodriguez Romero; Manuel Salvador Carmona Franco; Maria Teresa Garcia Gonzalez; Carolina Molero Cerezo<br><strong>Financing entity: <\/strong>JUNTA DE COMUNIDADES DE CASTILLA-LA MANCHA<br><strong>Start date:<\/strong> 22\/06\/2005<br><strong>Entity type:<\/strong> Organismo, Otros<br><strong>Duration: <\/strong>2 years- 6 months &#8211; 12 days<br><strong>Total amount:<\/strong> 53.935 \u20ac<\/td><\/tr><\/tbody><\/table><\/figure>\n","protected":false},"excerpt":{"rendered":"<p>Nano composite for building constructions and civil infraestructures: European network pilot production line to promote industrial application cases. Geographical scope: Uni\u00f3n EuropeaExecution entity: Universidad de Castilla-La Mancha (coordinador: J.L. Valverde, J.F. Rodr\u00edguez, A. de Lucas, P. S\u00e1nchez, A. Romero, F. Dorado, A. de Lucas-Consuegra, M.L. S\u00e1nchez, A.R. de la Osa, M. Carmona, A. Borreguero), Grapheano &hellip; <\/p>\n<p class=\"link-more\"><a href=\"https:\/\/blog.uclm.es\/juanrromero\/research\/public-funded-projects\/\" class=\"more-link\">Continuar leyendo<span class=\"screen-reader-text\"> \u00abPublic Funded Projects\u00bb<\/span><\/a><\/p>\n","protected":false},"author":313,"featured_media":0,"parent":129,"menu_order":3,"comment_status":"closed","ping_status":"closed","template":"","meta":{"footnotes":""},"class_list":["post-145","page","type-page","status-publish","hentry"],"_links":{"self":[{"href":"https:\/\/blog.uclm.es\/juanrromero\/wp-json\/wp\/v2\/pages\/145","targetHints":{"allow":["GET"]}}],"collection":[{"href":"https:\/\/blog.uclm.es\/juanrromero\/wp-json\/wp\/v2\/pages"}],"about":[{"href":"https:\/\/blog.uclm.es\/juanrromero\/wp-json\/wp\/v2\/types\/page"}],"author":[{"embeddable":true,"href":"https:\/\/blog.uclm.es\/juanrromero\/wp-json\/wp\/v2\/users\/313"}],"replies":[{"embeddable":true,"href":"https:\/\/blog.uclm.es\/juanrromero\/wp-json\/wp\/v2\/comments?post=145"}],"version-history":[{"count":1,"href":"https:\/\/blog.uclm.es\/juanrromero\/wp-json\/wp\/v2\/pages\/145\/revisions"}],"predecessor-version":[{"id":738,"href":"https:\/\/blog.uclm.es\/juanrromero\/wp-json\/wp\/v2\/pages\/145\/revisions\/738"}],"up":[{"embeddable":true,"href":"https:\/\/blog.uclm.es\/juanrromero\/wp-json\/wp\/v2\/pages\/129"}],"wp:attachment":[{"href":"https:\/\/blog.uclm.es\/juanrromero\/wp-json\/wp\/v2\/media?parent=145"}],"curies":[{"name":"wp","href":"https:\/\/api.w.org\/{rel}","templated":true}]}}