{"id":350,"date":"2020-06-19T11:49:27","date_gmt":"2020-06-19T10:49:27","guid":{"rendered":"http:\/\/blog.uclm.es\/juanmancebo\/?page_id=16"},"modified":"2022-11-09T18:16:19","modified_gmt":"2022-11-09T18:16:19","slug":"actividades","status":"publish","type":"page","link":"https:\/\/blog.uclm.es\/juanmancebo\/actividades\/","title":{"rendered":"Actividades"},"content":{"rendered":"\n<p> Juan Agust\u00edn Mancebo Roca              <\/p>\n\n\n\n<figure class=\"wp-block-table\"><table><tbody><tr><td><strong>2011<\/strong><br><a rel=\"noreferrer noopener\" href=\"http:\/\/www.festivalcroma.com\/\" target=\"_blank\">Croma, festival de cultura contempor\u00e1nea de Albacete<\/a><br><a rel=\"noreferrer noopener\" href=\"https:\/\/www.uclm.es\/noticias\/2011\/marzo\/albacete\/universifilmestaradedicad_7955\" target=\"_blank\">Universifilm, el cine de Danny Boyle<\/a> | <a rel=\"noreferrer noopener\" href=\"http:\/\/www.circaweb.es\/curso.html\" target=\"_blank\">Taller m\u00fasica en Danny Boyle<\/a><br><br><strong>2010<\/strong><br><a rel=\"noreferrer noopener\" href=\"https:\/\/www.uclm.es\/noticias\/2010\/abril\/albacete\/universifilmprofundizaene_7209\" target=\"_blank\">Universifilm, el cine de David Cronenberg<\/a><br><br><strong>2009<\/strong><br><a rel=\"noreferrer noopener\" href=\"https:\/\/www.uclm.es\/noticias\/2009\/marzo\/albacete\/universifilmarrancaconlap_6072\" target=\"_blank\">Universifilm, el cine de Terry Gilliam<\/a><br>Futurismo. los grandes temas<br>Territorios del Quijote<br><br><strong>2008<\/strong><br>Universifilm, cine cubano contempor\u00e1neo<br>Tiempo de Stalin<br><br><strong>2007<\/strong><br>El pa\u00eds de octubre<br><br><strong>2006<\/strong><br>Arte y metr\u00f3polis<\/td><\/tr><\/tbody><\/table><\/figure>\n","protected":false},"excerpt":{"rendered":"<p>Juan Agust\u00edn Mancebo Roca 2011Croma, festival de cultura contempor\u00e1nea de AlbaceteUniversifilm, el cine de Danny Boyle | Taller m\u00fasica en Danny Boyle 2010Universifilm, el cine de David Cronenberg 2009Universifilm, el cine de Terry GilliamFuturismo. los grandes temasTerritorios del Quijote 2008Universifilm, &hellip; <a href=\"https:\/\/blog.uclm.es\/juanmancebo\/actividades\/\">Sigue leyendo <span class=\"meta-nav\">&rarr;<\/span><\/a><\/p>\n","protected":false},"author":38,"featured_media":0,"parent":0,"menu_order":0,"comment_status":"closed","ping_status":"closed","template":"","meta":{"footnotes":""},"class_list":["post-350","page","type-page","status-publish","hentry"],"_links":{"self":[{"href":"https:\/\/blog.uclm.es\/juanmancebo\/wp-json\/wp\/v2\/pages\/350","targetHints":{"allow":["GET"]}}],"collection":[{"href":"https:\/\/blog.uclm.es\/juanmancebo\/wp-json\/wp\/v2\/pages"}],"about":[{"href":"https:\/\/blog.uclm.es\/juanmancebo\/wp-json\/wp\/v2\/types\/page"}],"author":[{"embeddable":true,"href":"https:\/\/blog.uclm.es\/juanmancebo\/wp-json\/wp\/v2\/users\/38"}],"replies":[{"embeddable":true,"href":"https:\/\/blog.uclm.es\/juanmancebo\/wp-json\/wp\/v2\/comments?post=350"}],"version-history":[{"count":5,"href":"https:\/\/blog.uclm.es\/juanmancebo\/wp-json\/wp\/v2\/pages\/350\/revisions"}],"predecessor-version":[{"id":414,"href":"https:\/\/blog.uclm.es\/juanmancebo\/wp-json\/wp\/v2\/pages\/350\/revisions\/414"}],"wp:attachment":[{"href":"https:\/\/blog.uclm.es\/juanmancebo\/wp-json\/wp\/v2\/media?parent=350"}],"curies":[{"name":"wp","href":"https:\/\/api.w.org\/{rel}","templated":true}]}}