{"id":78,"date":"2020-06-08T10:42:29","date_gmt":"2020-06-08T09:42:29","guid":{"rendered":"http:\/\/blog.uclm.es\/juanjosepastor\/?page_id=78"},"modified":"2020-06-08T10:42:29","modified_gmt":"2020-06-08T09:42:29","slug":"gestion-y-administracion-educativa","status":"publish","type":"page","link":"https:\/\/blog.uclm.es\/juanjosepastor\/gestion-y-administracion-educativa\/","title":{"rendered":"Gesti\u00f3n y administraci\u00f3n educativa"},"content":{"rendered":"<p>[vc_row][vc_column][vc_column_text]<\/p>\n<p style=\"text-align: center\"><strong>Juan Jos\u00e9 Pastor Com\u00edn<\/strong><br \/>\nProfesor Titular de Universidad<br \/>\n\u00c1rea de M\u00fasica<br \/>\n<a href=\"mailto:juanjose.pastor@uclm.es\">juanjose.pastor@uclm.es<\/a><\/p>\n<p style=\"text-align: center\">Tlfno. + 34 926 29 53 00. Ext. 3211, 13211; 680 222 487<br \/>\nDepartamento de Did\u00e1ctica de la Expresi\u00f3n Musical,<br \/>\nPl\u00e1stica y Corporal[\/vc_column_text][\/vc_column][\/vc_row][vc_row][vc_column][vc_column_text]<\/p>\n<p style=\"text-align: center\"><strong><a href=\"https:\/\/blog.uclm.es\/juanjosepastor\/libros-y-capitulos-de-libros\/\" target=\"_top\" rel=\"noopener noreferrer\">Libros y Cap\u00edtulos de Libro<\/a> | <a href=\"https:\/\/blog.uclm.es\/juanjosepastor\/articulos\/\" target=\"_top\" rel=\"noopener noreferrer\">Art\u00edculos<\/a> |<a href=\"https:\/\/blog.uclm.es\/juanjosepastor\/otras-publicaciones\/\" target=\"_top\" rel=\"noopener noreferrer\">Otras Publicaciones<\/a> | <a href=\"https:\/\/blog.uclm.es\/juanjosepastor\/congresos\/\" target=\"_top\" rel=\"noopener noreferrer\">Congresos<\/a> | <a href=\"https:\/\/blog.uclm.es\/juanjosepastor\/proyectos-de-investigacion\/\" target=\"_top\" rel=\"noopener noreferrer\">Proyectos de Investigaci\u00f3n\u00a0<\/a> | <a href=\"https:\/\/blog.uclm.es\/juanjosepastor\/estancias-de-investigacion\/\" target=\"_top\" rel=\"noopener noreferrer\">Estancias de Investigaci\u00f3n<\/a> | <a href=\"https:\/\/blog.uclm.es\/juanjosepastor\/formacion-academica\/\" target=\"_top\" rel=\"noopener noreferrer\">Formaci\u00f3n Acad\u00e9mica<\/a> | <a href=\"https:\/\/blog.uclm.es\/juanjosepastor\/actividad-profesional\/\" target=\"_top\" rel=\"noopener noreferrer\">Actividad Profesional<\/a> | <a href=\"https:\/\/blog.uclm.es\/juanjosepastor\/becas-y-premios\/\" target=\"_top\" rel=\"noopener noreferrer\">Becas y Premios<\/a> | <a href=\"https:\/\/blog.uclm.es\/juanjosepastor\/gestion-y-administracion-educativa\/\" target=\"_top\" rel=\"noopener noreferrer\">Gesti\u00f3n y Administraci\u00f3n Educativa<\/a> | <a href=\"https:\/\/blog.uclm.es\/juanjosepastor\/actividad-Docente\/\" target=\"_top\" rel=\"noopener noreferrer\">Actividad Docente\u00a0<\/a> | <a href=\"https:\/\/blog.uclm.es\/juanjosepastor\/cursos-y-seminarios-impartidos\/\" target=\"_top\" rel=\"noopener noreferrer\">Cursos y Seminarios\u00a0Impartidos<\/a> |<a href=\"https:\/\/blog.uclm.es\/juanjosepastor\/cursos-y-seminarios-recibidos\/\" target=\"_top\" rel=\"noopener noreferrer\">Cursos y Seminarios Recibidos\u00a0<\/a> | <a href=\"https:\/\/blog.uclm.es\/juanjosepastor\/varia\" target=\"_top\" rel=\"noopener noreferrer\">Varia<\/a><\/strong><\/p>\n<p>[\/vc_column_text][\/vc_column][\/vc_row][vc_row][vc_column][vc_column_text]<strong>EXPERIENCIA EN LA GESTI\u00d3N Y ADMINISTRACI\u00d3N EDUCATIVA, CIENT\u00cdFICA, TECNOL\u00d3GICA<\/strong><\/p>\n<p><strong>DESEMPE\u00d1O DE CARGOS UNIPERSONALES DE RESPONSABILIDAD EN GESTI\u00d3N UNIVERSITARIA DURANTE AL MENOS UN A\u00d1O<\/strong><\/p>\n<p>Coordinador Acad\u00e9mico de las actividades culturales del Campus de Ciudad Real y Coordinador del Aula Cultural Universidad Abierta desde septiembre de 2003 hasta septiembre de 2009<\/p>\n<p>Director Acad\u00e9mico del Vicerrectorado del Campus de Ciudad Real y Cooperaci\u00f3n Cultural desde octubre de 2009 hasta la fecha.<\/p>\n<p><strong>DESEMPE\u00d1O DE PUESTOS EN EL ENTORNO EDUCATIVO, CIENT\u00cdFICO O TECNOL\u00d3GICO DENTRO DE LAS COMUNIDADES AUT\u00d3NOMAS DURANTE AL MENOS UN A\u00d1O<\/strong><\/p>\n<p>Director del Departamento Did\u00e1ctico de M\u00fasica. Junta de Comunidades de Castilla-La Mancha. Consejer\u00eda de Educaci\u00f3n; Delegaci\u00f3n Provincial de Ciudad Real. Nombramiento: 1 de septiembre de 2000. Cese: 1 de septiembre de 2004.<\/p>\n<p><strong>OTROS M\u00c9RITOS RELACIONADOS CON LA EXPERIENCIA EN GESTI\u00d3N Y ADMINISTRACI\u00d3N<\/strong><\/p>\n<p>Miembro del Departamento de Filolog\u00eda Hisp\u00e1nica y Cl\u00e1sica de la Universidad de Castilla-La Mancha como becario de Investigaci\u00f3n de la Junta de Comunidades de Castilla-La Mancha. Alta: 01\/01\/1997. Baja: 01\/07\/2000.<\/p>\n<p>Miembro nato del Departamento de Did\u00e1ctica de la Expresi\u00f3n Musical, Pl\u00e1stica y Corporal de la Universidad de Castilla-La Mancha. Alta: 22\/12\/2005.<\/p>\n<p>Miembro de la Junta de Escuela de la E. U. de Magisterio de Ciudad Real (Universidad de Castilla-La Mancha). Alta: 3 de abril de 2008. Baja: 3 de septiembre de 2009<\/p>\n<p>Miembro de la Comisi\u00f3n Sectorial de las \u00c1reas de M\u00fasica y Did\u00e1ctica de la Expresi\u00f3n Musical del Consejo de Departamento de Did\u00e1ctica de Expresi\u00f3n Musical, Pl\u00e1stica y Corporal de la Universidad de Castilla-La Mancha, encargada del estudio, dise\u00f1o y elaboraci\u00f3n de los nuevos planes de estudio de Grado y Postgrado.<\/p>\n<p>Miembro del Consejo Editorial del American Biographical Institute. Estados Unidos. <a href=\"http:\/\/www.abiworldwide.com\/\">http:\/\/www.abiworldwide.com\/<\/a><\/p>\n<p>Secretario y miembro del Consejo Editorial de la revista Multi\u00e1rea: Revista de Did\u00e1ctica (ISSN: 1886-1024). DIALNET, DICE, CINDOC, IN-RECS, LATINDEX.<\/p>\n<p style=\"text-align: right\"><a href=\"https:\/\/blog.uclm.es\/juanjosepastor\">Inicio<\/a><\/p>\n<p>[\/vc_column_text][\/vc_column][\/vc_row]<\/p>\n","protected":false},"excerpt":{"rendered":"<p>[vc_row][vc_column][vc_column_text] Juan Jos\u00e9 Pastor Com\u00edn Profesor Titular de Universidad \u00c1rea de M\u00fasica juanjose.pastor@uclm.es Tlfno. + 34 926 29 53 00. Ext. 3211, 13211; 680 222 487 Departamento de Did\u00e1ctica de la Expresi\u00f3n Musical, Pl\u00e1stica y Corporal[\/vc_column_text][\/vc_column][\/vc_row][vc_row][vc_column][vc_column_text] Libros y Cap\u00edtulos de Libro | Art\u00edculos |Otras Publicaciones | Congresos | Proyectos de Investigaci\u00f3n\u00a0 | Estancias de Investigaci\u00f3n &hellip; <a href=\"https:\/\/blog.uclm.es\/juanjosepastor\/gestion-y-administracion-educativa\/\" class=\"more-link\">Seguir leyendo <span class=\"screen-reader-text\">Gesti\u00f3n y administraci\u00f3n educativa<\/span> <span class=\"meta-nav\">&rarr;<\/span><\/a><\/p>\n","protected":false},"author":140,"featured_media":0,"parent":0,"menu_order":0,"comment_status":"closed","ping_status":"closed","template":"","meta":{"footnotes":""},"class_list":["post-78","page","type-page","status-publish","hentry"],"_links":{"self":[{"href":"https:\/\/blog.uclm.es\/juanjosepastor\/wp-json\/wp\/v2\/pages\/78","targetHints":{"allow":["GET"]}}],"collection":[{"href":"https:\/\/blog.uclm.es\/juanjosepastor\/wp-json\/wp\/v2\/pages"}],"about":[{"href":"https:\/\/blog.uclm.es\/juanjosepastor\/wp-json\/wp\/v2\/types\/page"}],"author":[{"embeddable":true,"href":"https:\/\/blog.uclm.es\/juanjosepastor\/wp-json\/wp\/v2\/users\/140"}],"replies":[{"embeddable":true,"href":"https:\/\/blog.uclm.es\/juanjosepastor\/wp-json\/wp\/v2\/comments?post=78"}],"version-history":[{"count":0,"href":"https:\/\/blog.uclm.es\/juanjosepastor\/wp-json\/wp\/v2\/pages\/78\/revisions"}],"wp:attachment":[{"href":"https:\/\/blog.uclm.es\/juanjosepastor\/wp-json\/wp\/v2\/media?parent=78"}],"curies":[{"name":"wp","href":"https:\/\/api.w.org\/{rel}","templated":true}]}}