{"id":67,"date":"2020-06-08T11:23:07","date_gmt":"2020-06-08T10:23:07","guid":{"rendered":"http:\/\/blog.uclm.es\/juanjosepastor\/?page_id=67"},"modified":"2020-06-08T11:23:07","modified_gmt":"2020-06-08T10:23:07","slug":"proyectos-de-investigacion","status":"publish","type":"page","link":"https:\/\/blog.uclm.es\/juanjosepastor\/proyectos-de-investigacion\/","title":{"rendered":"Proyectos de investigaci\u00f3n"},"content":{"rendered":"<p>[vc_row][vc_column][vc_column_text]<\/p>\n<p style=\"text-align: center\"><strong>Juan Jos\u00e9 Pastor Com\u00edn<\/strong><br \/>\nProfesor Titular de Universidad<br \/>\n\u00c1rea de M\u00fasica<br \/>\n<a href=\"mailto:juanjose.pastor@uclm.es\">juanjose.pastor@uclm.es<\/a><\/p>\n<p style=\"text-align: center\">Tlfno. + 34 926 29 53 00. Ext. 3211, 13211; 680 222 487<br \/>\nDepartamento de Did\u00e1ctica de la Expresi\u00f3n Musical,<br \/>\nPl\u00e1stica y Corporal<\/p>\n<p>[\/vc_column_text][\/vc_column][\/vc_row][vc_row][vc_column][vc_column_text]<\/p>\n<p style=\"text-align: center\"><strong><a href=\"https:\/\/blog.uclm.es\/juanjosepastor\/libros-y-capitulos-de-libros\/\" target=\"_top\" rel=\"noopener noreferrer\">Libros y Cap\u00edtulos de Libro<\/a> | <a href=\"https:\/\/blog.uclm.es\/juanjosepastor\/articulos\/\" target=\"_top\" rel=\"noopener noreferrer\">Art\u00edculos<\/a> |<a href=\"https:\/\/blog.uclm.es\/juanjosepastor\/otras-publicaciones\/\" target=\"_top\" rel=\"noopener noreferrer\">Otras Publicaciones<\/a> | <a href=\"https:\/\/blog.uclm.es\/juanjosepastor\/congresos\/\" target=\"_top\" rel=\"noopener noreferrer\">Congresos<\/a> | <a href=\"https:\/\/blog.uclm.es\/juanjosepastor\/proyectos-de-investigacion\/\" target=\"_top\" rel=\"noopener noreferrer\">Proyectos de Investigaci\u00f3n\u00a0<\/a> | <a href=\"https:\/\/blog.uclm.es\/juanjosepastor\/estancias-de-investigacion\/\" target=\"_top\" rel=\"noopener noreferrer\">Estancias de Investigaci\u00f3n<\/a> | <a href=\"https:\/\/blog.uclm.es\/juanjosepastor\/formacion-academica\/\" target=\"_top\" rel=\"noopener noreferrer\">Formaci\u00f3n Acad\u00e9mica<\/a> | <a href=\"https:\/\/blog.uclm.es\/juanjosepastor\/actividad-profesional\/\" target=\"_top\" rel=\"noopener noreferrer\">Actividad Profesional<\/a> | <a href=\"https:\/\/blog.uclm.es\/juanjosepastor\/becas-y-premios\/\" target=\"_top\" rel=\"noopener noreferrer\">Becas y Premios<\/a> | <a href=\"https:\/\/blog.uclm.es\/juanjosepastor\/gestion-y-administracion-educativa\/\" target=\"_top\" rel=\"noopener noreferrer\">Gesti\u00f3n y Administraci\u00f3n Educativa<\/a> | <a href=\"https:\/\/blog.uclm.es\/juanjosepastor\/actividad-Docente\/\" target=\"_top\" rel=\"noopener noreferrer\">Actividad Docente\u00a0<\/a> | <a href=\"https:\/\/blog.uclm.es\/juanjosepastor\/cursos-y-seminarios-impartidos\/\" target=\"_top\" rel=\"noopener noreferrer\">Cursos y Seminarios\u00a0Impartidos<\/a> |<a href=\"https:\/\/blog.uclm.es\/juanjosepastor\/cursos-y-seminarios-recibidos\/\" target=\"_top\" rel=\"noopener noreferrer\">Cursos y Seminarios Recibidos\u00a0<\/a> | <a href=\"https:\/\/blog.uclm.es\/juanjosepastor\/varia\" target=\"_top\" rel=\"noopener noreferrer\">Varia<\/a><\/strong><\/p>\n<p>[\/vc_column_text][\/vc_column][\/vc_row][vc_row][vc_column][vc_column_text]<strong>PROYECTOS DE INVESTIGACI\u00d3N SUBVENCIONADOS EN CONVOCATORIAS COMPETITIVAS<\/strong><\/p>\n<p>Cat\u00e1logo de argumentos, temas y motivos de la Comedia Espa\u00f1ola. I. Rojas Zorrilla y Cubillo de Arag\u00f3n (PB 95-0516-C03-01). Ministerio de Educaci\u00f3n y Ciencia. Entidades Participantes: Universidad de Castilla-La Mancha, Universidad Aut\u00f3noma de Barcelona, Universidad de Girona. Duraci\u00f3n: 01-11-1996 \/ 01-11-1999 (48 meses). Dotaci\u00f3n: 14063,68 \u20ac (2.340.000 pts). Investigador Principal: Felipe B. Pedraza Jim\u00e9nez. N.\u00ba de participantes: 8. Condici\u00f3n: Investigador colaborador con dedicaci\u00f3n compartida. Aportaci\u00f3n al proyecto: Estudio de las relaciones entre M\u00fasica y Teatro en el Siglo de Oro, as\u00ed como su traducci\u00f3n did\u00e1ctica a diferentes etapas educativas. Como consecuencia de esta participaci\u00f3n se publicaron varias ponencias en torno a Rojas y a Calder\u00f3n \u2013\u201cLa m\u00fasica como recurso dram\u00e1tico en la obra de Rojas Zorrilla (ISBN: 84-8427-073-4, PP. 243-269, indexado en RILM, DIALNET y PIO) y \u201cNi amor se libra de amor\u201d (ISBN 84-8427-138-2, Indexado en RILM, DIALNET Y PIO)<\/p>\n<p>T\u00e9cnicas dram\u00e1ticas de la comedia espa\u00f1ola I. Rojas Zorrilla y Cubillo de Arag\u00f3n. (PB 1998-0314-C04-01). Ministerio de Ciencia y Tecnolog\u00eda. Entidades Participantes: Universidad de Castilla-La Mancha, Universidad Aut\u00f3noma de Barcelona, Universidad de Girona. Duraci\u00f3n: 30-12-1998 \/ 30-12-2002 (48 meses). Dotaci\u00f3n: 13462,47 \u20ac. Investigador Principal: Felipe B. Pedraza Jim\u00e9nez. N.\u00ba de participantes: 8. Condici\u00f3n: Investigador colaborador con dedicaci\u00f3n compartida. Aportaci\u00f3n al proyecto: Estudio de las relaciones entre M\u00fasica y Literatura orientadas hacia el Teatro del Siglo de Oro y desde una perspectiva did\u00e1ctica interdisciplinario. Fruto de esta investigaci\u00f3n son los trabajos \u201cLa comedia de enredo: Abre el ojo de Francisco de Rojas Zorrilla y El amor al uso de Antonio de Sol\u00eds\u201d, Epos, XVI, ISSN 0213-201X, pp. 149-174 e indexada en LATINDEX, ISOC, etc\u2026<\/p>\n<p>Did\u00e1ctica de la Expresi\u00f3n Musical: Investigaci\u00f3n en el Aula. Excma. Diputaci\u00f3n Provincial de Cuenca. Duraci\u00f3n: 13-09-1999 \/ 13-09-2000 (12 meses). Dotaci\u00f3n: 3000 \u20ac. N.\u00ba de participantes: 1. Investigador Principal: Juan Jos\u00e9 Pastor Com\u00edn. Aportaci\u00f3n al proyecto: Investigaci\u00f3n y estudio de algunos de los factores pedag\u00f3gicos propios de las did\u00e1cticas espec\u00edficas, as\u00ed como de las intervenciones adecuadas en el aula que afectan al \u00e1mbito educativo de Primaria y Secundaria dentro de la Did\u00e1ctica de la Expresi\u00f3n Musical<\/p>\n<p>G\u00e9neros dram\u00e1ticos de la Comedia Espa\u00f1ola I. Rojas Zorrilla y Cubillo de Arag\u00f3n (BFF 2002-04092-C04-04). Ministerio de Ciencia y Tecnolog\u00eda. Entidades Participantes: Universidad de Castilla-La Mancha, Universidad Aut\u00f3noma de Barcelona, Universidad de Girona. Duraci\u00f3n: 20-12-2002 \/ 30-12-2005 (48 meses). Dotaci\u00f3n: 13800 \u20ac. Investigador Principal: Felipe B. Pedraza Jim\u00e9nez. N.\u00ba de participantes: 8. Condici\u00f3n: Investigador colaborador con dedicaci\u00f3n compartida. Aportaci\u00f3n al proyecto: Estudio y an\u00e1lisis de la m\u00fasica en el teatro \u00e1ureo con especial atenci\u00f3n a Rojas Zorrilla, as\u00ed como a sus antecedentes dram\u00e1ticos, especialmente al teatro cervantino. Realizaci\u00f3n de distintas adaptaciones did\u00e1cticas y pedag\u00f3gicas a diferentes niveles educativos (Primaria, Secundaria, Universidad).<\/p>\n<p>Proyecto Cervantes I. Banco Santander Central Hispano. Entidades Participantes: Universidad de Castilla-La Mancha, Texas A&amp;M University. Duraci\u00f3n: 01-01-2003 \/ 01-01-2008 (60 meses). Dotaci\u00f3n: 60.000 \u20ac anuales. Investigador principal: Eduardo Urbina (Texas A&amp;M University). N.\u00ba de participantes: 10. Condici\u00f3n: Investigador colaborador con dedicaci\u00f3n compartida. Aportaci\u00f3n al proyecto: Desarrollo de seminarios en torno a Cervantes y la m\u00fasica (promoci\u00f3n de ciclos, conciertos, etc\u2026) as\u00ed como la adaptaci\u00f3n de dichas iniciativas en los diferentes niveles educativos para la elaboraci\u00f3n de nuevos materiales pedag\u00f3gicos en Educaci\u00f3n Primaria y Secundaria.<\/p>\n<p>LENAR. Lenguajes Art\u00edsticos. M\u00fasica, Pintura y Literatura en la Generaci\u00f3n del 27. Universidad de Castilla-La Mancha. Duraci\u00f3n: 01-01-2005 \/ 01-01-2006 (12 meses). Dotaci\u00f3n: 4.000 \u20ac. Investigador principal: Mar\u00eda Rubio Mart\u00edn. N.\u00ba de participantes: 2. Investigador colaborador con dedicaci\u00f3n compartida. Aportaci\u00f3n al proyecto: Estudio de las relaciones musicales y literarias dentro de la Generaci\u00f3n del 27, atendiendo especialmente a los rendimientos did\u00e1cticos en las etapas educativas m\u00e1s avanzadas (Bachillerato y Ense\u00f1anza Secundaria).<\/p>\n<p>Bibliograf\u00eda: Rojas Zorrilla. (HUM 2005-07408-C04-01\/FILO). Ministerio de Educaci\u00f3n y Ciencia. Entidades Participantes: Universidad de Castilla-La Mancha, Universidad Aut\u00f3noma de Barcelona, Universidad Complutense. Duraci\u00f3n: 30-09-2005 \/ 30-09-2007 (36 meses). Dotaci\u00f3n: 18.000 \u20ac. Investigador Principal: Rafael Gonz\u00e1lez Ca\u00f1al. N.\u00ba de participantes: 6. Condici\u00f3n: Investigador colaborador con dedicaci\u00f3n compartida. Aportaci\u00f3n al proyecto: Estudio y an\u00e1lisis de la bibliograf\u00eda relativa a la m\u00fasica y la literatura en el espacio esc\u00e9nico del siglo de oro con el fin de facilitar una herramienta did\u00e1ctica en el \u00e1mbito interdisciplinar de los estudios comparatistas.<\/p>\n<p>La recepci\u00f3n internacional del Quijote I. Universidad de Castilla-La Mancha. Duraci\u00f3n: 01-01-2006 \/ 01-01-2007 (12 meses). Dotaci\u00f3n: 600 \u20ac. Investigador Principal: Christian Hagedorn. N.\u00ba de participantes: 4. Condici\u00f3n: Investigador colaborador con dedicaci\u00f3n compartida. Aportaci\u00f3n al proyecto: Estudio de la recepci\u00f3n musical cervantina y an\u00e1lisis de las relaciones entre el hecho musical y literario. Promoci\u00f3n de unidades did\u00e1cticas y programas interdisciplinares adecuados a las diferentes etapas educativas de la Ense\u00f1anza Secundaria Obligatoria. Estudio y dise\u00f1o de propuestas procedimentales.<\/p>\n<p>Don Quijote por tierras extranjeras. La recepci\u00f3n internacional de la novela cervantina. Universidad de Castilla-La Mancha. Duraci\u00f3n: 01-01-2007 \/ 01-01-2008 (12 meses). Dotaci\u00f3n: 1.200 \u20ac. Investigador Principal: Christian Hagedorn. N.\u00ba de participantes: 5. Condici\u00f3n: Investigador colaborador con dedicaci\u00f3n compartida. Aportaci\u00f3n al proyecto: Estudio de la recepci\u00f3n musical cervantina y an\u00e1lisis de las relaciones entre el hecho musical y literario. Promoci\u00f3n de unidades did\u00e1cticas y programas interdisciplinares adecuados a las diferentes etapas educativas de la Ense\u00f1anza Primaria. Estudio y dise\u00f1o de propuestas procedimentales.<\/p>\n<p>Proyecto Cervantes II. Banco Santander Central Hispano. Entidades Participantes: Universidad de Castilla-La Mancha, Texas A&amp;M University. Duraci\u00f3n: 01-01-2008 \/ 01-01-2013 (60 meses). Dotaci\u00f3n: 60.000 \u20ac. Investigador principal: Eduardo Urbina (Texas A&amp;M University). N.\u00ba de participantes: 10. Desarrollo de seminarios en torno a Cervantes y la m\u00fasica (promoci\u00f3n de ciclos, conciertos, etc\u2026) as\u00ed como la adaptaci\u00f3n de dichas iniciativas en los diferentes niveles educativos para la elaboraci\u00f3n de nuevos materiales pedag\u00f3gicos sobre la plataforma inform\u00e1tica Edici\u00f3n Variorum del Quijote (<a href=\"http:\/\/www.csdl.tamu.edu\/cervantes\/V2\/variorum\/index.htm\">http:\/\/www.csdl.tamu.edu\/cervantes\/V2\/variorum\/index.htm<\/a>) en Educaci\u00f3n Primaria y Secundaria.<\/p>\n<p>El periplo universal de Don Quijote. Investigaciones acerca de la recepci\u00f3n internacional de la novela cervantina. Vicerrectorado de Investigaci\u00f3n de la Universidad de Castilla-La Mancha. Programa Humanidades y Ciencias Sociales; C\u00f3digo: HU20080505; Org\u00e1nica: 011102224. 01-01-2008 \/ 01-01-2009 (12 meses). Dotaci\u00f3n: 1.700 \u20ac. Investigador Principal: Christian Hagedorn. N.\u00ba de participantes: 5. Condici\u00f3n: Investigador colaborador con dedicaci\u00f3n compartida. Aportaci\u00f3n al proyecto: Estudio de la recepci\u00f3n musical cervantina y an\u00e1lisis de las relaciones entre el hecho musical y literario. Promoci\u00f3n de unidades did\u00e1cticas y programas interdisciplinares adecuados a las diferentes etapas educativas de la Ense\u00f1anza Universitaria. Estudio y dise\u00f1o de propuestas procedimentales.<\/p>\n<p>Don Quijote fuera de Espa\u00f1a. Estudios sobre la recepci\u00f3n internacional de la novela cervantina. Vicerrectorado de Investigaci\u00f3n de la Universidad de Castilla-La Mancha. Programa Humanidades y Ciencias Sociales; C\u00f3digo: HU20080505; Org\u00e1nica: 011102224. 01-01-2009 \/ 31-12-2009 (12 meses). Dotaci\u00f3n: 750 \u20ac. Investigador Principal: Christian Hagedorn. N.\u00ba de participantes: 5. Condici\u00f3n: Investigador colaborador con dedicaci\u00f3n compartida. Aportaci\u00f3n al proyecto: Edici\u00f3n y estudio de la obra de Rojas Zorrilla. I. Comedias impresas sueltas (FFI2008-05884-C04-01\/FILO). Ministerio de Ciencia e Innovaci\u00f3n. Fechas: 1-01-2009 a 31-12-2011. Subvenci\u00f3n: 20.000 euros. Participantes: Rafael Gonz\u00e1lez Ca\u00f1al (investigador principal). Elena Marcello, Juan Jos\u00e9 Pastor Com\u00edn, Francisco Florit, Teresa Julio Gim\u00e9nez, Almudena Garc\u00eda Gonz\u00e1lez<\/p>\n<p>Spanish Classical Theatrical Patrimony. Text and Research Instruments. Dirigido por Juan Oleza Sim\u00f3n. Entidad Gestora: Universidad de Valencia. CSD2009-00033. Programa CONSOLIDER INGENIO 2010 (Convocatoria 2009)<\/p>\n<p>Las capillas musicales en Castilla-La Mancha durante el siglo XVIII. Recuperaci\u00f3n de un patrimonio in\u00e9dito. Vicerrectorado de Investigaci\u00f3n de la UCLM. HU20101738. Org\u00e1nica: 0111010205 (Programa 541 A). Dotaci\u00f3n: 2.625 euros. Investigador Principal: Paulino Capdep\u00f3n Verd\u00fa. N\u00ba de participantes: 4. 01\/01\/2010 \/ 31\/12\/2010<\/p>\n<p>Fuentes del patrimonio musical en Castilla-La Mancha: Recuperaci\u00f3n, Catalogaci\u00f3n, Estudio y Creaci\u00f3n de una Base de Datos. Ministerio de Ciencia e Innovaci\u00f3n. Direcci\u00f3n General de Investigaci\u00f3n y Gesti\u00f3n del Plan Nacional I+D+I . Convocatoria de Proyectos I+D de investigaci\u00f3n fundamental no orientada 2010. N\u00famero de referencia: HAR2010-19353. Investigador principal: Paulino Capdep\u00f3n. &#8211; Miembros del equipo: Jos\u00e9 Mar\u00eda Garc\u00eda Laborda, Thomas Schmitt, Juan Jos\u00e9 Pastor, Jos\u00e9 Luis de la Fuente, Vicente Castellanos y Jos\u00e9 Vicente Salido. Dotaci\u00f3n: 30.000 euros.<\/p>\n<p style=\"text-align: right\"><a href=\"https:\/\/blog.uclm.es\/juanjosepastor\">Inicio<\/a><\/p>\n<p>[\/vc_column_text][\/vc_column][\/vc_row]<\/p>\n","protected":false},"excerpt":{"rendered":"<p>[vc_row][vc_column][vc_column_text] Juan Jos\u00e9 Pastor Com\u00edn Profesor Titular de Universidad \u00c1rea de M\u00fasica juanjose.pastor@uclm.es Tlfno. + 34 926 29 53 00. Ext. 3211, 13211; 680 222 487 Departamento de Did\u00e1ctica de la Expresi\u00f3n Musical, Pl\u00e1stica y Corporal [\/vc_column_text][\/vc_column][\/vc_row][vc_row][vc_column][vc_column_text] Libros y Cap\u00edtulos de Libro | Art\u00edculos |Otras Publicaciones | Congresos | Proyectos de Investigaci\u00f3n\u00a0 | Estancias de &hellip; <a href=\"https:\/\/blog.uclm.es\/juanjosepastor\/proyectos-de-investigacion\/\" class=\"more-link\">Seguir leyendo <span class=\"screen-reader-text\">Proyectos de investigaci\u00f3n<\/span> <span class=\"meta-nav\">&rarr;<\/span><\/a><\/p>\n","protected":false},"author":140,"featured_media":0,"parent":0,"menu_order":0,"comment_status":"closed","ping_status":"closed","template":"","meta":{"footnotes":""},"class_list":["post-67","page","type-page","status-publish","hentry"],"_links":{"self":[{"href":"https:\/\/blog.uclm.es\/juanjosepastor\/wp-json\/wp\/v2\/pages\/67","targetHints":{"allow":["GET"]}}],"collection":[{"href":"https:\/\/blog.uclm.es\/juanjosepastor\/wp-json\/wp\/v2\/pages"}],"about":[{"href":"https:\/\/blog.uclm.es\/juanjosepastor\/wp-json\/wp\/v2\/types\/page"}],"author":[{"embeddable":true,"href":"https:\/\/blog.uclm.es\/juanjosepastor\/wp-json\/wp\/v2\/users\/140"}],"replies":[{"embeddable":true,"href":"https:\/\/blog.uclm.es\/juanjosepastor\/wp-json\/wp\/v2\/comments?post=67"}],"version-history":[{"count":0,"href":"https:\/\/blog.uclm.es\/juanjosepastor\/wp-json\/wp\/v2\/pages\/67\/revisions"}],"wp:attachment":[{"href":"https:\/\/blog.uclm.es\/juanjosepastor\/wp-json\/wp\/v2\/media?parent=67"}],"curies":[{"name":"wp","href":"https:\/\/api.w.org\/{rel}","templated":true}]}}