{"id":42,"date":"2020-06-08T08:41:35","date_gmt":"2020-06-08T07:41:35","guid":{"rendered":"http:\/\/blog.uclm.es\/juanjosepastor\/?page_id=42"},"modified":"2022-12-09T11:38:28","modified_gmt":"2022-12-09T10:38:28","slug":"musica-y-educacion","status":"publish","type":"page","link":"https:\/\/blog.uclm.es\/juanjosepastor\/musica-y-educacion\/","title":{"rendered":"M\u00fasica y Educaci\u00f3n"},"content":{"rendered":"<p style=\"text-align: center\"><strong>Juan Jos\u00e9 Pastor Com\u00edn<\/strong><br \/>\nProfesor Titular de Universidad<br \/>\n\u00c1rea de M\u00fasica<br \/>\n<a href=\"mailto:juanjose.pastor@uclm.es\">juanjose.pastor@uclm.es<\/a><\/p>\n<p style=\"text-align: center\">Tlfno. + 34 926 29 53 00. Ext. 3211, 13211; 680 222 487<br \/>\nDepartamento de Did\u00e1ctica de la Expresi\u00f3n Musical,<br \/>\nPl\u00e1stica y Corporal<\/p>\n<p style=\"text-align: center\"><strong><a href=\"https:\/\/blog.uclm.es\/juanjosepastor\/libros-y-capitulos-de-libros\/\" target=\"_top\" rel=\"noopener noreferrer\">Libros y Cap\u00edtulos de Libro<\/a> | <a href=\"https:\/\/blog.uclm.es\/juanjosepastor\/articulos\/\" target=\"_top\" rel=\"noopener noreferrer\">Art\u00edculos<\/a> |<a href=\"https:\/\/blog.uclm.es\/juanjosepastor\/otras-publicaciones\/\" target=\"_top\" rel=\"noopener noreferrer\">Otras Publicaciones<\/a> | <a href=\"https:\/\/blog.uclm.es\/juanjosepastor\/congresos\/\" target=\"_top\" rel=\"noopener noreferrer\">Congresos<\/a> | <a href=\"https:\/\/blog.uclm.es\/juanjosepastor\/proyectos-de-investigacion\/\" target=\"_top\" rel=\"noopener noreferrer\">Proyectos de Investigaci\u00f3n\u00a0<\/a> | <a href=\"https:\/\/blog.uclm.es\/juanjosepastor\/estancias-de-investigacion\/\" target=\"_top\" rel=\"noopener noreferrer\">Estancias de Investigaci\u00f3n<\/a> | <a href=\"https:\/\/blog.uclm.es\/juanjosepastor\/formacion-academica\/\" target=\"_top\" rel=\"noopener noreferrer\">Formaci\u00f3n Acad\u00e9mica<\/a> | <a href=\"https:\/\/blog.uclm.es\/juanjosepastor\/actividad-profesional\/\" target=\"_top\" rel=\"noopener noreferrer\">Actividad Profesional<\/a> | <a href=\"https:\/\/blog.uclm.es\/juanjosepastor\/becas-y-premios\/\" target=\"_top\" rel=\"noopener noreferrer\">Becas y Premios<\/a> | <a href=\"https:\/\/blog.uclm.es\/juanjosepastor\/gestion-y-administracion-educativa\/\" target=\"_top\" rel=\"noopener noreferrer\">Gesti\u00f3n y Administraci\u00f3n Educativa<\/a> | <a href=\"https:\/\/blog.uclm.es\/juanjosepastor\/actividad-Docente\/\" target=\"_top\" rel=\"noopener noreferrer\">Actividad Docente\u00a0<\/a> | <a href=\"https:\/\/blog.uclm.es\/juanjosepastor\/cursos-y-seminarios-impartidos\/\" target=\"_top\" rel=\"noopener noreferrer\">Cursos y Seminarios\u00a0Impartidos<\/a> |<a href=\"https:\/\/blog.uclm.es\/juanjosepastor\/cursos-y-seminarios-recibidos\/\" target=\"_top\" rel=\"noopener noreferrer\">Cursos y Seminarios Recibidos\u00a0<\/a> | <a href=\"https:\/\/blog.uclm.es\/juanjosepastor\/varia\" target=\"_top\" rel=\"noopener noreferrer\">Varia<\/a><\/strong><\/p>\n<p>Esta l\u00ednea de investigaci\u00f3n trata de profundizar en diferentes aspectos vinculados a la did\u00e1ctica espec\u00edfica y adecuada a nuestra docencia en los nuevos grados, dentro de la especialidad de Educaci\u00f3n Musical. En este sentido encontrar\u00e1s diferentes art\u00edculos que examinan distintas posibilidades de intervenci\u00f3n did\u00e1ctica en varios niveles educativos -especialmente en Ense\u00f1anza Secundaria y Bachillerato.<\/p>\n<p>Varios son los aspectos tratados y que especialmente me preocupan: plataformas digitales de ense\u00f1anza, la complejidad de la audici\u00f3n, el futuro de la Educaci\u00f3n Musical o la ense\u00f1anza por competencias.<\/p>\n<p>Como resultado de este trabajo de investigaci\u00f3n-acci\u00f3n, pongo a tu disposici\u00f3n diferentes art\u00edculos as\u00ed como registros audiovisuales que testimonian el trabajo del alumnado de mis asignaturas en contacto directo con la realidad docente.<\/p>\n<p style=\"padding-left: 120px\"><a href=\"https:\/\/blog.uclm.es\/juanjosepastor\/articulos\/\">Art\u00edculos<\/a><\/p>\n<p style=\"padding-left: 120px\"><a href=\"http:\/\/v2.uclm.es\/buscador.aspx?p=1&amp;b=peque%c3%b1os&amp;serie=1&amp;campus=1&amp;centro=39\">M\u00fasica para los m\u00e1s peque\u00f1os I. V\u00eddeo<\/a><\/p>\n<p style=\"padding-left: 120px\"><a href=\"http:\/\/previa.uclm.es\/profesorado\/jjpastor\/images\/musicaparalosmaspeque%F1osimagenes.pdf\">M\u00fasica para los m\u00e1s peque\u00f1os II. Im\u00e1genes<\/a><\/p>\n","protected":false},"excerpt":{"rendered":"<p>Juan Jos\u00e9 Pastor Com\u00edn Profesor Titular de Universidad \u00c1rea de M\u00fasica juanjose.pastor@uclm.es Tlfno. + 34 926 29 53 00. Ext. 3211, 13211; 680 222 487 Departamento de Did\u00e1ctica de la Expresi\u00f3n Musical, Pl\u00e1stica y Corporal Libros y Cap\u00edtulos de Libro | Art\u00edculos |Otras Publicaciones | Congresos | Proyectos de Investigaci\u00f3n\u00a0 | Estancias de Investigaci\u00f3n | &hellip; <a href=\"https:\/\/blog.uclm.es\/juanjosepastor\/musica-y-educacion\/\" class=\"more-link\">Seguir leyendo <span class=\"screen-reader-text\">M\u00fasica y Educaci\u00f3n<\/span> <span class=\"meta-nav\">&rarr;<\/span><\/a><\/p>\n","protected":false},"author":140,"featured_media":0,"parent":0,"menu_order":0,"comment_status":"closed","ping_status":"closed","template":"","meta":{"footnotes":""},"class_list":["post-42","page","type-page","status-publish","hentry"],"_links":{"self":[{"href":"https:\/\/blog.uclm.es\/juanjosepastor\/wp-json\/wp\/v2\/pages\/42","targetHints":{"allow":["GET"]}}],"collection":[{"href":"https:\/\/blog.uclm.es\/juanjosepastor\/wp-json\/wp\/v2\/pages"}],"about":[{"href":"https:\/\/blog.uclm.es\/juanjosepastor\/wp-json\/wp\/v2\/types\/page"}],"author":[{"embeddable":true,"href":"https:\/\/blog.uclm.es\/juanjosepastor\/wp-json\/wp\/v2\/users\/140"}],"replies":[{"embeddable":true,"href":"https:\/\/blog.uclm.es\/juanjosepastor\/wp-json\/wp\/v2\/comments?post=42"}],"version-history":[{"count":1,"href":"https:\/\/blog.uclm.es\/juanjosepastor\/wp-json\/wp\/v2\/pages\/42\/revisions"}],"predecessor-version":[{"id":390,"href":"https:\/\/blog.uclm.es\/juanjosepastor\/wp-json\/wp\/v2\/pages\/42\/revisions\/390"}],"wp:attachment":[{"href":"https:\/\/blog.uclm.es\/juanjosepastor\/wp-json\/wp\/v2\/media?parent=42"}],"curies":[{"name":"wp","href":"https:\/\/api.w.org\/{rel}","templated":true}]}}