{"id":40,"date":"2020-05-29T11:02:37","date_gmt":"2020-05-29T10:02:37","guid":{"rendered":"http:\/\/blog.uclm.es\/juanjosepastor\/?page_id=40"},"modified":"2022-12-09T11:37:59","modified_gmt":"2022-12-09T10:37:59","slug":"cervantes-y-la-musica","status":"publish","type":"page","link":"https:\/\/blog.uclm.es\/juanjosepastor\/cervantes-y-la-musica\/","title":{"rendered":"Cervantes y la M\u00fasica"},"content":{"rendered":"<p style=\"text-align: center\"><strong>Juan Jos\u00e9 Pastor Com\u00edn<\/strong><br \/>\nProfesor Titular de Universidad<br \/>\n\u00c1rea de M\u00fasica<br \/>\n<a href=\"mailto:juanjose.pastor@uclm.es\">juanjose.pastor@uclm.es<\/a><\/p>\n<p style=\"text-align: center\">Tlfno. + 34 926 29 53 00. Ext. 3211, 13211; 680 222 487<br \/>\nDepartamento de Did\u00e1ctica de la Expresi\u00f3n Musical,<br \/>\nPl\u00e1stica y Corporal<\/p>\n<p style=\"text-align: center\"><strong><a href=\"https:\/\/blog.uclm.es\/juanjosepastor\/libros-y-capitulos-de-libros\/\" target=\"_top\" rel=\"noopener noreferrer\">Libros y Cap\u00edtulos de Libro<\/a> | <a href=\"https:\/\/blog.uclm.es\/juanjosepastor\/articulos\/\" target=\"_top\" rel=\"noopener noreferrer\">Art\u00edculos<\/a> |<a href=\"https:\/\/blog.uclm.es\/juanjosepastor\/otras-publicaciones\/\" target=\"_top\" rel=\"noopener noreferrer\">Otras Publicaciones<\/a> | <a href=\"https:\/\/blog.uclm.es\/juanjosepastor\/congresos\/\" target=\"_top\" rel=\"noopener noreferrer\">Congresos<\/a> | <a href=\"https:\/\/blog.uclm.es\/juanjosepastor\/proyectos-de-investigacion\/\" target=\"_top\" rel=\"noopener noreferrer\">Proyectos de Investigaci\u00f3n\u00a0<\/a> | <a href=\"https:\/\/blog.uclm.es\/juanjosepastor\/estancias-de-investigacion\/\" target=\"_top\" rel=\"noopener noreferrer\">Estancias de Investigaci\u00f3n<\/a> | <a href=\"https:\/\/blog.uclm.es\/juanjosepastor\/formacion-academica\/\" target=\"_top\" rel=\"noopener noreferrer\">Formaci\u00f3n Acad\u00e9mica<\/a> | <a href=\"https:\/\/blog.uclm.es\/juanjosepastor\/actividad-profesional\/\" target=\"_top\" rel=\"noopener noreferrer\">Actividad Profesional<\/a> | <a href=\"https:\/\/blog.uclm.es\/juanjosepastor\/becas-y-premios\/\" target=\"_top\" rel=\"noopener noreferrer\">Becas y Premios<\/a> | <a href=\"https:\/\/blog.uclm.es\/juanjosepastor\/gestion-y-administracion-educativa\/\" target=\"_top\" rel=\"noopener noreferrer\">Gesti\u00f3n y Administraci\u00f3n Educativa<\/a> | <a href=\"https:\/\/blog.uclm.es\/juanjosepastor\/actividad-Docente\/\" target=\"_top\" rel=\"noopener noreferrer\">Actividad Docente\u00a0<\/a> | <a href=\"https:\/\/blog.uclm.es\/juanjosepastor\/cursos-y-seminarios-impartidos\/\" target=\"_top\" rel=\"noopener noreferrer\">Cursos y Seminarios\u00a0Impartidos<\/a> |<a href=\"https:\/\/blog.uclm.es\/juanjosepastor\/cursos-y-seminarios-recibidos\/\" target=\"_top\" rel=\"noopener noreferrer\">Cursos y Seminarios Recibidos\u00a0<\/a> | <a href=\"https:\/\/blog.uclm.es\/juanjosepastor\/varia\" target=\"_top\" rel=\"noopener noreferrer\">Varia<\/a><\/strong><\/p>\n<p><strong>La m\u00fasica en Cervantes. M\u00fasica en las obras cervantinas y recepci\u00f3n musical de sus textos<\/strong><\/p>\n<p>Las relaciones de Cervantes con el contexto musical de su \u00e9poca son amplias y complejas. Nuestros estudios se orientan no s\u00f3lo a identificar cuantas referencias musicales se encuentran en su obra -canciones y romances embebidos, contrafactas, t\u00f3picos e instrumentos musicales-, sino tambi\u00e9n las condiciones de su recepci\u00f3n musical con el fin de valorar, por un lado, los sentidos que el contexto sonoro intencionadamente incorporado aporta a la creaci\u00f3n cervantina y, por otro, el valor hermen\u00e9utico que sobre la recepci\u00f3n de sus textos aportan a lo largo de la historia de la m\u00fasica las composiciones -program\u00e1ticas, dram\u00e1ticas o puras- que toman como referente la obra cervantina.<\/p>\n<p>A este aspecto fascinante que recorre las transformaciones musicales de que ha sido objeto toda la obra cervantina hay que a\u00f1adir su condici\u00f3n irremplazable de testimonio de una de las etapas m\u00e1s importantes de la m\u00fasica espa\u00f1ola. Sus constantes referencias a las danzas, romances y canciones, instrumentos y costumbres de una sociedad heredera de los mejores hallazgos del Renacimiento musical y prometedora de sus mayores virtudes en las puertas del barroco nos informan fielmente de la factura musical de este periodo, hecho que fue reconocido un siglo despu\u00e9s por la Real Academia Espa\u00f1ola en su Diccionario de Autoridades al acudir a Cervantes como testigo fiel de los usos de una gran parte de sus art\u00edculos musicales.<\/p>\n<p>Por todas estas razones nuestro proyecto se propone el estudio y la divulgaci\u00f3n de esta doble relaci\u00f3n. Por un lado, profundizar en el an\u00e1lisis de los textos cervantinos y del mundo musical reflejado en ellos; por otro, documentar los autores y las obras musicales inspiradas sobre temas cervantinos y proceder a su an\u00e1lisis como \u00edndices musicales de recepci\u00f3n e interpretaci\u00f3n literaria.<\/p>\n<p>El lector podr\u00e1 encontrar en esta p\u00e1gina los siguientes materiales:<\/p>\n<p style=\"padding-left: 40px\"><strong>a) Nuestros libros y art\u00edculos tanto sobre el universo sonoro cervantino como sobre la recepci\u00f3n musical de sus textos.<\/strong><\/p>\n<p style=\"padding-left: 40px\"><strong>b) Registros sonoros de los textos musicales incorporados a la obra cervantina.<\/strong><\/p>\n<p style=\"padding-left: 40px\"><strong>c) Documentos audiovisuales en los que se analiza tanto la presencia de la m\u00fasica en Cervantes como su recepci\u00f3n musical posterior.<\/strong><\/p>\n<p style=\"padding-left: 40px\"><strong>d) Enlace al Proyecto Cervantes dirigido por el Profesor Eduardo Urbina y a la C\u00e1tedra Cervantes de la Universidad de Castilla-La Mancha<\/strong><\/p>\n","protected":false},"excerpt":{"rendered":"<p>Juan Jos\u00e9 Pastor Com\u00edn Profesor Titular de Universidad \u00c1rea de M\u00fasica juanjose.pastor@uclm.es Tlfno. + 34 926 29 53 00. Ext. 3211, 13211; 680 222 487 Departamento de Did\u00e1ctica de la Expresi\u00f3n Musical, Pl\u00e1stica y Corporal Libros y Cap\u00edtulos de Libro | Art\u00edculos |Otras Publicaciones | Congresos | Proyectos de Investigaci\u00f3n\u00a0 | Estancias de Investigaci\u00f3n | &hellip; <a href=\"https:\/\/blog.uclm.es\/juanjosepastor\/cervantes-y-la-musica\/\" class=\"more-link\">Seguir leyendo <span class=\"screen-reader-text\">Cervantes y la M\u00fasica<\/span> <span class=\"meta-nav\">&rarr;<\/span><\/a><\/p>\n","protected":false},"author":140,"featured_media":0,"parent":0,"menu_order":0,"comment_status":"closed","ping_status":"closed","template":"","meta":{"footnotes":""},"class_list":["post-40","page","type-page","status-publish","hentry"],"_links":{"self":[{"href":"https:\/\/blog.uclm.es\/juanjosepastor\/wp-json\/wp\/v2\/pages\/40","targetHints":{"allow":["GET"]}}],"collection":[{"href":"https:\/\/blog.uclm.es\/juanjosepastor\/wp-json\/wp\/v2\/pages"}],"about":[{"href":"https:\/\/blog.uclm.es\/juanjosepastor\/wp-json\/wp\/v2\/types\/page"}],"author":[{"embeddable":true,"href":"https:\/\/blog.uclm.es\/juanjosepastor\/wp-json\/wp\/v2\/users\/140"}],"replies":[{"embeddable":true,"href":"https:\/\/blog.uclm.es\/juanjosepastor\/wp-json\/wp\/v2\/comments?post=40"}],"version-history":[{"count":1,"href":"https:\/\/blog.uclm.es\/juanjosepastor\/wp-json\/wp\/v2\/pages\/40\/revisions"}],"predecessor-version":[{"id":389,"href":"https:\/\/blog.uclm.es\/juanjosepastor\/wp-json\/wp\/v2\/pages\/40\/revisions\/389"}],"wp:attachment":[{"href":"https:\/\/blog.uclm.es\/juanjosepastor\/wp-json\/wp\/v2\/media?parent=40"}],"curies":[{"name":"wp","href":"https:\/\/api.w.org\/{rel}","templated":true}]}}