{"id":348,"date":"2020-06-08T09:06:11","date_gmt":"2020-06-08T08:06:11","guid":{"rendered":"http:\/\/blog.uclm.es\/juanjosepastor\/?page_id=60"},"modified":"2020-06-08T09:06:11","modified_gmt":"2020-06-08T08:06:11","slug":"articulos","status":"publish","type":"page","link":"https:\/\/blog.uclm.es\/juanjosepastor\/articulos\/","title":{"rendered":"Art\u00edculos"},"content":{"rendered":"<p>[vc_row][vc_column][vc_column_text]<\/p>\n<p style=\"text-align: center\"><strong>Juan Jos\u00e9 Pastor Com\u00edn<\/strong><br \/>\nProfesor Titular de Universidad<br \/>\n\u00c1rea de M\u00fasica<br \/>\n<a href=\"mailto:juanjose.pastor@uclm.es\">juanjose.pastor@uclm.es<\/a><\/p>\n<p style=\"text-align: center\">Tlfno. + 34 926 29 53 00. Ext. 3211, 13211; 680 222 487<br \/>\nDepartamento de Did\u00e1ctica de la Expresi\u00f3n Musical,<br \/>\nPl\u00e1stica y Corporal<\/p>\n<p>[\/vc_column_text][\/vc_column][\/vc_row][vc_row][vc_column][vc_column_text]<\/p>\n<p style=\"text-align: center\"><strong><a href=\"https:\/\/blog.uclm.es\/juanjosepastor\/libros-y-capitulos-de-libros\/\" target=\"_top\" rel=\"noopener noreferrer\">Libros y Cap\u00edtulos de Libro<\/a> | <a href=\"https:\/\/blog.uclm.es\/juanjosepastor\/articulos\/\" target=\"_top\" rel=\"noopener noreferrer\">Art\u00edculos<\/a> |<a href=\"https:\/\/blog.uclm.es\/juanjosepastor\/otras-publicaciones\/\" target=\"_top\" rel=\"noopener noreferrer\">Otras Publicaciones<\/a> | <a href=\"https:\/\/blog.uclm.es\/juanjosepastor\/congresos\/\" target=\"_top\" rel=\"noopener noreferrer\">Congresos<\/a> | <a href=\"https:\/\/blog.uclm.es\/juanjosepastor\/proyectos-de-investigacion\/\" target=\"_top\" rel=\"noopener noreferrer\">Proyectos de Investigaci\u00f3n\u00a0<\/a> | <a href=\"https:\/\/blog.uclm.es\/juanjosepastor\/estancias-de-investigacion\/\" target=\"_top\" rel=\"noopener noreferrer\">Estancias de Investigaci\u00f3n<\/a> | <a href=\"https:\/\/blog.uclm.es\/juanjosepastor\/formacion-academica\/\" target=\"_top\" rel=\"noopener noreferrer\">Formaci\u00f3n Acad\u00e9mica<\/a> | <a href=\"https:\/\/blog.uclm.es\/juanjosepastor\/actividad-profesional\/\" target=\"_top\" rel=\"noopener noreferrer\">Actividad Profesional<\/a> | <a href=\"https:\/\/blog.uclm.es\/juanjosepastor\/becas-y-premios\/\" target=\"_top\" rel=\"noopener noreferrer\">Becas y Premios<\/a> | <a href=\"https:\/\/blog.uclm.es\/juanjosepastor\/gestion-y-administracion-educativa\/\" target=\"_top\" rel=\"noopener noreferrer\">Gesti\u00f3n y Administraci\u00f3n Educativa<\/a> | <a href=\"https:\/\/blog.uclm.es\/juanjosepastor\/actividad-Docente\/\" target=\"_top\" rel=\"noopener noreferrer\">Actividad Docente\u00a0<\/a> | <a href=\"https:\/\/blog.uclm.es\/juanjosepastor\/cursos-y-seminarios-impartidos\/\" target=\"_top\" rel=\"noopener noreferrer\">Cursos y Seminarios\u00a0Impartidos<\/a> |<a href=\"https:\/\/blog.uclm.es\/juanjosepastor\/cursos-y-seminarios-recibidos\/\" target=\"_top\" rel=\"noopener noreferrer\">Cursos y Seminarios Recibidos\u00a0<\/a> | <a href=\"https:\/\/blog.uclm.es\/juanjosepastor\/varia\" target=\"_top\" rel=\"noopener noreferrer\">Varia<\/a><\/strong><\/p>\n<p>[\/vc_column_text][\/vc_column][\/vc_row][vc_row][vc_column][vc_column_text]<strong>PUBLICACIONES: ART\u00cdCULOS<\/strong><\/p>\n<p>(1997): \u201cLuis Cernuda: Entre la Realidad y el Deseo\u201d. Revista de Literatura, vol. LIX (ISSN: 0034-0849), pp. 207-211<\/p>\n<p>(1998): \u201cSobre el romancero musical de Lope de Vega\u201d. Anuario de Lope de Vega, (ISSN: 1136-5773) IV, 297-310.<\/p>\n<p>(1999): \u201cCine y Literatura\u201d en Revista de Literatura (ISSN: 0034-0849), LIX, pp. 621-626.<\/p>\n<p>(1999): \u201cDe la m\u00fasica en Cervantes: estado de la cuesti\u00f3n\u201d Anales Cervantinos (ISSN: 0569-9878), vol. 35, pp. 383-395.<\/p>\n<p>(1999): \u201cEl ejemplar po\u00e9tico de Juan de la Cueva\u201d. Archivo Conquense (ISSN: 1138-6843), vol. II, pp. 177-210.<\/p>\n<p>(1999): \u201cLa comedia de enredo: Abrir el ojo de Francisco de Rojas y El amor al uso, de Antonio de Sol\u00eds. An\u00e1lisis Comparativo\u201d. Epos (ISSN: 0213-201X), XVI, pp. 149-174.<\/p>\n<p>(1999): \u201cM\u00fasica y Literatura en la obra de G\u00f3ngora. El espejo barroco\u201d. Edad de Oro (ISSN: 0212-0429) vol. XXII, pp. 147-204.<\/p>\n<p>(2004) \u201cAucun ont trouve. Hacia una articulaci\u00f3n ret\u00f3rico musical del significado po\u00e9tico\u201d Logo. Revista de Ret\u00f3rica y Teor\u00eda de la Comunicaci\u00f3n (ISSN: 1577-5089), vol. 17; pp. 153-199.<\/p>\n<p>(2004): \u201cBulletin of Spanish Studies. Essays in Memory of E.C. Riley\u201d. En Theatralia (ISSN: 1576-1762); vol. 6. pp. 521-524<\/p>\n<p>(2004): \u201cJean Pierre S\u00e1nchez: Lectures d\u2019une oeuvre\u201d. Anuario de Estudios Cervantinos (ISSN : 1697-4034), vol. 1, pp. 513-515.<\/p>\n<p>(2004): \u201cM\u00fasica y Literatura. La senda ret\u00f3rica\u201d. Revista de Musicolog\u00eda (ISSN: 0210-1459), Vol. XXVII, n.\u00ba 2, pp. 1190-1198.<\/p>\n<p>(2004): \u201cQue sin duda Don Quijote quiere darnos m\u00fasica y no ser\u00e1 mala siendo suya\u201d. Contrastes (ISSN: 1136-4076), vol. 38. pp. 18-25.<\/p>\n<p>(2004): \u201cRazones para una po\u00e9tica ling\u00fc\u00edstica del discurso musical. La partitura y su condici\u00f3n textual\u201d. Forumkulturgeschichte (ISSN: 1613-1983); vol II, pp. 1-16.<\/p>\n<p>(2005): \u201cM\u00fasica y literatura: hacia un proyecto interdisciplinar\u201d M\u00fasica y Educaci\u00f3n (ISSN: 0214-4786), vol. 63, pp. 41-72.<\/p>\n<p>(2005): \u201cTres representaciones musicales de la muerte en Don Quijote: La herencia textual e iconogr\u00e1fica bajomedieval, la muerte \u2018tanhedora\u2019 y un \u00faltimo canto de ascendencia italiana\u201d. Revista de Musicolog\u00eda (ISSN: 0210-1459), vol. XXVII, 2; pp. 1517-1540.<\/p>\n<p>(2006) \u201cDe la dulce mi enemiga: ecos y contextos de una referencia musical cervantina\u201d Anales Cervantinos (ISSN: 0569-9878); vol. XXXVIII; pp. 221-246<\/p>\n<p>(2006): \u201cLola Josa y Mariano Lambea. Selecci\u00f3n y adaptaci\u00f3n de m\u00fasica\u201d Cr\u00edtica Bibliographica (ISSN: 1885-6926); vol. 1, pp. 1-4.<\/p>\n<p>(2006): \u201cM\u00fasica Sacra: M\u00fasica Did\u00e1ctica\u201d. Ars Sacra. (ISSN: 1136-5234), vo. 38, pp. 161-163.<\/p>\n<p>(2007): \u201cPsiquis y Cupido: M\u00fasicas desde una auto sacramental\u201d Revista de Humanidades. Tecnol\u00f3gico de Monterrey (ISSN: 1405-4167), vol XXII; pp. 77-121.<\/p>\n<p>(2007): \u201cVida de Miguel de Cervantes Saavedra\u201d. Anales Cervantinos (ISSN: 0569-9878), vol. XXXIX, pp. 351-356.<\/p>\n<p>(2008): \u201cEl contexto musical e iconogr\u00e1fico en Progne y Filomena de Rojas Zorrilla\u201d. Rilce, vol. 26, n.\u00ba 1 (en prensa). Carta de aceptaci\u00f3n ISSN: 0213-2370<\/p>\n<p>(2008): \u201cLa educaci\u00f3n musical en la estructuraci\u00f3n del nuevo bachillerato\u201d. M\u00fasica y Educaci\u00f3n, vol. XXI, n.\u00ba 3, (75), pp. 24-43). ISSN: 0214-4786<\/p>\n<p>(2008): \u201cLes introuvables: Don Lucas del Cigarral o la vindicaci\u00f3n de una zarzuela olvidada\u201d. Revista de Musicolog\u00eda, vol. XXX, n.\u00ba 1 pp. 127-180. ISSN: 0210-1459<\/p>\n<p>(2008): \u201cNuevas formas y lenguajes en la transmisi\u00f3n musical del Quijote: narraci\u00f3n textual y musical en algunas composiciones contempor\u00e1neas espa\u00f1olas\u201d Anuario de Estudios Cervantinos (ISSN: 1697-4034), vol. IV, pp. 217-235.<\/p>\n<p>(2008) \u201cCompositional Thought and Musical Structure in Joyce\u2019s Works\u201d. Revista de Estudios Ingleses de la Universidad Complutense, ISSN: 1133-0392. N\u00ba. 16, Pp. 111-126<\/p>\n<p>(2008): \u00abLudwig Wittgenstein: paradojas en la formaci\u00f3n de su pensamiento musical\u00bb. \u00c1gora. Papeles de filosof\u00eda. ISSN: 0211-6642; 27\/1, 147-160.<\/p>\n<p>(2009, en prensa): \u00abAlgunas fuentes musicales en la obra po\u00e9tica de Gutierre de Cetina\u00bb. Revista de Musicolog\u00eda. 0210-1459, (Seleccionada para ser publicada del Congreso de Musicolog\u00eda de la SedEM, celebrado en C\u00e1deres los d\u00edas 12-15 de noviembre de 2008.<\/p>\n<p style=\"text-align: right\"><a href=\"https:\/\/blog.uclm.es\/juanjosepastor\">Inicio<\/a><\/p>\n<p>[\/vc_column_text][\/vc_column][\/vc_row]<\/p>\n","protected":false},"excerpt":{"rendered":"<p>[vc_row][vc_column][vc_column_text] Juan Jos\u00e9 Pastor Com\u00edn Profesor Titular de Universidad \u00c1rea de M\u00fasica juanjose.pastor@uclm.es Tlfno. + 34 926 29 53 00. Ext. 3211, 13211; 680 222 487 Departamento de Did\u00e1ctica de la Expresi\u00f3n Musical, Pl\u00e1stica y Corporal [\/vc_column_text][\/vc_column][\/vc_row][vc_row][vc_column][vc_column_text] Libros y Cap\u00edtulos de Libro | Art\u00edculos |Otras Publicaciones | Congresos | Proyectos de Investigaci\u00f3n\u00a0 | Estancias de &hellip; <a href=\"https:\/\/blog.uclm.es\/juanjosepastor\/articulos\/\" class=\"more-link\">Seguir leyendo <span class=\"screen-reader-text\">Art\u00edculos<\/span> <span class=\"meta-nav\">&rarr;<\/span><\/a><\/p>\n","protected":false},"author":140,"featured_media":0,"parent":0,"menu_order":0,"comment_status":"closed","ping_status":"closed","template":"","meta":{"footnotes":""},"class_list":["post-348","page","type-page","status-publish","hentry"],"_links":{"self":[{"href":"https:\/\/blog.uclm.es\/juanjosepastor\/wp-json\/wp\/v2\/pages\/348","targetHints":{"allow":["GET"]}}],"collection":[{"href":"https:\/\/blog.uclm.es\/juanjosepastor\/wp-json\/wp\/v2\/pages"}],"about":[{"href":"https:\/\/blog.uclm.es\/juanjosepastor\/wp-json\/wp\/v2\/types\/page"}],"author":[{"embeddable":true,"href":"https:\/\/blog.uclm.es\/juanjosepastor\/wp-json\/wp\/v2\/users\/140"}],"replies":[{"embeddable":true,"href":"https:\/\/blog.uclm.es\/juanjosepastor\/wp-json\/wp\/v2\/comments?post=348"}],"version-history":[{"count":0,"href":"https:\/\/blog.uclm.es\/juanjosepastor\/wp-json\/wp\/v2\/pages\/348\/revisions"}],"wp:attachment":[{"href":"https:\/\/blog.uclm.es\/juanjosepastor\/wp-json\/wp\/v2\/media?parent=348"}],"curies":[{"name":"wp","href":"https:\/\/api.w.org\/{rel}","templated":true}]}}