{"id":345,"date":"2020-05-22T07:52:44","date_gmt":"2020-05-22T06:52:44","guid":{"rendered":"http:\/\/blog.uclm.es\/juanjosepastor\/?page_id=2"},"modified":"2022-12-09T11:41:15","modified_gmt":"2022-12-09T10:41:15","slug":"bienvenida","status":"publish","type":"page","link":"https:\/\/blog.uclm.es\/juanjosepastor\/","title":{"rendered":"Bienvenida"},"content":{"rendered":"<p style=\"text-align: center\"><strong>Juan Jos\u00e9 Pastor Com\u00edn<\/strong><br \/>\nProfesor Titular de Universidad<br \/>\n\u00c1rea de M\u00fasica<br \/>\n<a href=\"mailto:juanjose.pastor@uclm.es\">juanjose.pastor@uclm.es<\/a><\/p>\n<p style=\"text-align: center\">Tlfno. + 34 926 29 53 00. Ext. 3211, 13211; 680 222 487<br \/>\nDepartamento de Did\u00e1ctica de la Expresi\u00f3n Musical,<br \/>\nPl\u00e1stica y Corporal<\/p>\n<p style=\"text-align: center\"><strong><a href=\"https:\/\/blog.uclm.es\/juanjosepastor\/libros-y-capitulos-de-libros\/\" target=\"_top\" rel=\"noopener noreferrer\">Libros y Cap\u00edtulos de Libro<\/a> | <a href=\"https:\/\/blog.uclm.es\/juanjosepastor\/articulos\/\" target=\"_top\" rel=\"noopener noreferrer\">Art\u00edculos<\/a> |<a href=\"https:\/\/blog.uclm.es\/juanjosepastor\/otras-publicaciones\/\" target=\"_top\" rel=\"noopener noreferrer\">Otras Publicaciones<\/a> | <a href=\"https:\/\/blog.uclm.es\/juanjosepastor\/congresos\/\" target=\"_top\" rel=\"noopener noreferrer\">Congresos<\/a> | <a href=\"https:\/\/blog.uclm.es\/juanjosepastor\/proyectos-de-investigacion\/\" target=\"_top\" rel=\"noopener noreferrer\">Proyectos de Investigaci\u00f3n\u00a0<\/a> | <a href=\"https:\/\/blog.uclm.es\/juanjosepastor\/estancias-de-investigacion\/\" target=\"_top\" rel=\"noopener noreferrer\">Estancias de Investigaci\u00f3n<\/a> | <a href=\"https:\/\/blog.uclm.es\/juanjosepastor\/formacion-academica\/\" target=\"_top\" rel=\"noopener noreferrer\">Formaci\u00f3n Acad\u00e9mica<\/a> | <a href=\"https:\/\/blog.uclm.es\/juanjosepastor\/actividad-profesional\/\" target=\"_top\" rel=\"noopener noreferrer\">Actividad Profesional<\/a> | <a href=\"https:\/\/blog.uclm.es\/juanjosepastor\/becas-y-premios\/\" target=\"_top\" rel=\"noopener noreferrer\">Becas y Premios<\/a> | <a href=\"https:\/\/blog.uclm.es\/juanjosepastor\/gestion-y-administracion-educativa\/\" target=\"_top\" rel=\"noopener noreferrer\">Gesti\u00f3n y Administraci\u00f3n Educativa<\/a> | <a href=\"https:\/\/blog.uclm.es\/juanjosepastor\/actividad-Docente\/\" target=\"_top\" rel=\"noopener noreferrer\">Actividad Docente\u00a0<\/a> | <a href=\"https:\/\/blog.uclm.es\/juanjosepastor\/cursos-y-seminarios-impartidos\/\" target=\"_top\" rel=\"noopener noreferrer\">Cursos y Seminarios\u00a0Impartidos<\/a> |<a href=\"https:\/\/blog.uclm.es\/juanjosepastor\/cursos-y-seminarios-recibidos\/\" target=\"_top\" rel=\"noopener noreferrer\">Cursos y Seminarios Recibidos\u00a0<\/a> | <a href=\"https:\/\/blog.uclm.es\/juanjosepastor\/varia\" target=\"_top\" rel=\"noopener noreferrer\">Varia<\/a><br \/>\n<\/strong><\/p>\n<p><strong>Colega internauta: en esta p\u00e1gina encontrar\u00e1s diferentes aspectos vinculados a la docencia e investigaci\u00f3n que he desarrollado en los \u00faltimos a\u00f1os. Mi deseo es que de alg\u00fan modo consideres provechosos los trabajos que aqu\u00ed ofrezco y puedan convertirse en una herramienta m\u00e1s para el intercambio y el di\u00e1logo cient\u00edfico. Por esto te agradezco de antemano cuantas observaciones juzgues y consideres pertinentes: todas ellas ser\u00e1n bienvenidas.<\/strong><\/p>\n<p><strong>En el men\u00fa superior podr\u00e1s acceder, por un lado, al itinerario profesional y formativo con v\u00ednculos a las diferentes publicaciones en \u00e9l reflejadas. Del mismo modo dispongo de una informaci\u00f3n b\u00e1sica sobre las asignaturas que este curso imparto y para cuyos estudiantes se ofrecen diferentes materiales de estudio en la plataforma Moodle. Finalmente os invito a que pod\u00e1is disfrutar de los contenidos digitales del Aula de M\u00fasica, espacio en el que se recogen los v\u00eddeos de conciertos, conferencias y presentaciones musicales que tienen lugar en el Aula Cultural Universidad Abierta del Universidad de Castilla-La Mancha en el Campus de Ciudad Real.<\/strong><\/p>\n<p><strong>En el men\u00fa de la izquierda encontrar\u00e1s mis principales l\u00edneas de investigaci\u00f3n. M\u00fasica y Literatura ofrece una selecci\u00f3n de mis trabajos y distintos v\u00ednculos para quienes est\u00e9n interesados en este apasionante mundo interdisciplinar.<\/strong><\/p>\n<p><strong>Cervantes y la M\u00fasica contiene diferentes trabajos y publicaciones que estudian no s\u00f3lo la presencia de la m\u00fasica en la obra cervantina, sino tambi\u00e9n la recepci\u00f3n musical de los textos cervantinos. All\u00ed podr\u00e1s consultar registros sonoros sobre la m\u00fasica contenida en sus obras as\u00ed como diferentes v\u00eddeos que recogen conciertos, conferencias y presentaciones sobre la relaci\u00f3n del escritor con el hecho sonoro.<\/strong><\/p>\n<p><strong>Finalmente, en M\u00fasica y Educaci\u00f3n podr\u00e1s consultar diferentes art\u00edculos y algunos de mis trabajos como docente en una Facultad de Educaci\u00f3n, ilustrados con v\u00eddeos e im\u00e1genes que registran el proceso de investigaci\u00f3n-acci\u00f3n en Educaci\u00f3n Musical en contextos reales.<\/strong><\/p>\n<p><strong>Espero que sepas disculpar cuantos errores surjan en la navegaci\u00f3n, pues \u00e9sta es mi primera y bienintencionada p\u00e1gina web. Gracias por tu tiempo y quedo a tu disposici\u00f3n para compartir preocupaciones comunes.<\/strong><\/p>\n<p style=\"text-align: right\"><strong>Juan Jos\u00e9 Pastor<\/strong><\/p>\n","protected":false},"excerpt":{"rendered":"<p>Juan Jos\u00e9 Pastor Com\u00edn Profesor Titular de Universidad \u00c1rea de M\u00fasica juanjose.pastor@uclm.es Tlfno. + 34 926 29 53 00. Ext. 3211, 13211; 680 222 487 Departamento de Did\u00e1ctica de la Expresi\u00f3n Musical, Pl\u00e1stica y Corporal Libros y Cap\u00edtulos de Libro | Art\u00edculos |Otras Publicaciones | Congresos | Proyectos de Investigaci\u00f3n\u00a0 | Estancias de Investigaci\u00f3n | &hellip; <a href=\"https:\/\/blog.uclm.es\/juanjosepastor\/\" class=\"more-link\">Seguir leyendo <span class=\"screen-reader-text\">Bienvenida<\/span> <span class=\"meta-nav\">&rarr;<\/span><\/a><\/p>\n","protected":false},"author":220,"featured_media":0,"parent":0,"menu_order":0,"comment_status":"closed","ping_status":"closed","template":"","meta":{"footnotes":""},"class_list":["post-345","page","type-page","status-publish","hentry"],"_links":{"self":[{"href":"https:\/\/blog.uclm.es\/juanjosepastor\/wp-json\/wp\/v2\/pages\/345","targetHints":{"allow":["GET"]}}],"collection":[{"href":"https:\/\/blog.uclm.es\/juanjosepastor\/wp-json\/wp\/v2\/pages"}],"about":[{"href":"https:\/\/blog.uclm.es\/juanjosepastor\/wp-json\/wp\/v2\/types\/page"}],"author":[{"embeddable":true,"href":"https:\/\/blog.uclm.es\/juanjosepastor\/wp-json\/wp\/v2\/users\/220"}],"replies":[{"embeddable":true,"href":"https:\/\/blog.uclm.es\/juanjosepastor\/wp-json\/wp\/v2\/comments?post=345"}],"version-history":[{"count":2,"href":"https:\/\/blog.uclm.es\/juanjosepastor\/wp-json\/wp\/v2\/pages\/345\/revisions"}],"predecessor-version":[{"id":391,"href":"https:\/\/blog.uclm.es\/juanjosepastor\/wp-json\/wp\/v2\/pages\/345\/revisions\/391"}],"wp:attachment":[{"href":"https:\/\/blog.uclm.es\/juanjosepastor\/wp-json\/wp\/v2\/media?parent=345"}],"curies":[{"name":"wp","href":"https:\/\/api.w.org\/{rel}","templated":true}]}}