{"id":8,"date":"2015-11-17T18:33:22","date_gmt":"2015-11-17T17:33:22","guid":{"rendered":"http:\/\/blog.uclm.es\/juanjosepardo\/?page_id=8"},"modified":"2024-04-17T10:33:19","modified_gmt":"2024-04-17T10:33:19","slug":"docencia","status":"publish","type":"page","link":"https:\/\/blog.uclm.es\/juanjosepardo\/docencia\/","title":{"rendered":"Docencia"},"content":{"rendered":"<p><span style=\"color: #0000ff\">Docencia Actual<\/span><\/p>\n<ul>\n<li>Grado en Ingenier\u00eda Inform\u00e1tica\n<ul>\n<li>Fundamentos de programaci\u00f3n I (1 Curso)<\/li>\n<li>Procesadores de Lenguaje (4\u00baCurso. Especialidad Computaci\u00f3n)<\/li>\n<\/ul>\n<\/li>\n<li>Grado en Criminolog\u00eda\n<ul>\n<li>Ciberseguridad e Inform\u00e1tica Forense\u00a0 (3\u00ba Curso)<\/li>\n<\/ul>\n<\/li>\n<\/ul>\n<p><span style=\"color: #0000ff\">Docencia Anterior<\/span><\/p>\n<ul>\n<li>Ingenier\u00eda T\u00e9cnica en Inform\u00e1tica de Gesti\u00f3n\n<ul>\n<li>Inform\u00e1tica de Gesti\u00f3n (Curso 1998\/99)<\/li>\n<\/ul>\n<\/li>\n<li>Ingenier\u00eda en Inform\u00e1tica\n<ul>\n<li>Sistemas en Tiempo Real<\/li>\n<li>Estructuras de Datos y de la Informaci\u00f3n<\/li>\n<\/ul>\n<\/li>\n<li>Grado en Ingenier\u00eda Inform\u00e1tica\n<ul>\n<li>Auditor\u00eda de Sistemas de Informaci\u00f3n<\/li>\n<\/ul>\n<\/li>\n<li>Grado y Diplomatura en Gesti\u00f3n y Administraci\u00f3n P\u00fablica\n<ul>\n<li>Informaci\u00f3n y Documentaci\u00f3n Administrativa (2\u00ba Curso de Diplomatura)<\/li>\n<li>Inform\u00e1tica Aplicada a la Administraci\u00f3n I (2\u00ba Curso de Grado)<\/li>\n<li>Gesti\u00f3n de Medios Inform\u00e1ticos en la administraci\u00f3n (4\u00baCurso. Optativa)<\/li>\n<\/ul>\n<\/li>\n<\/ul>\n","protected":false},"excerpt":{"rendered":"<p>Docencia Actual Grado en Ingenier\u00eda Inform\u00e1tica Fundamentos de programaci\u00f3n I (1 Curso) Procesadores de Lenguaje (4\u00baCurso. Especialidad Computaci\u00f3n) Grado en Criminolog\u00eda Ciberseguridad e Inform\u00e1tica Forense\u00a0 (3\u00ba Curso) Docencia Anterior Ingenier\u00eda T\u00e9cnica en Inform\u00e1tica de Gesti\u00f3n Inform\u00e1tica de Gesti\u00f3n (Curso 1998\/99) Ingenier\u00eda en Inform\u00e1tica Sistemas en Tiempo Real Estructuras de Datos y de la Informaci\u00f3n Grado &hellip; <a href=\"https:\/\/blog.uclm.es\/juanjosepardo\/docencia\/\" class=\"more-link\">Seguir leyendo <span class=\"screen-reader-text\">Docencia<\/span> <span class=\"meta-nav\">&rarr;<\/span><\/a><\/p>\n","protected":false},"author":73,"featured_media":0,"parent":0,"menu_order":0,"comment_status":"closed","ping_status":"closed","template":"","meta":{"footnotes":""},"class_list":["post-8","page","type-page","status-publish","hentry"],"_links":{"self":[{"href":"https:\/\/blog.uclm.es\/juanjosepardo\/wp-json\/wp\/v2\/pages\/8","targetHints":{"allow":["GET"]}}],"collection":[{"href":"https:\/\/blog.uclm.es\/juanjosepardo\/wp-json\/wp\/v2\/pages"}],"about":[{"href":"https:\/\/blog.uclm.es\/juanjosepardo\/wp-json\/wp\/v2\/types\/page"}],"author":[{"embeddable":true,"href":"https:\/\/blog.uclm.es\/juanjosepardo\/wp-json\/wp\/v2\/users\/73"}],"replies":[{"embeddable":true,"href":"https:\/\/blog.uclm.es\/juanjosepardo\/wp-json\/wp\/v2\/comments?post=8"}],"version-history":[{"count":3,"href":"https:\/\/blog.uclm.es\/juanjosepardo\/wp-json\/wp\/v2\/pages\/8\/revisions"}],"predecessor-version":[{"id":89,"href":"https:\/\/blog.uclm.es\/juanjosepardo\/wp-json\/wp\/v2\/pages\/8\/revisions\/89"}],"wp:attachment":[{"href":"https:\/\/blog.uclm.es\/juanjosepardo\/wp-json\/wp\/v2\/media?parent=8"}],"curies":[{"name":"wp","href":"https:\/\/api.w.org\/{rel}","templated":true}]}}