{"id":767,"date":"2022-01-10T22:48:19","date_gmt":"2022-01-10T21:48:19","guid":{"rendered":"https:\/\/blog.uclm.es\/juanjimenez\/?page_id=767"},"modified":"2023-01-31T23:13:17","modified_gmt":"2023-01-31T22:13:17","slug":"observatorio-de-la-pyme-de-castilla-la-mancha","status":"publish","type":"page","link":"https:\/\/blog.uclm.es\/juanjimenez\/investigacion\/observatorio-de-la-pyme-de-castilla-la-mancha\/","title":{"rendered":"OBSERVATORIO DE LA PYME DE CASTILLA-LA MANCHA"},"content":{"rendered":"<ul>\n<li><a href=\"https:\/\/blog.uclm.es\/juanjimenez\/investigacion\/observatorio-de-la-pyme-de-castilla-la-mancha\/colaboradores-informe-pyme-clm-2021\/\" target=\"_blank\" rel=\"noopener\"><b><span style=\"color: #800000;font-family: Arial\"><span style=\"color: #800000;font-size: small\">COLABORADORES<\/span><\/span><\/b><\/a><\/li>\n<li><b><span style=\"color: #800000;font-family: Arial\"><span style=\"color: #800000;font-size: small\">EQUIPO<\/span><\/span><\/b><\/li>\n<li><strong><span style=\"color: #800000;font-family: Arial\"><a href=\"http:\/\/blog.uclm.es\/juanjimenez\/\"><span style=\"color: #800000;font-size: small\">CONTACTO<\/span><\/a><\/span><\/strong><\/li>\n<\/ul>\n<p style=\"text-align: justify\">La Universidad de Castilla-La Mancha y la <em><strong><a href=\"http:\/\/faedpyme.upct.es\/faedpyme\/fundacion\">Fundaci\u00f3n para el An\u00e1lisis Estrat\u00e9gico y Desarrollo de la PYME (FAEDPYME)<\/a><\/strong><\/em> firmaron un acuerdo en 2017 para la incorporaci\u00f3n del <a href=\"https:\/\/www.uclm.es\/Home\/Misiones\/Investigacion\/OfertaCientificoTecnica\/GruposInvestigacion\/DetalleGrupo?idgrupo=72\"><em>grupo de investigaci\u00f3n SITEFB<\/em><\/a> a la <strong><em>Red Internacional de Investigadores en PYMES<\/em><\/strong>, creada en el \u00e1mbito de la Fundaci\u00f3n, y otorgar a la UCLM la condici\u00f3n de <em>Universidad Asociada a la Red<\/em>. El Director designado como representante de la UCLM ante la Fundaci\u00f3n y la Red es el prof. Juan J. Jim\u00e9nez.<\/p>\n<p style=\"text-align: justify\">El prop\u00f3sito del acuerdo es colaborar para realizar actividades conjuntas (estudios, proyectos, docencia, investigaci\u00f3n, transferencia y asesoramiento) de car\u00e1cter local, regional, nacional e internacional para facilitar y promover el intercambio de informaci\u00f3n y de conocimientos que redunden y contribuyan a mejorar la competitividad de las micro, peque\u00f1as y medianas empresas, que promuevan su desarrollo sostenible.<\/p>\n<p style=\"text-align: justify\">La Fundaci\u00f3n facilita al grupo de investigaci\u00f3n las directrices y el asesoramiento metodol\u00f3gico para la realizaci\u00f3n de los trabajos de investigaci\u00f3n y estudio que se desarrollan en la Red.<\/p>\n<p style=\"text-align: justify\">La difusi\u00f3n de los resultados de la investigaci\u00f3n se realiza a trav\u00e9s del<em><span style=\"color: #800000\"> <a style=\"color: #800000\" href=\"https:\/\/blog.uclm.es\/juanjimenez\/wp-content\/uploads\/sites\/102\/2022\/02\/OBSERVATORIO-de-la-PYME-de-Castilla-La-Mancha-no1.pdf\"><strong><em><em>OBSERVATORIO de la PYME de Castilla-La Mancha<\/em><\/em><\/strong><\/a>.<\/span><\/em><\/p>\n","protected":false},"excerpt":{"rendered":"<p>COLABORADORES EQUIPO CONTACTO La Universidad de Castilla-La Mancha y la Fundaci\u00f3n para el An\u00e1lisis Estrat\u00e9gico y Desarrollo de la PYME (FAEDPYME) firmaron un acuerdo en 2017 para la incorporaci\u00f3n del grupo de investigaci\u00f3n SITEFB a la Red Internacional de Investigadores en PYMES, creada en el \u00e1mbito de la Fundaci\u00f3n, y otorgar a la UCLM la [&hellip;]<\/p>\n","protected":false},"author":108,"featured_media":0,"parent":67,"menu_order":3,"comment_status":"closed","ping_status":"closed","template":"","meta":{"footnotes":""},"class_list":["post-767","page","type-page","status-publish","hentry"],"_links":{"self":[{"href":"https:\/\/blog.uclm.es\/juanjimenez\/wp-json\/wp\/v2\/pages\/767","targetHints":{"allow":["GET"]}}],"collection":[{"href":"https:\/\/blog.uclm.es\/juanjimenez\/wp-json\/wp\/v2\/pages"}],"about":[{"href":"https:\/\/blog.uclm.es\/juanjimenez\/wp-json\/wp\/v2\/types\/page"}],"author":[{"embeddable":true,"href":"https:\/\/blog.uclm.es\/juanjimenez\/wp-json\/wp\/v2\/users\/108"}],"replies":[{"embeddable":true,"href":"https:\/\/blog.uclm.es\/juanjimenez\/wp-json\/wp\/v2\/comments?post=767"}],"version-history":[{"count":2,"href":"https:\/\/blog.uclm.es\/juanjimenez\/wp-json\/wp\/v2\/pages\/767\/revisions"}],"predecessor-version":[{"id":1017,"href":"https:\/\/blog.uclm.es\/juanjimenez\/wp-json\/wp\/v2\/pages\/767\/revisions\/1017"}],"up":[{"embeddable":true,"href":"https:\/\/blog.uclm.es\/juanjimenez\/wp-json\/wp\/v2\/pages\/67"}],"wp:attachment":[{"href":"https:\/\/blog.uclm.es\/juanjimenez\/wp-json\/wp\/v2\/media?parent=767"}],"curies":[{"name":"wp","href":"https:\/\/api.w.org\/{rel}","templated":true}]}}