{"id":394,"date":"2019-07-03T21:06:33","date_gmt":"2019-07-03T20:06:33","guid":{"rendered":"http:\/\/blog.uclm.es\/juanjimenez\/?page_id=394"},"modified":"2022-11-04T11:47:17","modified_gmt":"2022-11-04T10:47:17","slug":"transferencia","status":"publish","type":"page","link":"https:\/\/blog.uclm.es\/juanjimenez\/transferencia\/","title":{"rendered":"Transferencia"},"content":{"rendered":"<table width=\"954\">\n<tbody>\n<tr>\n<td style=\"text-align: center\" width=\"138\"><span style=\"color: #800000\"><strong>L\u00cdNEAS<\/strong><\/span><\/td>\n<td style=\"text-align: center\" width=\"272\"><span style=\"color: #800000\"><strong>POSTGRADO<\/strong><\/span><\/td>\n<td style=\"text-align: center\" width=\"253\"><span style=\"color: #800000\"><strong>INVESTIGACI\u00d3N<\/strong><\/span><\/td>\n<td style=\"text-align: center\" width=\"280\"><span style=\"color: #800000\"><strong>CONSULTOR\u00cdA<\/strong><\/span><\/td>\n<\/tr>\n<tr>\n<td width=\"138\">\n<p style=\"text-align: center\"><span style=\"color: #008000\"><strong>CREACI\u00d3N<\/strong><\/span><\/p>\n<p style=\"text-align: center\"><span style=\"color: #008000\"><strong>DE<\/strong><\/span><\/p>\n<p style=\"text-align: center\"><span style=\"color: #008000\"><strong>EMPRESAS<\/strong><\/span><\/p>\n<\/td>\n<td width=\"272\">\n<p>&#8211; Empresario (Doctorado)<\/p>\n<p>&#8211; Transferencia de tecnolog\u00eda mediante Empresas de Base Tecnol\u00f3gica (M\u00e1ster)<\/td>\n<td width=\"253\">&#8211; Intenci\u00f3n emprendedora en universitarios<\/p>\n<p>&#8211; Intenci\u00f3n emprendedora y g\u00e9nero<\/p>\n<p>&#8211; <em>Spin-off<\/em> universitarias<\/p>\n<p>&#8211; Parques cient\u00edfico-tecnol\u00f3gicos y <em>clusters<\/em><\/td>\n<td width=\"280\">&#8211; Creatividad<\/p>\n<p>&#8211; Promoci\u00f3n de cultura emprendedora<\/p>\n<p>&#8211; Creaci\u00f3n de empresas de base tecnol\u00f3gica y\/o intensivas en conocimiento<\/td>\n<\/tr>\n<tr>\n<td width=\"138\">\n<p style=\"text-align: center\"><span style=\"color: #008000\"><strong>EMPRESAS<\/strong><\/span><\/p>\n<p style=\"text-align: center\"><span style=\"color: #008000\"><strong>\u00a0<\/strong><strong>FAMILIARES<\/strong><\/span><\/p>\n<\/td>\n<td width=\"272\">\n<p>&#8211; Direcci\u00f3n Empresas Familiares (MBA)<\/p>\n<p>&#8211; Casos de Empresas Familiares (M\u00e1ster)<\/td>\n<td width=\"253\">\n<p>&#8211; Transferencia y continuidad de la empresa familiar<\/td>\n<td width=\"280\">&#8211; Elaboraci\u00f3n del protocolo<\/p>\n<p>&#8211; \u00d3rganos de gobierno<\/p>\n<p>&#8211; Preparaci\u00f3n de la sucesi\u00f3n<\/td>\n<\/tr>\n<tr>\n<td width=\"138\">\n<p style=\"text-align: center\"><span style=\"color: #008000\"><strong>DIRECCI\u00d3N<\/strong><\/span><\/p>\n<p style=\"text-align: center\"><span style=\"color: #008000\"><strong>\u00a0<\/strong><strong>ESTRAT\u00c9GICA<\/strong><\/span><\/p>\n<\/td>\n<td width=\"272\">\n<p>&#8211; Estrategias de internacionalizaci\u00f3n (M\u00e1ster)<\/td>\n<td width=\"253\">&#8211; Direcci\u00f3n estrat\u00e9gica<\/p>\n<p>&#8211; Internacionalizaci\u00f3n de las PYMEs<\/td>\n<td width=\"280\">&#8211; An\u00e1lisis estrat\u00e9gico de empresas<\/p>\n<p>&#8211; Mejores pr\u00e1cticas<\/p>\n<p>&#8211; Gesti\u00f3n de la Innovaci\u00f3n<\/td>\n<\/tr>\n<tr>\n<td width=\"138\">\n<p style=\"text-align: center\"><span style=\"color: #008000\"><strong>METODOLOG\u00cdA<\/strong><\/span><\/p>\n<p style=\"text-align: center\"><span style=\"color: #008000\"><strong>DOCENTE<\/strong><\/span><\/p>\n<\/td>\n<td width=\"272\">\n<p>&#8211; Metodolog\u00eda de la Investigaci\u00f3n en Direcci\u00f3n de Empresas (Doctorado)<\/td>\n<td width=\"253\">&#8211; Valoraci\u00f3n de nuevas metodolog\u00edas por el alumnado<\/p>\n<p>&#8211; Efecto de las nuevas metodolog\u00edas en las competencias<\/td>\n<td width=\"280\">&#8211; M\u00e9todo del caso<\/p>\n<p>&#8211; Aprendizaje Basado en Problemas<\/p>\n<p>&#8211; Ense\u00f1anza <em>on-line<\/em><\/td>\n<\/tr>\n<\/tbody>\n<\/table>\n","protected":false},"excerpt":{"rendered":"<p>L\u00cdNEAS POSTGRADO INVESTIGACI\u00d3N CONSULTOR\u00cdA CREACI\u00d3N DE EMPRESAS &#8211; Empresario (Doctorado) &#8211; Transferencia de tecnolog\u00eda mediante Empresas de Base Tecnol\u00f3gica (M\u00e1ster) &#8211; Intenci\u00f3n emprendedora en universitarios &#8211; Intenci\u00f3n emprendedora y g\u00e9nero &#8211; Spin-off universitarias &#8211; Parques cient\u00edfico-tecnol\u00f3gicos y clusters &#8211; Creatividad &#8211; Promoci\u00f3n de cultura emprendedora &#8211; Creaci\u00f3n de empresas de base tecnol\u00f3gica y\/o intensivas en [&hellip;]<\/p>\n","protected":false},"author":108,"featured_media":0,"parent":0,"menu_order":0,"comment_status":"closed","ping_status":"closed","template":"page-templates\/full-width.php","meta":{"footnotes":""},"class_list":["post-394","page","type-page","status-publish","hentry"],"_links":{"self":[{"href":"https:\/\/blog.uclm.es\/juanjimenez\/wp-json\/wp\/v2\/pages\/394","targetHints":{"allow":["GET"]}}],"collection":[{"href":"https:\/\/blog.uclm.es\/juanjimenez\/wp-json\/wp\/v2\/pages"}],"about":[{"href":"https:\/\/blog.uclm.es\/juanjimenez\/wp-json\/wp\/v2\/types\/page"}],"author":[{"embeddable":true,"href":"https:\/\/blog.uclm.es\/juanjimenez\/wp-json\/wp\/v2\/users\/108"}],"replies":[{"embeddable":true,"href":"https:\/\/blog.uclm.es\/juanjimenez\/wp-json\/wp\/v2\/comments?post=394"}],"version-history":[{"count":1,"href":"https:\/\/blog.uclm.es\/juanjimenez\/wp-json\/wp\/v2\/pages\/394\/revisions"}],"predecessor-version":[{"id":894,"href":"https:\/\/blog.uclm.es\/juanjimenez\/wp-json\/wp\/v2\/pages\/394\/revisions\/894"}],"wp:attachment":[{"href":"https:\/\/blog.uclm.es\/juanjimenez\/wp-json\/wp\/v2\/media?parent=394"}],"curies":[{"name":"wp","href":"https:\/\/api.w.org\/{rel}","templated":true}]}}