{"id":32,"date":"2017-09-17T20:05:09","date_gmt":"2017-09-17T19:05:09","guid":{"rendered":"http:\/\/blog.uclm.es\/juanablanco\/?page_id=32"},"modified":"2017-09-17T20:05:09","modified_gmt":"2017-09-17T19:05:09","slug":"sobre-mis-proyectos-de-investigacion","status":"publish","type":"page","link":"https:\/\/blog.uclm.es\/juanablanco\/sobre-mis-proyectos-de-investigacion\/","title":{"rendered":"Sobre mis Proyectos de Investigaci\u00f3n"},"content":{"rendered":"<p><img loading=\"lazy\" decoding=\"async\" class=\"alignnone wp-image-33 size-medium\" src=\"https:\/\/blog.uclm.es\/juanablanco\/wp-content\/uploads\/sites\/60\/2017\/09\/IMG_20170505_170109-e1505674761713-225x300.jpg\" alt=\"\" width=\"225\" height=\"300\" srcset=\"https:\/\/blog.uclm.es\/juanablanco\/wp-content\/uploads\/sites\/60\/2017\/09\/IMG_20170505_170109-e1505674761713-225x300.jpg 225w, https:\/\/blog.uclm.es\/juanablanco\/wp-content\/uploads\/sites\/60\/2017\/09\/IMG_20170505_170109-e1505674761713-768x1024.jpg 768w, https:\/\/blog.uclm.es\/juanablanco\/wp-content\/uploads\/sites\/60\/2017\/09\/IMG_20170505_170109-e1505674761713-1152x1536.jpg 1152w, https:\/\/blog.uclm.es\/juanablanco\/wp-content\/uploads\/sites\/60\/2017\/09\/IMG_20170505_170109-e1505674761713-1536x2048.jpg 1536w, https:\/\/blog.uclm.es\/juanablanco\/wp-content\/uploads\/sites\/60\/2017\/09\/IMG_20170505_170109-e1505674761713-scaled.jpg 1920w\" sizes=\"auto, (max-width: 225px) 100vw, 225px\" \/><\/p>\n<p><strong>Colaboraci\u00f3n en el proyecto Santander-UCM PR26\/16-20348. Educaci\u00f3n ling\u00fc\u00edstica y formaci\u00f3n del profesorado: incidencia del modelo Reading to Learn de base sist\u00e9mico-funcional en el Grado de Maestro de Educaci\u00f3n Primaria.<\/strong><\/p>\n<p>Nos proponemos estudiar el impacto que tiene en la formaci\u00f3n de los estudiantes del Grado de Maestro en Educaci\u00f3n Primaria la implementaci\u00f3n del Modelo <em>Reading to Learn<\/em> de base sist\u00e9mico funcional (Rose y Martin 2012). En una primera parte, se eval\u00faan las caracter\u00edsticas de las secuencias did\u00e1cticas implementadas para valorar los alcances y limitaciones de la propuesta en el contexto universitario en el que ha tenido lugar. En una segunda fase, se eval\u00faa el impacto de la misma sobre los estudiantes valorando tres aspectos: (i) su percepci\u00f3n sobre el aprendizaje de nuevos conocimientos ling\u00fc\u00edstico-textuales; (ii) su percepci\u00f3n sobre la innovaci\u00f3n did\u00e1ctica que aporta R2L y (iii) su cambio en la forma de evaluar textos escritos. Esto \u00faltimo se realizar\u00e1 comparando la evaluaci\u00f3n realizada sobre un texto antes y despu\u00e9s de la experiencia, y sobre un grupo de control no expuesto al modelo R2L.<\/p>\n<p><a href=\"https:\/\/blog.uclm.es\/juanablanco\/wp-content\/uploads\/sites\/60\/2017\/09\/poster-ForMuLE-AESLA-2017.pdf\">p\u00f3ster ForMuLE-AESLA 2017<\/a><\/p>\n<p>&nbsp;<\/p>\n<p>&nbsp;<\/p>\n","protected":false},"excerpt":{"rendered":"<p>Colaboraci\u00f3n en el proyecto Santander-UCM PR26\/16-20348. Educaci\u00f3n ling\u00fc\u00edstica y formaci\u00f3n del profesorado: incidencia del modelo Reading to Learn de base sist\u00e9mico-funcional en el Grado de Maestro de Educaci\u00f3n Primaria. Nos proponemos estudiar el impacto que tiene en la formaci\u00f3n de los estudiantes del Grado de Maestro en Educaci\u00f3n Primaria la implementaci\u00f3n del Modelo Reading to &hellip; <\/p>\n<p class=\"link-more\"><a href=\"https:\/\/blog.uclm.es\/juanablanco\/sobre-mis-proyectos-de-investigacion\/\" class=\"more-link\">Continuar leyendo<span class=\"screen-reader-text\"> \u00abSobre mis Proyectos de Investigaci\u00f3n\u00bb<\/span><\/a><\/p>\n","protected":false},"author":100,"featured_media":0,"parent":0,"menu_order":0,"comment_status":"closed","ping_status":"closed","template":"","meta":{"footnotes":""},"class_list":["post-32","page","type-page","status-publish","hentry"],"_links":{"self":[{"href":"https:\/\/blog.uclm.es\/juanablanco\/wp-json\/wp\/v2\/pages\/32","targetHints":{"allow":["GET"]}}],"collection":[{"href":"https:\/\/blog.uclm.es\/juanablanco\/wp-json\/wp\/v2\/pages"}],"about":[{"href":"https:\/\/blog.uclm.es\/juanablanco\/wp-json\/wp\/v2\/types\/page"}],"author":[{"embeddable":true,"href":"https:\/\/blog.uclm.es\/juanablanco\/wp-json\/wp\/v2\/users\/100"}],"replies":[{"embeddable":true,"href":"https:\/\/blog.uclm.es\/juanablanco\/wp-json\/wp\/v2\/comments?post=32"}],"version-history":[{"count":0,"href":"https:\/\/blog.uclm.es\/juanablanco\/wp-json\/wp\/v2\/pages\/32\/revisions"}],"wp:attachment":[{"href":"https:\/\/blog.uclm.es\/juanablanco\/wp-json\/wp\/v2\/media?parent=32"}],"curies":[{"name":"wp","href":"https:\/\/api.w.org\/{rel}","templated":true}]}}