{"id":98,"date":"2020-05-25T08:14:42","date_gmt":"2020-05-25T07:14:42","guid":{"rendered":"http:\/\/blog.uclm.es\/josetejero\/?page_id=98"},"modified":"2022-12-02T13:58:30","modified_gmt":"2022-12-02T12:58:30","slug":"teoria-de-estructuras-y-construcciones-industriales","status":"publish","type":"page","link":"https:\/\/blog.uclm.es\/josetejero\/teoria-de-estructuras-y-construcciones-industriales\/","title":{"rendered":"TEOR\u00cdA DE ESTRUCTURAS Y CONSTRUCCIONES INDUSTRIALES"},"content":{"rendered":"<p><strong>TEMA 1:\u00a0<\/strong><strong><em>INTRODUCCI\u00d3N AL AN\u00c1LISIS ESTRUCTURAL<\/em><\/strong><\/p>\n<p><strong>LECCI\u00d3N N\u00daM. 1: BREVE HISTORIA DEL AN\u00c1LISIS ESTRUCTURAL<\/strong><\/p>\n<p>Generalidades. El An\u00e1lisis Estructural. Los grandes maestros. Los grandes matem\u00e1ticos. Los grandes ingenieros. La era contempor\u00e1nea.<\/p>\n<p><strong>LECCI\u00d3N N\u00daM. 2: CONCEPTOS FUNDAMENTALES<\/strong><\/p>\n<p>Introducci\u00f3n. Fuerzas actuantes y reacciones. Equilibrio de los sistemas. Deformaciones de los cuerpos. Determinaci\u00f3n de las tensiones internas. Rigidez y flexibilidad. Condiciones de sustentaci\u00f3n de las estructuras. Condiciones de construcci\u00f3n.<\/p>\n<p><strong>LECCI\u00d3N N\u00daM. 3: TEOR\u00cdAS ESTRUCTURALES<\/strong><\/p>\n<p>C\u00e1lculo est\u00e1tico y din\u00e1mico. C\u00e1lculo en el plano y en el espacio. Estructuras de comportamiento lineal y no lineal. Estabilidad y grado de determinaci\u00f3n.<\/p>\n<p><strong>LECCI\u00d3N N\u00daM. 4: PRINCIPIOS Y TEOREMAS FUNDAMENTALES<\/strong><\/p>\n<p>Introducci\u00f3n. Trabajo y energ\u00eda de deformaci\u00f3n. Principio de la superposici\u00f3n de los efectos. Teoremas de Castigliano. Teoremas de la reciprocidad (Maxwell-Betti). Teorema del trabajo m\u00ednimo. Principio de los trabajos virtuales.<\/p>\n<p><strong>TEMA 2:\u00a0<\/strong><strong><em>ESTRUCTURAS Y FORMAS ESTRUCTURALES<\/em><\/strong><\/p>\n<p><strong>LECCI\u00d3N N\u00daM. 5: FORMAS ESTRUCTURALES FUNDAMENTALES<\/strong><\/p>\n<p>Introducci\u00f3n. Vigas simplemente apoyadas. Cables y arcos. Vigas de celos\u00eda. Entramados planos de nudos r\u00edgidos. Emparrillados, placas y l\u00e1minas delgadas. Entramados espaciales.<\/p>\n<p><strong>LECCI\u00d3N N\u00daM. 6: SISTEMAS ESTRUCTURALES:<\/strong><strong>EDIFICIOS DE UNA PLANTA (I)<\/strong><\/p>\n<p>Generalidades. Anatom\u00eda y proyecto de la estructura. Cerramientos. Elementos secundarios. Estructura.<\/p>\n<p><strong>LECCI\u00d3N N\u00daM. 7: SISTEMAS ESTRUCTURALES:<\/strong><strong>EDIFICIOS DE UNA PLANTA (II)<\/strong><\/p>\n<p>Introducci\u00f3n. Tipos especiales de una sola planta. Estructuras atirantadas y pesadas. Tipos adicionales.<\/p>\n<p><strong>LECCI\u00d3N N\u00daM. 8: SISTEMAS ESTRUCTURALES:<\/strong><strong>EDIFICIOS DE VARIAS PLANTAS<\/strong><\/p>\n<p>Introducci\u00f3n. Modulaci\u00f3n, luces y alturas.Elementos estructurales en edificios. Edificios esbeltos.<\/p>\n<p><strong>LECCI\u00d3N N\u00daM. 9: MATERIALES ESTRUCTURALES<\/strong><\/p>\n<p>Comportamiento estructuras de ingenier\u00eda. Acero. Hormig\u00f3n. Mamposter\u00eda. Madera.<\/p>\n<p><strong>LECCI\u00d3N N\u00daM. 10: CARACTER\u00cdSTICAS Y CLASIFICACI\u00d3N DE LAS ESTRUCTURAS ARTICULADAS<\/strong><\/p>\n<p>Definici\u00f3n.\u00a0Condiciones de determinaci\u00f3n y estabilidad. Clasificaci\u00f3n de las celos\u00edas planas.\u00a0Hip\u00f3tesis generales de c\u00e1lculo.\u00a0M\u00e9todos de c\u00e1lculo cl\u00e1sicos.\u00a0Descripci\u00f3n general de entramados para cubiertas y puentes. Tipos especiales de estructuras para cubiertas y puentes. Celos\u00edas espaciales. Clasificaci\u00f3n.<\/p>\n<p><strong>LECCI\u00d3N N\u00daM.11: CARACTER\u00cdSTICAS DE LAS ESTRUCTURAS DE NUDOS R\u00cdGIDOS<\/strong><\/p>\n<p>Introducci\u00f3n.\u00a0Hip\u00f3tesis b\u00e1sicas. Determinaci\u00f3n est\u00e1tica y estabilidad. Ventajas e inconvenientes de las estructuras isost\u00e1ticas e hiperest\u00e1ticas. Estructuras de nudos r\u00edgidos isost\u00e1ticas. Ecuaciones de comportamiento de la barra recta. Rigideces en extremos de barras.<\/p>\n<p><strong>TEMA 3:\u00a0<\/strong><strong><em>AN\u00c1LISIS MATRICIAL DE ESTRUCTURAS<\/em><\/strong><\/p>\n<p><strong>LECCI\u00d3N N\u00daM. 12: INTRODUCCI\u00d3N AL C\u00c1LCULO MATRICIAL DE<\/strong><strong>ESTRUCTURAS<\/strong><\/p>\n<p>Generalidades sobre los m\u00e9todos matriciales.\u00a0M\u00e9todos de flexibilidad y de rigidez en el\u00a0an\u00e1lisis matricial..Principios fundamentales.<\/p>\n<p><strong>LECCI\u00d3N N\u00daM. 13: RELACIONES B\u00c1SICAS Y DEFINICIONES<\/strong><\/p>\n<p>Notaciones.\u00a0Sistemas local y general de coordenadas.\u00a0Matriz de cambio.\u00a0Cargas aplicadas en barra-fuerzas equivalentes en nudos.<\/p>\n<p><strong>LECCI\u00d3N N\u00daM. 14: MATRICES DE RIGIDEZ DE UNA BARRA<\/strong><\/p>\n<p>Concepto de rigidez de una estructura: matriz de rigidez.\u00a0Relaci\u00f3n generalizada fuerza-desplazamiento.\u00a0Matriz de rigidez de una barra perteneciente a una estructura plana de nudos r\u00edgidos.\u00a0Matriz de rigidez de una barra perteneciente a una estructura tridimensional de nudos r\u00edgidos.\u00a0Matriz de rigidez de una barra perteneciente a un emparrillado.\u00a0Matriz de rigidez de una barra perteneciente a una estructura plana de nudos articulados.\u00a0Matriz de rigidez de una barra perteneciente a una estructura tridimensional articulada.<\/p>\n<p><strong>LECCI\u00d3N N\u00daM. 15: C\u00c1LCULO DE ESFUERZOS Y DEFORMACIONES\u00a0<\/strong><\/p>\n<p>Ensamblaje de la matriz de rigidez de la estructura.\u00a0Estudio del vector fuerza.\u00a0Condiciones de contorno.\u00a0C\u00e1lculo de desplazamientos y reacciones.\u00a0C\u00e1lculo de esfuerzos en extremos de barras.<\/p>\n<p><strong>LECCI\u00d3N N\u00daM. 16: ESFUERZOS Y DEFORMACIONES EN CASOS<\/strong><strong>PARTICULARES (I)<\/strong><\/p>\n<p>Estructuras con barras sometidas a variaciones t\u00e9rmicas.\u00a0Estructuras con barras sometidas a defectos de montaje.<\/p>\n<p><strong>LECCI\u00d3N N\u00daM. 17: ESFUERZOS Y DEFORMACIONES EN CASOS<\/strong><strong>PARTICULARES (II)<\/strong><\/p>\n<p>Casos de asientos de apoyos. Apoyos el\u00e1sticos. Apoyos no concordantes.<\/p>\n<p><strong>TEMA 4:\u00a0<\/strong><strong><em>ACCIONES EN LAS CONSTRUCCIONES<\/em><\/strong><\/p>\n<p><strong>LECCI\u00d3N N\u00daM. 18: GENERALIDADES<\/strong><\/p>\n<p>Normativa.\u00a0Clasificaci\u00f3n de las acciones.\u00a0Simultaneidad de las acciones.<\/p>\n<p><strong>LECCI\u00d3N N\u00daM. 19: ACCIONES SOBRE UNA CONSTRUCCI\u00d3N<\/strong><strong>INDUSTRIAL<\/strong><\/p>\n<p>Acciones permanentes.\u00a0Sobrecargas de uso.\u00a0Sobrecarga de nieve.\u00a0Acciones del viento.\u00a0Acciones t\u00e9rmicas.<\/p>\n<p><strong>LECCI\u00d3N N\u00daM. 20: ACCIONES SINGULARES<\/strong><\/p>\n<p>Acciones s\u00edsmicas.\u00a0Acciones de puentes-gr\u00faa.\u00a0Empuje de materiales almacenados.<\/p>\n<p><strong>TEMA 5:\u00a0<\/strong><strong><em>TIPOLOG\u00cdAS ESTRUCTURALES<\/em><\/strong><\/p>\n<p><strong>LECCI\u00d3N N\u00daM. 21: NAVES INDUSTRIALES Y EDIFICIOS DE UNA SOLA PLANTA<\/strong><\/p>\n<p>P\u00f3rticos ahusados. P\u00f3rticos de cerchas. Cubiertas auto-portantes. Naves prefabricadas de hormig\u00f3n. Naves de madera. Tipos especiales. Cimentaci\u00f3n.<\/p>\n<p><strong>LECCI\u00d3N N\u00daM. 22: PLANTAS DE UN SOLO VANO DE<\/strong> <strong>CONSTRUCCIONES INDUSTRIALES<\/strong><\/p>\n<p>Dinteles en celos\u00eda.\u00a0P\u00f3rticos adintelados.\u00a0Soluciones en plantas de naves un solo vano.<\/p>\n<p><strong>LECCI\u00d3N N\u00daM. 23: PLANTAS DE VARIOS VANOS DECONSTRUCCIONES INDUSTRIALES<\/strong><\/p>\n<p>Constituci\u00f3n.\u00a0Soluciones en plantas de naves de varios\u00a0vanos.\u00a0Naves en diente de sierra.<\/p>\n<p><strong>LECCI\u00d3N N\u00daM. 24: UNI\u00d3N DE ELEMENTOS FUNDAMENTALES<\/strong><\/p>\n<p>Introducci\u00f3n. Uni\u00f3n dintel-soporte.\u00a0Uni\u00f3n dintel-cimentaci\u00f3n.<\/p>\n<p><strong>LECCI\u00d3N N\u00daM. 25: CUBIERTAS AUTOPORTANTES<\/strong><\/p>\n<p>Caracter\u00edsticas. Tipos de placas. Uni\u00f3n al dintel. Uni\u00f3n dintel-soporte. C\u00e1lculo. Soluciones mediante cubiertas auto-portantes.<\/p>\n<p><strong>LECCI\u00d3N N\u00daM. 26: TECNOLOG\u00cdA DE LA PREFABRICACI\u00d3N<\/strong><\/p>\n<p>Introducci\u00f3n. Tipolog\u00eda de naves industriales. Pilares y vigas. Cimentaci\u00f3n. Cerramientos. Grader\u00edos..<\/p>\n<p><strong>LECCI\u00d3N N\u00daM. 27: CELOS\u00cdAS ESPACIALES(II)<\/strong><\/p>\n<p>Introducci\u00f3n. Dise\u00f1o de celos\u00edas especiales.\u00a0Cualificaci\u00f3n.\u00a0Fabricaci\u00f3n.\u00a0Montaje.<\/p>\n<p><strong>TEMA 6:\u00a0<\/strong><strong><em>ORGANIZACI\u00d3N DE UNA CONSTRUCCI\u00d3N INDUSTRIAL<\/em><\/strong><\/p>\n<p><strong>LECCI\u00d3N N\u00daM. 28: ELEMENTOS DE CUBIERTAS<\/strong><\/p>\n<p>Organizaci\u00f3n constructiva.\u00a0Materiales de cubierta.\u00a0Cubiertas convencionales.\u00a0Sistemas para cubiertas aislantes.\u00a0Elementos complementarios de las cubiertas.\u00a0Montaje y detalles constructivos.\u00a0Sobrecargas de c\u00e1lculo.\u00a0Correas.<\/p>\n<p><strong>LECCI\u00d3N N\u00daM. 29: ESTABILIDAD FRENTE A ACCIONES<\/strong><strong>HORIZONTALES: ENTRAMADOS HASTIALES, LATERALES Y DE CUBIERTA<\/strong><\/p>\n<p>Generalidades.\u00a0Estabilidad en el plano del p\u00f3rtico. Estabilidad en el plano perpendicular al del p\u00f3rtico. Entramados hastiales o frontales. Entramados laterales. Vigas de cubierta.<\/p>\n<p><strong>LECCI\u00d3N N\u00daM. 30: NAVES CON PUENTES-GR\u00daA<\/strong><\/p>\n<p>Introducci\u00f3n.\u00a0La viga carril y la estructura.\u00a0Tipos de gr\u00faa.\u00a0Carriles de rodadura.\u00a0Selecci\u00f3n de la viga carril.<\/p>\n<h3>Bibliograf\u00eda<\/h3>\n<p>\u00a0<\/p>\n\n<div class=\"wp-block-image\">\n<figure class=\"aligncenter size-full\"><img loading=\"lazy\" decoding=\"async\" width=\"669\" height=\"648\" src=\"https:\/\/blog.uclm.es\/josetejero\/wp-content\/uploads\/sites\/166\/2020\/05\/image1428.png\" alt=\"Bibliograf\u00eda\" class=\"wp-image-47\" srcset=\"https:\/\/blog.uclm.es\/josetejero\/wp-content\/uploads\/sites\/166\/2020\/05\/image1428.png 669w, https:\/\/blog.uclm.es\/josetejero\/wp-content\/uploads\/sites\/166\/2020\/05\/image1428-300x291.png 300w\" sizes=\"auto, (max-width: 669px) 100vw, 669px\" \/><\/figure>\n<\/div>","protected":false},"excerpt":{"rendered":"<p>TEMA 1:\u00a0INTRODUCCI\u00d3N AL AN\u00c1LISIS ESTRUCTURAL LECCI\u00d3N N\u00daM. 1: BREVE HISTORIA DEL AN\u00c1LISIS ESTRUCTURAL Generalidades. El An\u00e1lisis Estructural. Los grandes maestros. Los grandes matem\u00e1ticos. Los grandes ingenieros. La era contempor\u00e1nea. LECCI\u00d3N N\u00daM. 2: CONCEPTOS FUNDAMENTALES Introducci\u00f3n. Fuerzas actuantes y reacciones. Equilibrio de los sistemas. Deformaciones de los cuerpos. Determinaci\u00f3n de las tensiones internas. Rigidez y flexibilidad. &hellip; <a href=\"https:\/\/blog.uclm.es\/josetejero\/teoria-de-estructuras-y-construcciones-industriales\/\" class=\"more-link\">Seguir leyendo <span class=\"screen-reader-text\">TEOR\u00cdA DE ESTRUCTURAS Y CONSTRUCCIONES INDUSTRIALES<\/span> <span class=\"meta-nav\">&rarr;<\/span><\/a><\/p>\n","protected":false},"author":141,"featured_media":0,"parent":0,"menu_order":0,"comment_status":"closed","ping_status":"closed","template":"","meta":{"footnotes":""},"class_list":["post-98","page","type-page","status-publish","hentry"],"_links":{"self":[{"href":"https:\/\/blog.uclm.es\/josetejero\/wp-json\/wp\/v2\/pages\/98","targetHints":{"allow":["GET"]}}],"collection":[{"href":"https:\/\/blog.uclm.es\/josetejero\/wp-json\/wp\/v2\/pages"}],"about":[{"href":"https:\/\/blog.uclm.es\/josetejero\/wp-json\/wp\/v2\/types\/page"}],"author":[{"embeddable":true,"href":"https:\/\/blog.uclm.es\/josetejero\/wp-json\/wp\/v2\/users\/141"}],"replies":[{"embeddable":true,"href":"https:\/\/blog.uclm.es\/josetejero\/wp-json\/wp\/v2\/comments?post=98"}],"version-history":[{"count":1,"href":"https:\/\/blog.uclm.es\/josetejero\/wp-json\/wp\/v2\/pages\/98\/revisions"}],"predecessor-version":[{"id":393,"href":"https:\/\/blog.uclm.es\/josetejero\/wp-json\/wp\/v2\/pages\/98\/revisions\/393"}],"wp:attachment":[{"href":"https:\/\/blog.uclm.es\/josetejero\/wp-json\/wp\/v2\/media?parent=98"}],"curies":[{"name":"wp","href":"https:\/\/api.w.org\/{rel}","templated":true}]}}