{"id":209,"date":"2022-07-25T10:32:04","date_gmt":"2022-07-25T09:32:04","guid":{"rendered":"https:\/\/blogdev.uclm.es\/fullsite\/?page_id=209"},"modified":"2025-08-16T19:44:56","modified_gmt":"2025-08-16T17:44:56","slug":"galeria","status":"publish","type":"page","link":"https:\/\/blog.uclm.es\/josereyesruiz\/galeria\/","title":{"rendered":"Equipo"},"content":{"rendered":"\n<p>Nada de lo que hago ser\u00eda posible sin el equipo que me acompa\u00f1a. Aqu\u00ed puedes conocer a las personas con las que trabajo y comparto esta aventura profesional.<\/p>\n\n\n\n<figure class=\"wp-block-image size-large\"><img loading=\"lazy\" decoding=\"async\" width=\"1024\" height=\"997\" src=\"https:\/\/blog.uclm.es\/josereyesruiz\/wp-content\/uploads\/sites\/271\/2025\/08\/Imagen-de-WhatsApp-2025-08-06-a-las-20.51.20_70460391-e1754506730770-1024x997.jpg\" alt=\"\" class=\"wp-image-419\" srcset=\"https:\/\/blog.uclm.es\/josereyesruiz\/wp-content\/uploads\/sites\/271\/2025\/08\/Imagen-de-WhatsApp-2025-08-06-a-las-20.51.20_70460391-e1754506730770-1024x997.jpg 1024w, https:\/\/blog.uclm.es\/josereyesruiz\/wp-content\/uploads\/sites\/271\/2025\/08\/Imagen-de-WhatsApp-2025-08-06-a-las-20.51.20_70460391-e1754506730770-300x292.jpg 300w, https:\/\/blog.uclm.es\/josereyesruiz\/wp-content\/uploads\/sites\/271\/2025\/08\/Imagen-de-WhatsApp-2025-08-06-a-las-20.51.20_70460391-e1754506730770-768x748.jpg 768w, https:\/\/blog.uclm.es\/josereyesruiz\/wp-content\/uploads\/sites\/271\/2025\/08\/Imagen-de-WhatsApp-2025-08-06-a-las-20.51.20_70460391-e1754506730770.jpg 1200w\" sizes=\"auto, (max-width: 767px) 89vw, (max-width: 1000px) 54vw, (max-width: 1071px) 543px, 580px\" \/><\/figure>\n\n\n\n<p><strong>Esther Pa\u00f1os (<\/strong>izquierda), maestra de Educaci\u00f3n Infantil. Ahora es Profesora Titular de Universidad. Si quieres verla en una actuaci\u00f3n muy buena, te sugiero esta intervenci\u00f3n con la que gan\u00f3 el concurso Tesis en tres minutos (<strong>3MT<\/strong>). Pulsa <a href=\"https:\/\/www.youtube.com\/watch?v=Ln5wa1uLpXw\"><strong>AQU\u00cd<\/strong><\/a>. Merecen la pena.<\/p>\n\n\n\n<p><strong>Carlota L\u00f3pez<\/strong> (centro), quien hace con nosotros su tesis doctoral sobre sostenibilidad y consumo responsable con un contrato FPU. En la foto, tras ganar un premio en el concurso Tesis en tres minutos. <strong><a href=\"https:\/\/www.youtube.com\/watch?v=GhzQWWkx81Y\">AQU\u00cd<\/a><\/strong> (minuto 29:39) puedes ver el v\u00eddeo de su intervenci\u00f3n. Lo hizo genial.<\/p>\n\n\n\n<p>En la siguiente fotograf\u00eda ver\u00e9is algunos de los participantes en el proyecto \u00abCiencia con Consecuencia\u00bb (financiado por FECYT en tres ediciones). De izquierda a derecha y en pie, Vanessa Ortega (U Complutense), Cristina Gil, Carmela Garc\u00eda, Cristina Gil, Mar Montalvo, Marian L\u00f3pez y Victoria Vega, todas de la Universidad de Valladolid. Abajo, Carlota, Esther y Mario, profesor de secundaria y doctorando.<\/p>\n\n\n\n<figure class=\"wp-block-image size-large\"><img loading=\"lazy\" decoding=\"async\" width=\"1024\" height=\"650\" src=\"https:\/\/blog.uclm.es\/josereyesruiz\/wp-content\/uploads\/sites\/271\/2025\/08\/Imagen-de-WhatsApp-2025-08-06-a-las-22.01.26_d8b3a678-e1754510567995-1024x650.jpg\" alt=\"\" class=\"wp-image-435\" srcset=\"https:\/\/blog.uclm.es\/josereyesruiz\/wp-content\/uploads\/sites\/271\/2025\/08\/Imagen-de-WhatsApp-2025-08-06-a-las-22.01.26_d8b3a678-e1754510567995-1024x650.jpg 1024w, https:\/\/blog.uclm.es\/josereyesruiz\/wp-content\/uploads\/sites\/271\/2025\/08\/Imagen-de-WhatsApp-2025-08-06-a-las-22.01.26_d8b3a678-e1754510567995-300x190.jpg 300w, https:\/\/blog.uclm.es\/josereyesruiz\/wp-content\/uploads\/sites\/271\/2025\/08\/Imagen-de-WhatsApp-2025-08-06-a-las-22.01.26_d8b3a678-e1754510567995-768x488.jpg 768w, https:\/\/blog.uclm.es\/josereyesruiz\/wp-content\/uploads\/sites\/271\/2025\/08\/Imagen-de-WhatsApp-2025-08-06-a-las-22.01.26_d8b3a678-e1754510567995-1536x975.jpg 1536w, https:\/\/blog.uclm.es\/josereyesruiz\/wp-content\/uploads\/sites\/271\/2025\/08\/Imagen-de-WhatsApp-2025-08-06-a-las-22.01.26_d8b3a678-e1754510567995-1200x762.jpg 1200w, https:\/\/blog.uclm.es\/josereyesruiz\/wp-content\/uploads\/sites\/271\/2025\/08\/Imagen-de-WhatsApp-2025-08-06-a-las-22.01.26_d8b3a678-e1754510567995.jpg 1599w\" sizes=\"auto, (max-width: 767px) 89vw, (max-width: 1000px) 54vw, (max-width: 1071px) 543px, 580px\" \/><\/figure>\n\n\n\n<hr class=\"wp-block-separator has-css-opacity is-style-default\" \/>\n","protected":false},"excerpt":{"rendered":"<p>Nada de lo que hago ser\u00eda posible sin el equipo que me acompa\u00f1a. Aqu\u00ed puedes conocer a las personas con las que trabajo y comparto esta aventura profesional. Esther Pa\u00f1os (izquierda), maestra de Educaci\u00f3n Infantil. Ahora es Profesora Titular de Universidad. Si quieres verla en una actuaci\u00f3n muy buena, te sugiero esta intervenci\u00f3n con la &hellip; <\/p>\n<p class=\"link-more\"><a href=\"https:\/\/blog.uclm.es\/josereyesruiz\/galeria\/\" class=\"more-link\">Continuar leyendo<span class=\"screen-reader-text\"> \u00abEquipo\u00bb<\/span><\/a><\/p>\n","protected":false},"author":439,"featured_media":0,"parent":0,"menu_order":2,"comment_status":"closed","ping_status":"closed","template":"","meta":{"footnotes":""},"class_list":["post-209","page","type-page","status-publish","hentry"],"_links":{"self":[{"href":"https:\/\/blog.uclm.es\/josereyesruiz\/wp-json\/wp\/v2\/pages\/209","targetHints":{"allow":["GET"]}}],"collection":[{"href":"https:\/\/blog.uclm.es\/josereyesruiz\/wp-json\/wp\/v2\/pages"}],"about":[{"href":"https:\/\/blog.uclm.es\/josereyesruiz\/wp-json\/wp\/v2\/types\/page"}],"author":[{"embeddable":true,"href":"https:\/\/blog.uclm.es\/josereyesruiz\/wp-json\/wp\/v2\/users\/439"}],"replies":[{"embeddable":true,"href":"https:\/\/blog.uclm.es\/josereyesruiz\/wp-json\/wp\/v2\/comments?post=209"}],"version-history":[{"count":10,"href":"https:\/\/blog.uclm.es\/josereyesruiz\/wp-json\/wp\/v2\/pages\/209\/revisions"}],"predecessor-version":[{"id":507,"href":"https:\/\/blog.uclm.es\/josereyesruiz\/wp-json\/wp\/v2\/pages\/209\/revisions\/507"}],"wp:attachment":[{"href":"https:\/\/blog.uclm.es\/josereyesruiz\/wp-json\/wp\/v2\/media?parent=209"}],"curies":[{"name":"wp","href":"https:\/\/api.w.org\/{rel}","templated":true}]}}