{"id":50,"date":"2020-06-22T12:43:57","date_gmt":"2020-06-22T11:43:57","guid":{"rendered":"http:\/\/blog.uclm.es\/joseremofernandez\/?page_id=50"},"modified":"2022-12-02T15:01:29","modified_gmt":"2022-12-02T14:01:29","slug":"como-preparar-un-texto-para-enviar-al-profesor","status":"publish","type":"page","link":"https:\/\/blog.uclm.es\/joseremofernandez\/como-preparar-un-texto-para-enviar-al-profesor\/","title":{"rendered":"C\u00f3mo preparar un texto para enviar al profesor"},"content":{"rendered":"<p style=\"text-align: right\">1 septiembre 2021<\/p>\n<p style=\"text-align: right\"><strong>Remo Fern\u00e1ndez-Carro<\/strong><\/p>\n<p><strong>Cuando envi\u00e9is al profesor un texto en formato digital:<\/strong><\/p>\n<ul>\n<li>Escribid como <strong>nombre del archivo\u00a0<\/strong>\n<ul>\n<li>vuestros apellidos,<\/li>\n<li>el t\u00edtulo del documento abreviado y<\/li>\n<li>vuestra especialidad y curso.<br \/>\nEjemplos:<br \/>\n\u201cMart\u00edn Nieto, Portafolio de Sociolog\u00eda, Primaria B.doc\u201d<br \/>\n\u201cG\u00f3mez Feito, Trabajo final de Educaci\u00f3n y Sociedad, Infantil C.pdf\u201d<\/li>\n<\/ul>\n<\/li>\n<li>Poned en la <strong>portada<\/strong>\n<ul>\n<li>el <strong>t\u00edtulo<\/strong> del trabajo,<\/li>\n<li>el <strong>nombre y apellidos<\/strong> de todos los autores,<\/li>\n<li>la <strong>especialidad<\/strong> que curs\u00e1is, el <strong>curso<\/strong> y el <strong>grupo<\/strong> y<\/li>\n<li>el <strong>nombre y apellidos del profesor<\/strong> y la <strong>asignatura<\/strong>.<br \/>\nEjemplo:<\/li>\n<\/ul>\n<\/li>\n<\/ul>\n<blockquote>\n<p style=\"padding-left: 40px\">La distribuci\u00f3n por clases sociales en los colegios de Cuenca capital<br \/>\nNoelia Fern\u00e1ndez Alonso<br \/>\nCristina Feo G\u00f3mez<br \/>\nGloria Casanova Rodr\u00edguez<br \/>\nLuc\u00eda Zamora Mu\u00f1oz<br \/>\nDavid Luque Camacho<br \/>\nSantiago Bayo Tall\u00f3n<br \/>\nInfantil, 1\u00baC<br \/>\nProf.: Francisco Javier Hern\u00e1ndez Alonso<br \/>\nSociolog\u00eda de la Educaci\u00f3n<\/p>\n<\/blockquote>\n<ul>\n<li>Escribid en el <strong>encabezado<\/strong> del correo electr\u00f3nico\n<ul>\n<li>vuestro<strong> nombre y apellidos<\/strong>, y<\/li>\n<li>vuestra <strong>especialidad, curso y grupo<\/strong>.<br \/>\nEjemplos:<br \/>\nsubject: Fernando San Jos\u00e9 Bastante, Infantil 3\u00baA<br \/>\nencabezado: Trabajo final, Miriam Cogolludo de las Heras, Primaria 4\u00baD<\/li>\n<\/ul>\n<\/li>\n<\/ul>\n<p>El prop\u00f3sito de estas normas es <strong>evitar que los archivos y los trabajos se confundan entre s\u00ed en los d\u00edas de entrega<\/strong> en que los profesores recibimos correos electr\u00f3nicos de muchos alumnos de diferentes cursos, especialidades, asignaturas y grupos. Ante la duda, preguntad al profesor y usad el sentido com\u00fan.<\/p>\n<p><a title=\"Enlace externo a informacion adicional (se abrir\u00e1 en una ventana nueva)\" href=\"http:\/\/creativecommons.org\/licenses\/by-nc-sa\/3.0\/es\/\" target=\"_blank\" rel=\"noopener noreferrer\"><img decoding=\"async\" title=\"Creative Commons License\" src=\"https:\/\/blog.uclm.es\/joseremofernandez\/wp-content\/uploads\/sites\/164\/2020\/06\/cc.png\" alt=\"Creative Commons License\" \/><\/a><\/p>\n<p>C\u00f3mo preparar un texto para enviar al profesor by Remo Fern\u00e1ndez-Carro<br \/>\nis licensed under a <a href=\"http:\/\/creativecommons.org\/licenses\/by-nc-sa\/3.0\/es\/\">Creative Commons Reconocimiento-No comercial-Compartir bajo la misma licencia 3.0 Espa\u00f1a License<\/a>.<\/p>\n","protected":false},"excerpt":{"rendered":"<p>1 septiembre 2021 Remo Fern\u00e1ndez-Carro Cuando envi\u00e9is al profesor un texto en formato digital: Escribid como nombre del archivo\u00a0 vuestros apellidos, el t\u00edtulo del documento abreviado y vuestra especialidad y curso. Ejemplos: \u201cMart\u00edn Nieto, Portafolio de Sociolog\u00eda, Primaria B.doc\u201d \u201cG\u00f3mez Feito, Trabajo final de Educaci\u00f3n y Sociedad, Infantil C.pdf\u201d Poned en la portada el t\u00edtulo &hellip; <a href=\"https:\/\/blog.uclm.es\/joseremofernandez\/como-preparar-un-texto-para-enviar-al-profesor\/\" class=\"more-link\">Seguir leyendo <span class=\"screen-reader-text\">C\u00f3mo preparar un texto para enviar al profesor<\/span> <span class=\"meta-nav\">&rarr;<\/span><\/a><\/p>\n","protected":false},"author":140,"featured_media":0,"parent":0,"menu_order":0,"comment_status":"closed","ping_status":"closed","template":"","meta":{"footnotes":""},"class_list":["post-50","page","type-page","status-publish","hentry"],"_links":{"self":[{"href":"https:\/\/blog.uclm.es\/joseremofernandez\/wp-json\/wp\/v2\/pages\/50","targetHints":{"allow":["GET"]}}],"collection":[{"href":"https:\/\/blog.uclm.es\/joseremofernandez\/wp-json\/wp\/v2\/pages"}],"about":[{"href":"https:\/\/blog.uclm.es\/joseremofernandez\/wp-json\/wp\/v2\/types\/page"}],"author":[{"embeddable":true,"href":"https:\/\/blog.uclm.es\/joseremofernandez\/wp-json\/wp\/v2\/users\/140"}],"replies":[{"embeddable":true,"href":"https:\/\/blog.uclm.es\/joseremofernandez\/wp-json\/wp\/v2\/comments?post=50"}],"version-history":[{"count":1,"href":"https:\/\/blog.uclm.es\/joseremofernandez\/wp-json\/wp\/v2\/pages\/50\/revisions"}],"predecessor-version":[{"id":381,"href":"https:\/\/blog.uclm.es\/joseremofernandez\/wp-json\/wp\/v2\/pages\/50\/revisions\/381"}],"wp:attachment":[{"href":"https:\/\/blog.uclm.es\/joseremofernandez\/wp-json\/wp\/v2\/media?parent=50"}],"curies":[{"name":"wp","href":"https:\/\/api.w.org\/{rel}","templated":true}]}}