{"id":17,"date":"2016-05-06T10:47:44","date_gmt":"2016-05-06T09:47:44","guid":{"rendered":"http:\/\/blog.uclm.es\/josemariaherranz\/?page_id=17"},"modified":"2016-05-06T10:47:44","modified_gmt":"2016-05-06T09:47:44","slug":"actualidad","status":"publish","type":"page","link":"https:\/\/blog.uclm.es\/josemariaherranz\/actualidad\/","title":{"rendered":"Actualidad"},"content":{"rendered":"<p>En esta p\u00e1gina aparecer\u00e1n las \u00faltimas novedades acad\u00e9micas y personales.<\/p>\n","protected":false},"excerpt":{"rendered":"<p>En esta p\u00e1gina aparecer\u00e1n las \u00faltimas novedades acad\u00e9micas y personales.<\/p>\n","protected":false},"author":84,"featured_media":0,"parent":0,"menu_order":0,"comment_status":"closed","ping_status":"closed","template":"","meta":{"footnotes":""},"class_list":["post-17","page","type-page","status-publish","hentry"],"_links":{"self":[{"href":"https:\/\/blog.uclm.es\/josemariaherranz\/wp-json\/wp\/v2\/pages\/17","targetHints":{"allow":["GET"]}}],"collection":[{"href":"https:\/\/blog.uclm.es\/josemariaherranz\/wp-json\/wp\/v2\/pages"}],"about":[{"href":"https:\/\/blog.uclm.es\/josemariaherranz\/wp-json\/wp\/v2\/types\/page"}],"author":[{"embeddable":true,"href":"https:\/\/blog.uclm.es\/josemariaherranz\/wp-json\/wp\/v2\/users\/84"}],"replies":[{"embeddable":true,"href":"https:\/\/blog.uclm.es\/josemariaherranz\/wp-json\/wp\/v2\/comments?post=17"}],"version-history":[{"count":0,"href":"https:\/\/blog.uclm.es\/josemariaherranz\/wp-json\/wp\/v2\/pages\/17\/revisions"}],"wp:attachment":[{"href":"https:\/\/blog.uclm.es\/josemariaherranz\/wp-json\/wp\/v2\/media?parent=17"}],"curies":[{"name":"wp","href":"https:\/\/api.w.org\/{rel}","templated":true}]}}