{"id":3848,"date":"2020-06-29T07:10:00","date_gmt":"2020-06-29T07:10:00","guid":{"rendered":"https:\/\/blog.uclm.es\/joseasanchez\/?page_id=3848"},"modified":"2025-11-01T12:01:39","modified_gmt":"2025-11-01T12:01:39","slug":"docencia","status":"publish","type":"page","link":"https:\/\/blog.uclm.es\/joseasanchez\/docencia\/","title":{"rendered":"Docencia"},"content":{"rendered":"\n<p><strong>Catedr\u00e1tico de Historia del Arte en la Facultad de Bellas Artes<\/strong> <strong>de Cuenca<\/strong><\/p>\n\n\n\n<h5 class=\"wp-block-heading\">Docencia actual <\/h5>\n\n\n\n<h6 class=\"wp-block-heading\">grado:<\/h6>\n\n\n\n<ul class=\"wp-block-list\">\n<li>Arte y Literatura. Optativa 4\u00ba curso. Propone en paralelo la lectura y debate de textos literarios y las pr\u00e1cticas de escritura creativa. Se proponen lecturas de poes\u00eda, narrativa y escritura experimental que permitan debatir sobre la condici\u00f3n art\u00edstica y las cuestiones asociadas a la pr\u00e1ctica del arte o bien que den testimonio de colaboraciones entre artistas y escritorxs. Los textos son de \u00e1mbito global.<\/li>\n\n\n\n<li>Seminarios de teor\u00eda y cr\u00edtica I. Obligatoria 3\u00ba curso. Seminario tem\u00e1tico sobre la idea de juego y su realizaci\u00f3n en la historia del arte contempor\u00e1neo.<\/li>\n<\/ul>\n\n\n\n<h6 class=\"wp-block-heading\">M\u00e1ster <\/h6>\n\n\n\n<p>MUIPAV: Master Universitario en Investigaci\u00f3n en Pr\u00e1cticas Art\u00edsticas y Visuales<\/p>\n\n\n\n<ul class=\"wp-block-list\">\n<li>Seminarios de Investigaci\u00f3n I. Seminario tem\u00e1tico: \u00abPor una er\u00f3tica del arte\u00bb<\/li>\n\n\n\n<li>Seminarios de Investigaci\u00f3n II. Seminario metodol\u00f3gico: \u00abEscritura e investigaci\u00f3n\u00bb<\/li>\n<\/ul>\n\n\n\n<p><\/p>\n\n\n\n<h5 class=\"wp-block-heading\">DOCENCIA PASADA<\/h5>\n\n\n\n<h6 class=\"wp-block-heading\">GRADO<\/h6>\n\n\n\n<ul class=\"wp-block-list\">\n<li>Seminarios de teor\u00eda y cr\u00edtica II. Obligatoria 4\u00ba curso. 2016-2020.<\/li>\n\n\n\n<li>Estudios culturales \/ Cultural studies. Optativa 4\u00ba curso. 4,5 cr. 2013-14.<\/li>\n\n\n\n<li>Literatura y artes visuales. Optativa 4\u00ba curso. 4,5. cr. 2013-14<\/li>\n\n\n\n<li>Otras cinematograf\u00edas: una introducci\u00f3n \/ Other cinemas: an introducci\u00f3n. Optativa 4\u00ba curso. 4,5 cr. 2011-14<\/li>\n\n\n\n<li>Historia del cine. Optativa 3\u00ba curso. 2011-13.<\/li>\n\n\n\n<li>Arte y literatura. Optativa 5\u00ba curso. 9 cr. 2002-10.<\/li>\n\n\n\n<li>Historia de las artes esc\u00e9nicas. Optativa 3\u00ba curso. 9 cr. 2002-2010.<\/li>\n\n\n\n<li>Dramaturgia y espacio esc\u00e9nico. Optativa 4\u00ba curso. 1993-96.<\/li>\n\n\n\n<li>Dramaturgia y espacio esc\u00e9nico. Facultad de Humanidades de Albacete. 1998-99.<\/li>\n\n\n\n<li><a href=\"https:\/\/blog.uclm.es\/joseasanchez\/1996\/05\/31\/laboratorio-de-artes-escenicas-1994-96\/\">Laboratorio de Artes Esc\u00e9nicas<\/a>. 1994-96<\/li>\n\n\n\n<li>Historia del teatro contempor\u00e1neo. 4\u00ba curso. 6 cr. 1992-1998.<\/li>\n\n\n\n<li>Taller de investigaci\u00f3n: pr\u00e1ctica del cine. 5\u00ba curso. 1992-93.<\/li>\n\n\n\n<li>Historia del arte V. Obligatoria 5\u00ba caso. 1992-94<\/li>\n\n\n\n<li>Historia del arte IV. Obligatoria 4\u00ba curso.  1991-92<\/li>\n\n\n\n<li>Historia del arte III. Obligatoria 3\u00ba curso. 1990-92.<\/li>\n\n\n\n<li>La po\u00e9tica de Arist\u00f3teles. Doce sesiones en el marco de la asignatura <em>Historia de la Filosof\u00eda Antigua<\/em>. Facultad de Filosof\u00eda, Psicolog\u00eda y Ciencias de la Educaci\u00f3n de la Universidad de Murcia). 1989-90.<\/li>\n\n\n\n<li>Teatro. Optativa de&nbsp;&nbsp;para tercer curso en la Escuela de Profesorado de E.G.B. de la Universidad de Murcia. 1989.<\/li>\n\n\n\n<li><em>Est\u00e9tica<\/em>. 2\u00ba Trimestre de la asignatura de&nbsp;<em>Est\u00e9tica<\/em>&nbsp;en el tercer curso de Filosof\u00eda Pura en la Facultad de Filosof\u00eda, Psicolog\u00eda y CC.EE de la Universidad de Murcia. 1989.<\/li>\n<\/ul>\n\n\n\n<p>MASTER<\/p>\n\n\n\n<ul class=\"wp-block-list\">\n<li>Seminarios de investigaci\u00f3n I. Obligatoria 2 cr. 2017-2024.<\/li>\n\n\n\n<li>Seminarios de investigaci\u00f3n II. Obligatoria 2 cr. 2017-2024.<\/li>\n\n\n\n<li>Pr\u00e1cticas colaborativas I. Obligatoria. 2 cr. 2016-17.<\/li>\n\n\n\n<li>MASTER EN PR\u00c1CTICA ESC\u00c9NICA Y CULTURA VISUAL<\/li>\n\n\n\n<li>Teor\u00eda e historiograf\u00eda de las artes esc\u00e9nicas. 2009-2021<\/li>\n\n\n\n<li>Seminarios de investigaci\u00f3n. 2009-21.<\/li>\n<\/ul>\n\n\n\n<p>OTROS PROGRAMAS DE LA UCLM<\/p>\n\n\n\n<ul class=\"wp-block-list\">\n<li>Metodolog\u00edas de la investigaci\u00f3n. 2014-15.<\/li>\n\n\n\n<li>Pr\u00e1ctica cinematogr\u00e1fica. 2010-11.<\/li>\n\n\n\n<li>Teor\u00eda y cr\u00edtica de los medios. 4,5 cr. 2010.<\/li>\n<\/ul>\n\n\n\n<p><\/p>\n\n\n\n<h5 class=\"wp-block-heading\">COORDINACI\u00d3N ACAD\u00c9MICA<\/h5>\n\n\n\n<ul class=\"wp-block-list\">\n<li>Codirector (con Victoria P\u00e9rez Royo) del M\u00e1ster en Pr\u00e1ctica Esc\u00e9nica y Cultura Visual. UCLM-Museo Reina Sof\u00eda, Madrid, 2013-17. <\/li>\n\n\n\n<li>Codirector (con Victoria P\u00e9rez Royo) del M\u00e1ster en Pr\u00e1ctica Esc\u00e9nica y Cultura Visual. UAH-Museo Reina Sof\u00eda, Madrid, 2010-12. <\/li>\n\n\n\n<li>Director del M\u00e1ster en Pr\u00e1ctica Esc\u00e9nica y Cultura Visual. UAH-Museo Reina Sof\u00eda, Madrid, 2009-10.<\/li>\n\n\n\n<li>Director del Master de Arte en la Esfera P\u00fablica. Facultad de Bellas Artes (UCLM), en red con seis universidades internacionales. Con la colaboraci\u00f3n de JCCM, Diputaci\u00f3n Provincial de Cuenca y Ayuntamiento de San Clemente. 2006.<\/li>\n\n\n\n<li>Coordinador del Programa de Doctorado \u201cLa nueva cultura visual: la incidencia de las tecnolog\u00edas en las dos \u00faltimas d\u00e9cadas\u201d junto con el Dr. Jos\u00e9 Ram\u00f3n Alcal\u00e1. Universidad de Castilla-La Mancha. Bienios 2003-05 y 2004-06.&nbsp;<\/li>\n<\/ul>\n\n\n\n<h5 class=\"wp-block-heading\">GESTI\u00d3N ACAD\u00c9MICA<\/h5>\n\n\n\n<ul class=\"wp-block-list\">\n<li>Miembro de la Comisi\u00f3n Acad\u00e9mica del M\u00e1ster Universitario en Investigaci\u00f3n en Pr\u00e1cticas Art\u00edsticas y Visuales. 2015-25.<\/li>\n\n\n\n<li>Presidente de la Comisi\u00f3n de Reclamaciones de la UCLM. 2018-2020<\/li>\n\n\n\n<li>Director del Departamento de Historia del Arte, UCLM. 2012-16.<\/li>\n\n\n\n<li>Miembro de la Comisi\u00f3n de Ordenaci\u00f3n Acad\u00e9mica de la Facultad de Bellas Artes de Cuenca. Inicio: 2008-2011.<\/li>\n\n\n\n<li>Director del Aula de Danza Estrella Casero de la Universidad de Alcal\u00e1 de Henares. Nombramiento: 1 de septiembre de 2007. Cese: 31 de agosto de 2008.<\/li>\n\n\n\n<li>Miembro de la Junta de Direcci\u00f3n del Departamento de Arte. Inicio: marzo 2005-12.<\/li>\n\n\n\n<li>Miembro de la Comisi\u00f3n para el Premio Extraordinario de Doctorado: 2004, 2005.<\/li>\n\n\n\n<li>Miembro de la Comisi\u00f3n de Ordenaci\u00f3n Acad\u00e9mica y Planes de Estudios de la Facultad de Bellas Artes. Inicio: 2004.<\/li>\n\n\n\n<li>Coordinador de un Proyecto de Cooperaci\u00f3n con el Instituto Nacional de Bellas Artes de Tetu\u00e1n. Inicio: mayo de 2004.<\/li>\n\n\n\n<li>Director del Departamento de Historia del Arte de la Universidad de Castilla-La Mancha. Fecha de nombramiento: 13 de diciembre de 2002. Fecha de cese: 31 de julio de 2004.<\/li>\n\n\n\n<li>Vocal de la Comisi\u00f3n de Profesorado de la Universidad de Castilla-La Mancha. Cese: octubre 2001.<\/li>\n\n\n\n<li>Subdirector del Departamento de Historia del Arte de la Universidad de Castilla-La Mancha. Fecha de nombramiento: 8 de marzo de 2000.&nbsp;<\/li>\n\n\n\n<li>Decano de la Facultad de Bellas Artes de Cuenca. Elegido en Junta de Facultad del 31 de enero de 1996. Como tal, promotor de las&nbsp;<em>Jornadas sobre la ense\u00f1anza art\u00edstica<\/em>&nbsp;(1997), de la exposici\u00f3n&nbsp;<em>Miradas: diez a\u00f1os de ense\u00f1anza art\u00edstica en Cuenca<\/em>&nbsp;(1997), del nombramiento como doctor honoris causa del pintor don Antonio Saura (1997) y del festival multidisciplinar de arte contempor\u00e1neo&nbsp;<em>situaciones<\/em>&nbsp;(1999). Fecha de cese. 31 de enero de 2000.<\/li>\n\n\n\n<li>Vocal de la Comisi\u00f3n de Cooperaci\u00f3n Internacional y Coordinador para el Campus de Cuenca. Como tal, promotor del primer programa S\u00f3crates de intercambio con m\u00e1s de veinte Facultades y Escuelas de Arte europeas. Fecha de nombramiento: 5 de octubre de 1994.<\/li>\n\n\n\n<li>Vicedecano de Extensi\u00f3n Universitaria de la Facultad de Bellas Artes de Cuenca, Universidad de Castilla-La Mancha. Como tal, responsable de la organizaci\u00f3n de actividades culturales, conferencias, cursos de profesores invitados y relacines internacionales, promotor de la primera red de intercambio internacional que funcion\u00f3 en el campus de Cuenca dentro del programa Erasmus. Fecha de nombramiento: 23 de enero de 1992.<\/li>\n\n\n\n<li>Vicedecano de Ordenaci\u00f3n Acad\u00e9mica de la Facultad de Bellas Artes de Cuenca, Universidad de Castilla-La Mancha. Como tal, responsable de la elaboraci\u00f3n del nuevo plan de estudios, aprobado durante el a\u00f1o 1992. Fecha de nombramiento: 29 de enero de 1991. Fin: 31 de enero de 1996.<\/li>\n<\/ul>\n\n\n\n<p><\/p>\n\n\n\n<p><\/p>\n","protected":false},"excerpt":{"rendered":"<p>Catedr\u00e1tico de Historia del Arte en la Facultad de Bellas Artes de Cuenca Docencia actual grado: M\u00e1ster MUIPAV: Master Universitario en Investigaci\u00f3n en Pr\u00e1cticas Art\u00edsticas y Visuales DOCENCIA PASADA GRADO MASTER OTROS PROGRAMAS DE LA UCLM COORDINACI\u00d3N ACAD\u00c9MICA GESTI\u00d3N ACAD\u00c9MICA<\/p>\n","protected":false},"author":285,"featured_media":0,"parent":0,"menu_order":0,"comment_status":"closed","ping_status":"closed","template":"","meta":{"footnotes":""},"class_list":["post-3848","page","type-page","status-publish","hentry"],"_links":{"self":[{"href":"https:\/\/blog.uclm.es\/joseasanchez\/wp-json\/wp\/v2\/pages\/3848","targetHints":{"allow":["GET"]}}],"collection":[{"href":"https:\/\/blog.uclm.es\/joseasanchez\/wp-json\/wp\/v2\/pages"}],"about":[{"href":"https:\/\/blog.uclm.es\/joseasanchez\/wp-json\/wp\/v2\/types\/page"}],"author":[{"embeddable":true,"href":"https:\/\/blog.uclm.es\/joseasanchez\/wp-json\/wp\/v2\/users\/285"}],"replies":[{"embeddable":true,"href":"https:\/\/blog.uclm.es\/joseasanchez\/wp-json\/wp\/v2\/comments?post=3848"}],"version-history":[{"count":14,"href":"https:\/\/blog.uclm.es\/joseasanchez\/wp-json\/wp\/v2\/pages\/3848\/revisions"}],"predecessor-version":[{"id":4441,"href":"https:\/\/blog.uclm.es\/joseasanchez\/wp-json\/wp\/v2\/pages\/3848\/revisions\/4441"}],"wp:attachment":[{"href":"https:\/\/blog.uclm.es\/joseasanchez\/wp-json\/wp\/v2\/media?parent=3848"}],"curies":[{"name":"wp","href":"https:\/\/api.w.org\/{rel}","templated":true}]}}