{"id":1371,"date":"2018-05-25T16:08:52","date_gmt":"2018-05-25T15:08:52","guid":{"rendered":"http:\/\/blog.uclm.es\/joseasanchez\/?page_id=1371"},"modified":"2025-06-28T14:36:55","modified_gmt":"2025-06-28T14:36:55","slug":"palabras-ajenas-en-el-museo-de-la-universidad-nacional-de-colombia","status":"publish","type":"page","link":"https:\/\/blog.uclm.es\/joseasanchez\/palabras-ajenas-en-el-museo-de-la-universidad-nacional-de-colombia\/","title":{"rendered":"Palabras ajenas en Bogot\u00e1"},"content":{"rendered":"<p>Martes 22 de mayo, de 12.00 a 19.00 h.<\/p>\n<p>En el contexto de<a href=\"https:\/\/blog.uclm.es\/joseasanchez\/wp-content\/uploads\/sites\/195\/2025\/06\/2018.05.-Experimenta-Sur_compressed.pdf\"> Experimenta Sur: Vocantes<\/a>.<\/p>\n<p><a href=\"http:\/\/www.facartes.unal.edu.co\/fa\/maestrias\/teatro-artes-vivas\/\">Maestr\u00eda Interdisciplinar de Teatro y Artes Vivas<\/a> \/ <a href=\"http:\/\/patrimoniocultural.bogota.unal.edu.co\/menu-principal\/museo\/museo-de-arte.html\">Museo de la Universidad Nacional de Colombia<\/a> \/ <a href=\"http:\/\/www.mapateatro.org\/es\">MAPA Teatro<\/a><\/p>\n<p><img loading=\"lazy\" decoding=\"async\" class=\"alignnone size-full wp-image-1385\" src=\"https:\/\/blog.uclm.es\/joseasanchez\/wp-content\/uploads\/sites\/195\/2018\/05\/Microfonos-del-Senado-de-la-Republica.jpg\" alt=\"\" width=\"1400\" height=\"933\" \/><\/p>\n<p>Lectores: Adriana Rojas, Adri\u00e1n S\u00e1nchez, Adriana Urrea, Agnes Brekke, Alejandro Jaramillo, \u00a0 Alejandro Valencia, Andr\u00e9s Casta\u00f1eda, Carlos P\u00e9rez, Clara Sof\u00eda Arrieta, Claudia Torres, Diana Acosta, Elo\u00edsa Jaramillo, Franklin D\u00e1valos, Jaime Alberto Rinc\u00f3n, Johana Nazate, Jorge Enrique Abello, Jos\u00e9 Mar\u00eda Rubio, Juanita Delgado, Juli\u00e1n D\u00edaz, Laura Serena, Lorena Duarte, Marcia Cabrera, \u00a0Mateo Mej\u00eda, Paola O\u00f1a, Rebeca Rocha, Ruth Est\u00e9vez, Sandro Romero, Santiago Gardiaz\u00e1bal, Suely Rolnik, V\u00edctor Viviescas, Violeta Acu\u00f1a, Yamile Velosa.<\/p>\n<p>Asistente: Margot Delorme.<\/p>\n<p>Colaboradores: Andr\u00e9 de Camargo, Francisco Arrieta.<\/p>\n<p>Producci\u00f3n en el Museo: Yamile Velosa<\/p>\n<p>Directora del Museo: Mar\u00eda Bel\u00e9n S\u00e1ez de Ibarra<\/p>\n<p>Producci\u00f3n y coordinaci\u00f3n: Barbara Pohlenz, Gabriela Abello,\u00a0Rolf Abderhalden (<a href=\"http:\/\/www.facartes.unal.edu.co\/fa\/maestrias\/teatro-artes-vivas\/\">MITAV<\/a>)<\/p>\n<p>Direcci\u00f3n: Jos\u00e9 A. S\u00e1nchez, Juan Ernesto D\u00edaz, Ruth Est\u00e9vez.<\/p>\n<p><a href=\"http:\/\/blog.uclm.es\/joseasanchez\/the-words-of-others-palabras-ajenas-2017\/\">Un proyecto de Ruth Est\u00e9vez, en colaboraci\u00f3n con Agust\u00edn D\u00edaz Fischer y Miguel A. L\u00f3pez.<\/a><\/p>\n<p>Agradecimientos: Fundaci\u00f3n Augusto y Le\u00f3n Ferrari y Acervo (Falfa), Getty Foundation, Artea &#8211; Teatralidades expandidas<\/p>\n<p><img loading=\"lazy\" decoding=\"async\" class=\"alignnone wp-image-1405\" src=\"https:\/\/blog.uclm.es\/joseasanchez\/wp-content\/uploads\/sites\/195\/2018\/05\/Prensa-1.S.S.jpg\" alt=\"\" width=\"532\" height=\"308\" \/><\/p>\n<p><a href=\"http:\/\/blog.uclm.es\/joseasanchez\/imagenes-palabras-ajenas-bogota\/\">Ver m\u00e1s im\u00e1genes<\/a><\/p>\n<p>Relator\u00eda Margot Delorme.<\/p>\n<p>Voces. Voces que se lanzaron durante siete horas. Hitler, Johnson, Dios, Cristo, los periodistas. Miles de voces que conversaron, haci\u00e9ndose ecos.<\/p>\n<p>\u00bfCu\u00e1l es la diferencia entre Johnson y Hitler? \u00bfEntre la guerra del Vietnam y la segunda guerra mundial? \u00bfEntre el exterminio de los jud\u00edos y el de los campesinos vietnamitas? \u00bfAcaso los dos no utilizaron el hambre como un arma de guerra?<\/p>\n<p>\u00bfPor qu\u00e9 nos suenan tan parecidas las palabras de la Biblia y las consecuencias de la bomba nuclear?<\/p>\n<p>Esas voces est\u00e1n aqu\u00ed con nosotros, contest\u00e1ndose en un juego de espejos, desarrollando el hilo de la Historia mundial, de nuestra historia.<\/p>\n<p>Y otras voces se alzan, de v\u00edctimas, de los periodistas narrando los hechos, las cifras de muertos, torturados, muertos de hambre. Este remolino nos lleva a un mundo, un mundo de voces que nos hacen reales estas historias que se repitieron a lo largo del tiempo.<\/p>\n<p>Terminando en un solo grito, una sola protesta. Arroz.<\/p>\n<p><img loading=\"lazy\" decoding=\"async\" class=\"alignnone wp-image-1379\" src=\"https:\/\/blog.uclm.es\/joseasanchez\/wp-content\/uploads\/sites\/195\/2018\/05\/General-5.-Foto-JAS.jpg\" alt=\"\" width=\"532\" height=\"399\" \/><\/p>\n<p><a href=\"http:\/\/blog.uclm.es\/joseasanchez\/imagenes-palabras-ajenas-bogota\/\">Ver m\u00e1s im\u00e1genes<\/a><\/p>\n<div class=\"et_post_meta_wrapper\">\n<section id=\"comment-wrap\">\n<div id=\"comment-section\" class=\"nocomments\"><a href=\"http:\/\/www.experimentasur.com\/uncategorized\/dia-2-palabras-ajenas\/\">\u00a0Ver m\u00e1s en la p\u00e1gina de Experimenta Sur<\/a><\/div>\n<div>(incluye un audio con el inicio de la lectura)<\/div>\n<\/section>\n<\/div>\n<div>\u00a0<\/div>\n<div><strong>Textos y documentos<\/strong><\/div>\n<div>\u00a0<\/div>\n<div>Jorge Cort\u00e9s. Discursos de la guerra, Arteria, Bogot\u00e1, mayo 2018\u00a0 (descargar en pdf:\u00a0<a href=\"https:\/\/blog.uclm.es\/joseasanchez\/wp-content\/uploads\/sites\/195\/2025\/06\/2018.05.-ARTERIA_compressed.pdf\">ARTERIA<\/a>)<\/div>\n<div>\u00a0<\/div>\n\n\n<p><\/p>\n","protected":false},"excerpt":{"rendered":"<p>Martes 22 de mayo, de 12.00 a 19.00 h. En el contexto de Experimenta Sur: Vocantes. Maestr\u00eda Interdisciplinar de Teatro y Artes Vivas \/ Museo de la Universidad Nacional de Colombia \/ MAPA Teatro Lectores: Adriana Rojas, Adri\u00e1n S\u00e1nchez, Adriana Urrea, Agnes Brekke, Alejandro Jaramillo, \u00a0 Alejandro Valencia, Andr\u00e9s Casta\u00f1eda, Carlos P\u00e9rez, Clara Sof\u00eda Arrieta, [&hellip;]<\/p>\n","protected":false},"author":285,"featured_media":0,"parent":0,"menu_order":0,"comment_status":"closed","ping_status":"closed","template":"","meta":{"footnotes":""},"class_list":["post-1371","page","type-page","status-publish","hentry"],"_links":{"self":[{"href":"https:\/\/blog.uclm.es\/joseasanchez\/wp-json\/wp\/v2\/pages\/1371","targetHints":{"allow":["GET"]}}],"collection":[{"href":"https:\/\/blog.uclm.es\/joseasanchez\/wp-json\/wp\/v2\/pages"}],"about":[{"href":"https:\/\/blog.uclm.es\/joseasanchez\/wp-json\/wp\/v2\/types\/page"}],"author":[{"embeddable":true,"href":"https:\/\/blog.uclm.es\/joseasanchez\/wp-json\/wp\/v2\/users\/285"}],"replies":[{"embeddable":true,"href":"https:\/\/blog.uclm.es\/joseasanchez\/wp-json\/wp\/v2\/comments?post=1371"}],"version-history":[{"count":3,"href":"https:\/\/blog.uclm.es\/joseasanchez\/wp-json\/wp\/v2\/pages\/1371\/revisions"}],"predecessor-version":[{"id":3769,"href":"https:\/\/blog.uclm.es\/joseasanchez\/wp-json\/wp\/v2\/pages\/1371\/revisions\/3769"}],"wp:attachment":[{"href":"https:\/\/blog.uclm.es\/joseasanchez\/wp-json\/wp\/v2\/media?parent=1371"}],"curies":[{"name":"wp","href":"https:\/\/api.w.org\/{rel}","templated":true}]}}