{"id":93,"date":"2020-05-28T08:25:39","date_gmt":"2020-05-28T07:25:39","guid":{"rendered":"http:\/\/blog.uclm.es\/jesuspadilla\/?page_id=93"},"modified":"2023-03-31T12:12:58","modified_gmt":"2023-03-31T11:12:58","slug":"home","status":"publish","type":"page","link":"https:\/\/blog.uclm.es\/jesuspadilla\/","title":{"rendered":""},"content":{"rendered":"\n<h3 class=\"has-text-align-right has-primary-color has-text-color wp-block-heading\">Jes\u00fas Padilla G\u00e1lvez<\/h3>\n\n\n\n<div class=\"wp-block-media-text alignwide is-stacked-on-mobile is-vertically-aligned-center is-image-fill has-medium-font-size\" style=\"grid-template-columns:31% auto\"><figure class=\"wp-block-media-text__media\" style=\"background-image:url(https:\/\/blog.uclm.es\/jesuspadilla\/wp-content\/uploads\/sites\/208\/2023\/03\/DSC_0217-1-879x1024.jpg);background-position:50% 50%\"><img loading=\"lazy\" decoding=\"async\" width=\"879\" height=\"1024\" src=\"https:\/\/blog.uclm.es\/jesuspadilla\/wp-content\/uploads\/sites\/208\/2023\/03\/DSC_0217-1-879x1024.jpg\" alt=\"Jes\u00fas Padilla G\u00e1lvez\" class=\"wp-image-1536 size-large\" srcset=\"https:\/\/blog.uclm.es\/jesuspadilla\/wp-content\/uploads\/sites\/208\/2023\/03\/DSC_0217-1-879x1024.jpg 879w, https:\/\/blog.uclm.es\/jesuspadilla\/wp-content\/uploads\/sites\/208\/2023\/03\/DSC_0217-1-257x300.jpg 257w, https:\/\/blog.uclm.es\/jesuspadilla\/wp-content\/uploads\/sites\/208\/2023\/03\/DSC_0217-1-768x895.jpg 768w, https:\/\/blog.uclm.es\/jesuspadilla\/wp-content\/uploads\/sites\/208\/2023\/03\/DSC_0217-1-1318x1536.jpg 1318w, https:\/\/blog.uclm.es\/jesuspadilla\/wp-content\/uploads\/sites\/208\/2023\/03\/DSC_0217-1-1758x2048.jpg 1758w, https:\/\/blog.uclm.es\/jesuspadilla\/wp-content\/uploads\/sites\/208\/2023\/03\/DSC_0217-1-1200x1398.jpg 1200w, https:\/\/blog.uclm.es\/jesuspadilla\/wp-content\/uploads\/sites\/208\/2023\/03\/DSC_0217-1-1980x2307.jpg 1980w\" sizes=\"auto, (max-width: 879px) 100vw, 879px\" \/><\/figure><div class=\"wp-block-media-text__content\">\n<p style=\"font-size:22px\"><strong>Jes\u00fas Padilla G\u00e1lvez<\/strong> (born October 28, 1959) is a&nbsp;philosopher&nbsp;who worked primarily in&nbsp;philosophy of language,&nbsp;logic, and the&nbsp;history of sciences. Jes\u00fas Padilla G\u00e1lvez studied Philosophy, History and Mathematics at the&nbsp;<a href=\"https:\/\/en.wikipedia.org\/wiki\/University_of_Cologne\">University of Cologne<\/a>&nbsp;(Germany) and was awarded the M.A. in 1983 and a Dr. phil. in&nbsp;Philosophy&nbsp;in 1988. He was Research Assistant (1988\u20131991) at the&nbsp;<a href=\"https:\/\/en.wikipedia.org\/wiki\/University_of_Murcia\">University of Murcia<\/a>&nbsp;(Spain) and later held the post of Associate Professor (1992\u20131994) for&nbsp;Logic&nbsp;and&nbsp;Philosophy of Language&nbsp;at the&nbsp;<a href=\"https:\/\/en.wikipedia.org\/wiki\/University_of_Le%C3%B3n\">University of Le\u00f3n<\/a>&nbsp;(Spain). From 1994 to 1999 he was Visiting Professor at the&nbsp;<a href=\"https:\/\/en.wikipedia.org\/wiki\/Johannes_Kepler_University\">Johannes Kepler University<\/a>&nbsp;in Linz (Austria). Since 1999 he has been Professor at the&nbsp;<a href=\"https:\/\/en.wikipedia.org\/wiki\/University_of_Castilla-La_Mancha\">University of Castilla-La Mancha<\/a>&nbsp;in&nbsp;<a href=\"https:\/\/en.wikipedia.org\/wiki\/Toledo,_Spain\">Toledo<\/a>&nbsp;(Spain). He has held visiting posts at the Universities of&nbsp;<a href=\"https:\/\/en.wikipedia.org\/wiki\/University_of_Erlangen-Nuremberg\">University of Erlangen-Nuremberg<\/a>&nbsp;(Germany),&nbsp;<a href=\"https:\/\/en.wikipedia.org\/wiki\/University_of_Graz\">University of Graz<\/a>&nbsp;(Austria),&nbsp;<a href=\"https:\/\/en.wikipedia.org\/wiki\/University_of_Potsdam\">University of Potsdam<\/a>&nbsp;(Germany),&nbsp;<a href=\"https:\/\/en.wikipedia.org\/wiki\/University_of_Cambridge\">University of Cambridge<\/a>&nbsp;(United Kingdom),&nbsp;<a href=\"https:\/\/en.wikipedia.org\/wiki\/University_of_Munich\">University of Munich<\/a>&nbsp;(Germany),&nbsp;<a href=\"https:\/\/en.wikipedia.org\/wiki\/University_of_Vienna\">University of Vienna<\/a>&nbsp;and the&nbsp;<a href=\"https:\/\/en.wikipedia.org\/wiki\/University_of_Oxford\">University of Oxford<\/a>&nbsp;(United Kingdom). As director of the international scientific journal&nbsp;<a href=\"https:\/\/blog.uclm.es\/jesuspadilla\/dokos\/\">D\u00f3kos. Revista Filos\u00f3fica &#8211; Philosophical Review<\/a> &nbsp;and editor of the international series \u00abAporia \/ A\u03c0\u03bfp\u03afa\u00bb (<a href=\"https:\/\/www.degruyter.com\/serial\/apor-b\/html\">De Gruyter<\/a>, Berlin, Boston) the author is continuously engaged with highly relevant philosophical topics.<\/p>\n<\/div><\/div>\n\n\n\n<hr class=\"wp-block-separator has-alpha-channel-opacity\" \/>\n\n\n\n<div class=\"wp-block-group alignwide is-vertical is-layout-flex wp-container-core-group-is-layout-8cf370e7 wp-block-group-is-layout-flex\">\n<div class=\"wp-block-media-text alignwide is-stacked-on-mobile is-vertically-aligned-center\" style=\"grid-template-columns:15% auto\"><figure class=\"wp-block-media-text__media\"><a href=\"https:\/\/blog.uclm.es\/jesuspadilla\/wp-content\/uploads\/sites\/208\/2021\/03\/BLOG-traducciones.png\"><img loading=\"lazy\" decoding=\"async\" width=\"1713\" height=\"2717\" src=\"https:\/\/blog.uclm.es\/jesuspadilla\/wp-content\/uploads\/sites\/208\/2021\/03\/BLOG-traducciones.png\" alt=\"\" class=\"wp-image-568 size-full\" srcset=\"https:\/\/blog.uclm.es\/jesuspadilla\/wp-content\/uploads\/sites\/208\/2021\/03\/BLOG-traducciones.png 1713w, https:\/\/blog.uclm.es\/jesuspadilla\/wp-content\/uploads\/sites\/208\/2021\/03\/BLOG-traducciones-189x300.png 189w, https:\/\/blog.uclm.es\/jesuspadilla\/wp-content\/uploads\/sites\/208\/2021\/03\/BLOG-traducciones-646x1024.png 646w, https:\/\/blog.uclm.es\/jesuspadilla\/wp-content\/uploads\/sites\/208\/2021\/03\/BLOG-traducciones-768x1218.png 768w, https:\/\/blog.uclm.es\/jesuspadilla\/wp-content\/uploads\/sites\/208\/2021\/03\/BLOG-traducciones-968x1536.png 968w, https:\/\/blog.uclm.es\/jesuspadilla\/wp-content\/uploads\/sites\/208\/2021\/03\/BLOG-traducciones-1291x2048.png 1291w\" sizes=\"auto, (max-width: 1713px) 100vw, 1713px\" \/><\/a><\/figure><div class=\"wp-block-media-text__content\">\n<p>2021: <a rel=\"noreferrer noopener\" href=\"https:\/\/www.trotta.es\/libros\/investigaciones-filosoficas\/9788413640204\/\" target=\"_blank\"><em>Ludwig Wittgenstein. Investigaciones filos\u00f3ficas<\/em>.<\/a> Traducci\u00f3n, introducci\u00f3n y notas de&nbsp;Jes\u00fas Padilla G\u00e1lvez. ISBN: 978-84-1364-020-4.<\/p>\n<\/div><\/div>\n\n\n\n<div class=\"wp-block-media-text alignwide is-stacked-on-mobile\" style=\"grid-template-columns:15% auto\"><figure class=\"wp-block-media-text__media\"><a href=\"https:\/\/blog.uclm.es\/jesuspadilla\/wp-content\/uploads\/sites\/208\/2023\/02\/Portada_El_Mentiroso-scaled.jpg\"><img loading=\"lazy\" decoding=\"async\" width=\"1024\" height=\"543\" src=\"https:\/\/blog.uclm.es\/jesuspadilla\/wp-content\/uploads\/sites\/208\/2023\/02\/Portada_El_Mentiroso-scaled-e1676104924470-1024x543.jpg\" alt=\"\" class=\"wp-image-1115 size-full\" srcset=\"https:\/\/blog.uclm.es\/jesuspadilla\/wp-content\/uploads\/sites\/208\/2023\/02\/Portada_El_Mentiroso-scaled-e1676104924470-1024x543.jpg 1024w, https:\/\/blog.uclm.es\/jesuspadilla\/wp-content\/uploads\/sites\/208\/2023\/02\/Portada_El_Mentiroso-scaled-e1676104924470-300x159.jpg 300w, https:\/\/blog.uclm.es\/jesuspadilla\/wp-content\/uploads\/sites\/208\/2023\/02\/Portada_El_Mentiroso-scaled-e1676104924470-768x408.jpg 768w, https:\/\/blog.uclm.es\/jesuspadilla\/wp-content\/uploads\/sites\/208\/2023\/02\/Portada_El_Mentiroso-scaled-e1676104924470-1536x815.jpg 1536w, https:\/\/blog.uclm.es\/jesuspadilla\/wp-content\/uploads\/sites\/208\/2023\/02\/Portada_El_Mentiroso-scaled-e1676104924470-2048x1087.jpg 2048w, https:\/\/blog.uclm.es\/jesuspadilla\/wp-content\/uploads\/sites\/208\/2023\/02\/Portada_El_Mentiroso-scaled-e1676104924470-1200x637.jpg 1200w, https:\/\/blog.uclm.es\/jesuspadilla\/wp-content\/uploads\/sites\/208\/2023\/02\/Portada_El_Mentiroso-scaled-e1676104924470-1980x1051.jpg 1980w\" sizes=\"auto, (max-width: 1024px) 100vw, 1024px\" \/><\/a><\/figure><div class=\"wp-block-media-text__content\">\n<p>2021: <em><a href=\"https:\/\/editorial.tirant.com\/es\/libro\/el-mentiroso-genealogia-de-una-paradoja-sobre-la-verdad-y-autorreferencia-jesus-padilla-galvez-9788418656187\" target=\"_blank\" rel=\"noreferrer noopener\">El mentiroso<\/a>. <\/em>Genealog\u00eda de una paradoja sobre la verdad y autorreferencia. Jes\u00fas Padilla G\u00e1lvez. 1\u00aa Edici\u00f3n \/ 408 p\u00e1gs. \/ R\u00fastica \/ Castellano \/ Libro, ISBN: 9788418656187.<\/p>\n<\/div><\/div>\n\n\n\n<div class=\"wp-block-media-text alignwide is-stacked-on-mobile\" style=\"grid-template-columns:15% auto\"><figure class=\"wp-block-media-text__media\"><a href=\"https:\/\/blog.uclm.es\/jesuspadilla\/wp-content\/uploads\/sites\/208\/2023\/02\/State-of-Affairs-Cover-print-scaled.jpg\"><img loading=\"lazy\" decoding=\"async\" width=\"646\" height=\"1024\" src=\"https:\/\/blog.uclm.es\/jesuspadilla\/wp-content\/uploads\/sites\/208\/2023\/02\/State-of-Affairs-Cover-print-646x1024.jpg\" alt=\"\" class=\"wp-image-1118 size-full\" srcset=\"https:\/\/blog.uclm.es\/jesuspadilla\/wp-content\/uploads\/sites\/208\/2023\/02\/State-of-Affairs-Cover-print-646x1024.jpg 646w, https:\/\/blog.uclm.es\/jesuspadilla\/wp-content\/uploads\/sites\/208\/2023\/02\/State-of-Affairs-Cover-print-189x300.jpg 189w, https:\/\/blog.uclm.es\/jesuspadilla\/wp-content\/uploads\/sites\/208\/2023\/02\/State-of-Affairs-Cover-print-768x1217.jpg 768w, https:\/\/blog.uclm.es\/jesuspadilla\/wp-content\/uploads\/sites\/208\/2023\/02\/State-of-Affairs-Cover-print-969x1536.jpg 969w, https:\/\/blog.uclm.es\/jesuspadilla\/wp-content\/uploads\/sites\/208\/2023\/02\/State-of-Affairs-Cover-print-1292x2048.jpg 1292w, https:\/\/blog.uclm.es\/jesuspadilla\/wp-content\/uploads\/sites\/208\/2023\/02\/State-of-Affairs-Cover-print-1200x1902.jpg 1200w, https:\/\/blog.uclm.es\/jesuspadilla\/wp-content\/uploads\/sites\/208\/2023\/02\/State-of-Affairs-Cover-print-1980x3138.jpg 1980w, https:\/\/blog.uclm.es\/jesuspadilla\/wp-content\/uploads\/sites\/208\/2023\/02\/State-of-Affairs-Cover-print-scaled.jpg 1615w\" sizes=\"auto, (max-width: 646px) 100vw, 646px\" \/><\/a><\/figure><div class=\"wp-block-media-text__content\">\n<p>2021: <em><a href=\"https:\/\/philpapers.org\/rec\/PADSOA\" target=\"_blank\" rel=\"noreferrer noopener\">State of Affairs<\/a>. <\/em>Reconstructing the Controversy over Sachverhalt. Munich: Philosophia Verlag. Jes\u00fas Padilla G\u00e1lvez. <\/p>\n<\/div><\/div>\n\n\n\n<div class=\"wp-block-media-text alignwide is-stacked-on-mobile\" style=\"grid-template-columns:15% auto\"><figure class=\"wp-block-media-text__media\"><a href=\"https:\/\/blog.uclm.es\/jesuspadilla\/wp-content\/uploads\/sites\/208\/2021\/03\/BLOG-Ediciones.jpg\"><img loading=\"lazy\" decoding=\"async\" width=\"339\" height=\"500\" src=\"https:\/\/blog.uclm.es\/jesuspadilla\/wp-content\/uploads\/sites\/208\/2021\/03\/BLOG-Ediciones.jpg\" alt=\"\" class=\"wp-image-567 size-full\" srcset=\"https:\/\/blog.uclm.es\/jesuspadilla\/wp-content\/uploads\/sites\/208\/2021\/03\/BLOG-Ediciones.jpg 339w, https:\/\/blog.uclm.es\/jesuspadilla\/wp-content\/uploads\/sites\/208\/2021\/03\/BLOG-Ediciones-203x300.jpg 203w\" sizes=\"auto, (max-width: 339px) 100vw, 339px\" \/><\/a><\/figure><div class=\"wp-block-media-text__content\">\n<p>2016: <em>Action, Decision-Making and Forms of Life<\/em>. Jes\u00fas Padilla G\u00e1lvez (ed.),&nbsp;De Gruyter, 173pp.,  ISBN: 9783110472882.<\/p>\n<\/div><\/div>\n<\/div>\n\n\n\n<div style=\"height:1px\" aria-hidden=\"true\" class=\"wp-block-spacer\"><\/div>\n","protected":false},"excerpt":{"rendered":"<p>Jes\u00fas Padilla G\u00e1lvez Jes\u00fas Padilla G\u00e1lvez (born October 28, 1959) is a&nbsp;philosopher&nbsp;who worked primarily in&nbsp;philosophy of language,&nbsp;logic, and the&nbsp;history of sciences. Jes\u00fas Padilla G\u00e1lvez studied Philosophy, History and Mathematics at the&nbsp;University of Cologne&nbsp;(Germany) and was awarded the M.A. in 1983 and a Dr. phil. in&nbsp;Philosophy&nbsp;in 1988. He was Research Assistant (1988\u20131991) at the&nbsp;University of Murcia&nbsp;(Spain) [&hellip;]<\/p>\n","protected":false},"author":291,"featured_media":0,"parent":0,"menu_order":0,"comment_status":"closed","ping_status":"closed","template":"","meta":{"footnotes":""},"class_list":["post-93","page","type-page","status-publish","hentry"],"_links":{"self":[{"href":"https:\/\/blog.uclm.es\/jesuspadilla\/wp-json\/wp\/v2\/pages\/93","targetHints":{"allow":["GET"]}}],"collection":[{"href":"https:\/\/blog.uclm.es\/jesuspadilla\/wp-json\/wp\/v2\/pages"}],"about":[{"href":"https:\/\/blog.uclm.es\/jesuspadilla\/wp-json\/wp\/v2\/types\/page"}],"author":[{"embeddable":true,"href":"https:\/\/blog.uclm.es\/jesuspadilla\/wp-json\/wp\/v2\/users\/291"}],"replies":[{"embeddable":true,"href":"https:\/\/blog.uclm.es\/jesuspadilla\/wp-json\/wp\/v2\/comments?post=93"}],"version-history":[{"count":42,"href":"https:\/\/blog.uclm.es\/jesuspadilla\/wp-json\/wp\/v2\/pages\/93\/revisions"}],"predecessor-version":[{"id":1554,"href":"https:\/\/blog.uclm.es\/jesuspadilla\/wp-json\/wp\/v2\/pages\/93\/revisions\/1554"}],"wp:attachment":[{"href":"https:\/\/blog.uclm.es\/jesuspadilla\/wp-json\/wp\/v2\/media?parent=93"}],"curies":[{"name":"wp","href":"https:\/\/api.w.org\/{rel}","templated":true}]}}