{"id":44,"date":"2019-12-26T13:35:51","date_gmt":"2019-12-26T12:35:51","guid":{"rendered":"http:\/\/blog.uclm.es\/irenegarciacamacha\/?page_id=44"},"modified":"2019-12-26T13:35:51","modified_gmt":"2019-12-26T12:35:51","slug":"proyectos","status":"publish","type":"page","link":"https:\/\/blog.uclm.es\/irenegarciacamacha\/proyectos\/","title":{"rendered":"Proyectos"},"content":{"rendered":"<p><b> Proyectos de INVESTIGACI\u00d3N <\/b><\/p>\n<p>&#8211;\tPEII10-0291-1850. Construcci\u00f3n de Dise\u00f1os \u00d3ptimos de Experimentos para modelos no lineales. Junta de Comunidades de Castilla-La Mancha. IP. Jes\u00fas F. L\u00f3pez Fidalgo. Universidad de Castilla-La Mancha. Fecha incio 2010. Fecha Fin 2013. 125.000\u20ac. Tipo de participaci\u00f3n: T\u00e9cnico.<\/p>\n<p>&#8211;\tMTM2010-20774-C03-01. Dise\u00f1o \u00f3ptimo de experimentos para modelos no lineales con aplicaciones a la bioestad\u00edstica, medioambiente, biocin\u00e9tica, ingenier\u00eda, ciencias agrarias y ciencias sociales. Ministerio de Educaci\u00f3n, Cultura y Deporte. IP: Jes\u00fas F. L\u00f3pez Fidalgo. Universidad de Castilla-La Mancha. Fecha incio 2011. Fecha Fin 2014. 120.879\u20ac. Tipo de participaci\u00f3n: T\u00e9cnico.<\/p>\n<p>&#8211;\tFCT-14-8405. Bioestad\u00edstica para vivir y como vivir de la estad\u00edstica. Ministerio de econom\u00eda y competitividad. IP: Jes\u00fas F. L\u00f3pez Fidalgo (Nodo Castilla-La Mancha). Universidad de Castilla-La Mancha. Fecha inicio 01\/01\/2015. Fecha fin 31\/12\/2015. 18.000\u20ac. Tipo de participaci\u00f3n: investigador colaborador.<\/p>\n<p>&#8211;\tGI20153146. Ayuda para la financiaci\u00f3n de actividades de investigaci\u00f3n a grupos de investigaci\u00f3n de la UCLM. Universidad de Castilla-La Mancha. IP: Jes\u00fas F. L\u00f3pez Fidalgo. Fecha inicio 01\/01\/2015. Fecha fin 31\/12\/2015. 8.008\u20ac. Tipo de participaci\u00f3n: investigador colaborador.<\/p>\n<p>&#8211;\tMTM2013-47879-C2-1-P. Dise\u00f1os experimentales para modelos no lineales con aplicaciones a la ciencia y a la ingenier\u00eda. Ministerio de Econom\u00eda y Competitividad. IP: Jes\u00fas F. L\u00f3pez Fidalgo. Universidad de Castilla-La Mancha. Fecha inicio 2014. Fecha Fin 2017. 63.450\u20ac. Tipo de participaci\u00f3n: equipo de trabajo.<\/p>\n<p>&#8211;\tFCT-16-11015. STAT WARS: EL DESPERTAR DE LOS DATOS. Ministerio de Econom\u00eda, Industria y Competitividad. IP: Jes\u00fas F. L\u00f3pez Fidalgo (Nodo Castilla-La Mancha). Fecha inicio 01\/01\/2017. Fecha fin 31\/12\/2017. 12.000\u20ac. Tipo de participaci\u00f3n: investigador colaborador.<\/p>\n<p>&#8211;\tGI20174047. Ayuda para la financiaci\u00f3n de actividades de investigaci\u00f3n dirigidas a grupos de la Universidad de Castilla-La Mancha. Universidad de Castilla-La Mancha. IP: Ra\u00fal Mart\u00edn Mart\u00edn. Universidad de Castilla-La Mancha. Fecha inicio 01\/01\/2017. Fecha fin 31\/12\/2017. 8.977\u20ac. Tipo de participaci\u00f3n: investigador colaborador.<\/p>\n<p>&#8211;       MTM2015-69068-RDT. Biostatnet: Afrontando retos de investigaci\u00f3n bioestad\u00edstica con proyecci\u00f3n internacional. Ministerio de Econom\u00eda y Competitividad. IP: Jes\u00fas F. L\u00f3pez Fidalgo (Nodo Castilla-La Mancha). Fecha inicio 01\/01\/2016. Fecha fin 31\/12\/2017. 40.000\u20ac. Tipo de participaci\u00f3n: investigador colaborador.<\/p>\n<p>&#8211;\tCSEULS-PI-144\/2017. Voluntary Hypoventilation training at low pulmonary volume. Centro Universitario La Salle (centro adscrito a la Universidad Aut\u00f3noma de Madrid). IP: Francisco de As\u00eds Fern\u00e1ndez. Centro Universitario La Salle, Universidad de Castilla-La Mancha. Fecha inicio 01\/02\/2017. Fecha fin 01\/02\/2019. 0\u20ac. Tipo de participaci\u00f3n: investigador colaborador.<\/p>\n<p>&#8211;\tMTM2016-80539-C2-1-R. Dise\u00f1o \u00f3ptimo de experimentos aplicado a la salud y a la investigaci\u00f3n en seguridad. Ministerio de econom\u00eda y competitividad. IP: Jes\u00fas L\u00f3pez Fidalgo y Ra\u00fal Mart\u00edn Mart\u00edn. Universidad de Navarra, Universidad de Castilla-La Mancha resp. Fecha inicio 30\/12\/2016. Fecha fin 29\/09\/2021. 82.700\u20ac. Tipo de participaci\u00f3n: equipo investigador.<\/p>\n<p>&#8211;\tSBPLY\/17\/180501\/000380.Dise\u00f1o \u00f3ptimo de experimentos aplicado a la industria agroalimentaria, farmac\u00e9utica y metalmec\u00e1nica. Consejer\u00eda de Educaci\u00f3n, Cultura y Deportes de Castilla-La Mancha. IP: Ra\u00fal Mart\u00edn Mart\u00edn y Mariano Amo Salas. Fecha inicio 01\/09\/2018. Fecha Fin 18\/11\/2021. 125.642\u20ac. Tipo de participaci\u00f3n: equipo investigador.<\/p>\n<p>&#8211;\tMTM2017-90568-REDT. Biostatnet: Potenciando la excelencia investigadora nacional e internacional en bioestad\u00edstica. Ministerio de Econom\u00eda, Industria y Competitividad. IP: Jes\u00fas F. L\u00f3pez Fidalgo (Nodo Castilla-La Mancha). Fecha inicio 01\/07\/2018. Fecha fin 30\/06\/2020. 12.000\u20ac. Tipo de participaci\u00f3n: investigador colaborador.<\/p>\n<p>&#8211;\t2019-GRIN-27169. Ayuda para la financiaci\u00f3n de actividades de investigaci\u00f3n a grupos de investigaci\u00f3n de la UCLM. Universidad de Castilla-La Mancha. IP: Ra\u00fal Mart\u00edn Mart\u00edn. Fecha inicio 25\/01\/2019. Fecha fin 30\/04\/2020. 19.303,3\u20ac. Tipo de participaci\u00f3n: investigador colaborador.<\/p>\n<p>&#8211;       FCT-19-14383. STAT WARS EPISODIO II: EL IMPERIO DE LOS DATOS. Ministerio de Ciencia, Innovaci\u00f3n y Universidades. IP: Carmen Cadarso Su\u00e1rez. Fecha inicio 01\/07\/2020. Fecha fin 31\/06\/2021. 25.000\u20ac. Tipo de participaci\u00f3n: investigador colaborador.<\/p>\n<p>&#8211;       2020-GRIN-28884. Ayuda para la financiaci\u00f3n de actividades de investigaci\u00f3n a grupos de investigaci\u00f3n de la UCLM. Universidad de Castilla-La Mancha. IP: Ra\u00fal Mart\u00edn Mart\u00edn. Fecha inicio 27\/02\/2020. Fecha fin 31\/12\/2021. 15.184\u20ac. Tipo de participaci\u00f3n: investigador colaborador.<\/p>\n<p>&#8211;      01110TO-2021. Cuidados individualizados en personas mayores institucionalizadas de Castilla-La Mancha. Diputaci\u00f3n de Toledo. IP: Beatriz Rodr\u00edguez Mart\u00edn. Fecha inicio 01\/07\/2021. Fecha fin 31\/12\/2021. 5000\u20ac. Tipo de participaci\u00f3n: investigador colaborador.<\/p>\n<p>&#8211;       2021-GRIN-31181. Ayuda para la financiaci\u00f3n de actividades de investigaci\u00f3n a grupos de investigaci\u00f3n de la UCLM. Universidad de Castilla-La Mancha. IP: Ra\u00fal Mart\u00edn Mart\u00edn. Fecha inicio 02\/02\/2021. Fecha fin 31\/12\/2022. 14.660,96\u20ac. Tipo de participaci\u00f3n: investigador colaborador.<\/p>\n<p>&#8211;       PID2020-113443RB-C21. Dise\u00f1os experimentales en investigaci\u00f3n industrial, salud y tratamiento de grandes cantidades de datos. Ministerio de Ciencia e Innovaci\u00f3n. IP: Jes\u00fas F. L\u00f3pez Fidalgo y Ra\u00fal Mart\u00edn Mart\u00edn. Fecha inicio 01\/09\/2021. Fecha fin 31\/12\/2024. 50.820\u20ac. Tipo de participaci\u00f3n: equipo investigador.<\/p>\n<p>&#8211;       SBPLY\/21\/180501\/000126. Estrategias de planificaci\u00f3n \u00f3ptima en procesos industriales, agroalimentarios, de salud y calidad de vida. Consejer\u00eda de Educaci\u00f3n, Cultura y Deportes de Castilla-La Mancha. IP: Mariano Amo Salas e Irene Garc\u00eda-Camacha Guti\u00e9rrez. Fecha inicio 01\/01\/2022. Fecha fin 31\/12\/2024. 106.493\u20ac. Tipo de participaci\u00f3n: investigador principal.<\/p>\n<p><b> Proyectos de TRANSFERENCIA TECNOL\u00d3GICA <\/b><\/p>\n<p>&#8211; Art\u00edculo 83 (UCTR150169). Servicio de consultar\u00eda estad\u00edstica. Estudio Predictivo de Polinizaci\u00f3n de Gram\u00edneas en Madrid, Toledo, Ciudad Real, Badajoz y Norte de Espa\u00f1a. Fundaci\u00f3n de la Sociedad Espa\u00f1ola de Alergolog\u00eda e Inmunolog\u00eda Cl\u00ednica (SEAIC). I.Principal: Ra\u00fal Mart\u00edn Mart\u00edn. I.Colaborador: Irene Garc\u00eda-Camacha Guti\u00e9rrez. Fecha inicio 01\/02\/2015. Fecha fin 25\/03\/2015. 1.210\u20ac<\/p>\n<p>&#8211; Art\u00edculo 83 (UCTR160162). Servicio de consultar\u00eda estad\u00edstica. Estudio Predictivo de Polinizaci\u00f3n de Gram\u00edneas en Cornisa Cant\u00e1brica, Mediterr\u00e1neo, Centro y Sur de Espa\u00f1a. Fundaci\u00f3n de la Sociedad Espa\u00f1ola de Alergolog\u00eda e Inmunolog\u00eda Cl\u00ednica (SEAIC). I.Principal: Ra\u00fal Mart\u00edn Mart\u00edn. I.Colaborador: Irene Garc\u00eda-Camacha Guti\u00e9rrez. Fecha inicio 01\/02\/2016. Fecha fin 17\/03\/2016. 1.210\u20ac<\/p>\n<p>&#8211; Art\u00edculo 83 (UCTR170179). Servicio de consultar\u00eda estad\u00edstica. Estudio Predictivo de Polinizaci\u00f3n de Gram\u00edneas. Fundaci\u00f3n de la Sociedad Espa\u00f1ola de Alergolog\u00eda e Inmunolog\u00eda Cl\u00ednica (SEAIC) I.Principal: Ra\u00fal Mart\u00edn Mart\u00edn. I.Colaborador: Irene Garc\u00eda-Camacha Guti\u00e9rrez. Fecha inicio 01\/02\/2017. Fecha fin 22\/03\/2017. 1.210\u20ac<\/p>\n<p>&#8211; Art\u00edculo 83 (UCTR180102). Servicio de consultar\u00eda estad\u00edstica. Estudio Predictivo de Polinizaci\u00f3n de Gram\u00edneas. Fundaci\u00f3n de la Sociedad Espa\u00f1ola de Alergolog\u00eda e Inmunolog\u00eda Cl\u00ednica (SEAIC). I.Principal: Ra\u00fal Mart\u00edn Mart\u00edn. I.Colaborador: Irene Garc\u00eda-Camacha Guti\u00e9rrez. Fecha inicio 01\/02\/2018. Fecha fin 22\/03\/2018. 1.452\u20ac<\/p>\n<p>&#8211; Art\u00edculo 83 (UCTR190084). Servicio de consultar\u00eda estad\u00edstica. Estudio Predictivo de Polinizaci\u00f3n de Gram\u00edneas. Fundaci\u00f3n de la Sociedad Espa\u00f1ola de Alergolog\u00eda e Inmunolog\u00eda Cl\u00ednica (SEAIC). I.Principal: Ra\u00fal Mart\u00edn Mart\u00edn. I.Colaborador: Irene Garc\u00eda-Camacha Guti\u00e9rrez. Fecha inicio 01\/03\/2019. Fecha fin 01\/04\/2019. 1.573\u20ac<\/p>\n<p>&#8211; Art\u00edculo 83 (UCTR190331). Asesoramiento estad\u00edstico sobre los \u00edndices de hospitalizaci\u00f3n de la unidad de pediatr\u00eda del Hospital Nacional de Parapl\u00e9jicos de Toledo (HNP). I.Principal: Irene Garc\u00eda-Camacha Guti\u00e9rrez. I.Colaborador: Ra\u00fal Mart\u00edn Mart\u00edn. Fecha inicio 15\/11\/2018. Fecha fin 24\/05\/2019. 1.210\u20ac<\/p>\n<p>&#8211; Art\u00edculo 83 (210071UCTR). Servicio de consultar\u00eda estad\u00edstica. Estudio Predictivo de Polinizaci\u00f3n de Gram\u00edneas. Fundaci\u00f3n de la Sociedad Espa\u00f1ola de Alergolog\u00eda e Inmunolog\u00eda Cl\u00ednica (SEAIC). I.Principal: Ra\u00fal Mart\u00edn Mart\u00edn. I.Colaborador: Irene Garc\u00eda-Camacha Guti\u00e9rrez y \u00c0ngela Sebasti\u00e1 Bargues. Fecha inicio 24\/02\/2021. Fecha fin 01\/04\/2021. 1.573\u20ac<\/p>\n<p>&#8211; Art\u00edculo 83 (220098UCTR). Estudio predictivo de polinizaci\u00f3n de gram\u00edneas en Espa\u00f1a. Fundaci\u00f3n de la Sociedad Espa\u00f1ola de Alergolog\u00eda e Inmunolog\u00eda Cl\u00ednica (SEAIC). I.Principal: Ra\u00fal Mart\u00edn Mart\u00edn. I.Colaborador: Irene Garc\u00eda-Camacha Guti\u00e9rrez y \u00c0ngela Sebasti\u00e1 Bargues. Fecha inicio 22\/03\/2022. Fecha fin 01\/05\/2023. 1.573\u20ac<\/p>\n<p><b> Proyectos de INNOVACI\u00d3N DOCENTE <\/b><\/p>\n<p>&#8211; Medici\u00f3n del aprendizaje matem\u00e1tico de los alumnos de 2\u00ba y 3\u00ba de Educaci\u00f3n infantil y 1\u00ba y 2\u00ba de Primaria. An\u00e1lisis de los factores que influyen en su conocimiento. Viceconsejer\u00eda de Educaci\u00f3n y Cultural de la Junta de Comunidades de Castilla-La Mancha. I. Principal: Ra\u00fal Mart\u00edn Mart\u00edn. I. Colaborador: Irene Garc\u00eda-Camacha Guti\u00e9rrez. Fecha inicio 2010. Fecha fin 2013.<\/p>\n<p>&#8211; La mirada atenta: habitar la Espa\u00f1a vac\u00eda. XI Convocatoria de Proyectos de Innovaci\u00f3n y Mejora Docente 2019\/2021 de la Universidad de Castilla-La Mancha. Escuela de Arquitectura de Toledo. Fecha inicio 2019. Fecha fin 2021.<\/p>\n","protected":false},"excerpt":{"rendered":"<p>Proyectos de INVESTIGACI\u00d3N &#8211; PEII10-0291-1850. Construcci\u00f3n de Dise\u00f1os \u00d3ptimos de Experimentos para modelos no lineales. Junta de Comunidades de Castilla-La Mancha. IP. Jes\u00fas F. L\u00f3pez Fidalgo. Universidad de Castilla-La Mancha. Fecha incio 2010. Fecha Fin 2013. 125.000\u20ac. Tipo de participaci\u00f3n: &hellip; <a href=\"https:\/\/blog.uclm.es\/irenegarciacamacha\/proyectos\/\">Sigue leyendo <span class=\"meta-nav\">&rarr;<\/span><\/a><\/p>\n","protected":false},"author":105,"featured_media":0,"parent":0,"menu_order":0,"comment_status":"closed","ping_status":"closed","template":"","meta":{"footnotes":""},"class_list":["post-44","page","type-page","status-publish","hentry"],"_links":{"self":[{"href":"https:\/\/blog.uclm.es\/irenegarciacamacha\/wp-json\/wp\/v2\/pages\/44","targetHints":{"allow":["GET"]}}],"collection":[{"href":"https:\/\/blog.uclm.es\/irenegarciacamacha\/wp-json\/wp\/v2\/pages"}],"about":[{"href":"https:\/\/blog.uclm.es\/irenegarciacamacha\/wp-json\/wp\/v2\/types\/page"}],"author":[{"embeddable":true,"href":"https:\/\/blog.uclm.es\/irenegarciacamacha\/wp-json\/wp\/v2\/users\/105"}],"replies":[{"embeddable":true,"href":"https:\/\/blog.uclm.es\/irenegarciacamacha\/wp-json\/wp\/v2\/comments?post=44"}],"version-history":[{"count":0,"href":"https:\/\/blog.uclm.es\/irenegarciacamacha\/wp-json\/wp\/v2\/pages\/44\/revisions"}],"wp:attachment":[{"href":"https:\/\/blog.uclm.es\/irenegarciacamacha\/wp-json\/wp\/v2\/media?parent=44"}],"curies":[{"name":"wp","href":"https:\/\/api.w.org\/{rel}","templated":true}]}}