{"id":496,"date":"2023-04-11T15:16:51","date_gmt":"2023-04-11T15:16:51","guid":{"rendered":"https:\/\/blog.uclm.es\/incadipyme\/?page_id=496"},"modified":"2023-11-07T15:45:18","modified_gmt":"2023-11-07T15:45:18","slug":"i-encuentro-de-dinamizacion-de-la-economia-empresarial-en-zonas-despobladas-innovacion-y-empresa-familiar","status":"publish","type":"page","link":"https:\/\/blog.uclm.es\/incadipyme\/i-encuentro-de-dinamizacion-de-la-economia-empresarial-en-zonas-despobladas-innovacion-y-empresa-familiar\/","title":{"rendered":"I Encuentro de dinamizaci\u00f3n de la econom\u00eda empresarial en zonas despobladas. Innovaci\u00f3n y empresa familiar."},"content":{"rendered":"\n<p>Se trata de un encuentro a nivel regional en el que se ponga en contacto y se d\u00e9 a conocer de primera mano todas las l\u00edneas de actuaci\u00f3n de cada uno de los agentes que act\u00faan en la dinamizaci\u00f3n del tejido empresarial en zonas despobladas con el fin de poner de manifiesto posibles soluciones a la generaci\u00f3n de empleo, y al desarrollo rural de los empresarios de la regi\u00f3n y poner en marcha posibles l\u00edneas de colaboraci\u00f3n.<\/p>\n\n\n\n<p><strong>Fecha y lugar de celebraci\u00f3n<\/strong><br>14 Abril de 2023.<br>Sal\u00f3n de Grados de la Facultad de Ciencias Sociales<br>Edificio Gil de Albornoz<\/p>\n\n\n\n<h1 class=\"wp-block-heading\">Programa y transcripci\u00f3n de las mesas redondas.<\/h1>\n\n\n\n<p><strong>9:30-10:00 Sesi\u00f3n de apertura<\/strong><br>    D. Oscar Javier Mart\u00ednez Garc\u00eda (Delegado provincial de Econom\u00eda, Empresas y Empleo de la JCCM en Cuenca)<br>    D\u00aa. Blanca Notario Pacheco (Directora Acad\u00e9mica del Vicerrector de Cultura, Deporte y Responsabilidad Social de la UCLM)<br>    D. Ricardo Mart\u00ednez Ca\u00f1as (Decanato de la Facultad de Ciencias Sociales de Cuenca)<br>    D. Jes\u00fas Fernando Santos Pe\u00f1alver (Catedr\u00e1tico de Econom\u00eda Financiera y Contabilidad de la Universidad de Castilla-La Mancha)<br>    D\u00aa. Montserrat Manzaneque Lizano (Representante del grupo de investigaci\u00f3n Incadipyme)<\/p>\n\n\n\n<p><strong>10:00 \u2013 11:00 Mesa redonda 1: Las instituciones como elemento dinamizador del entorno empresarial rural.<\/strong> <em><strong>Moderadora: Elena Merino Madrid<\/strong><\/em> <code><a href=\"https:\/\/blog.uclm.es\/incadipyme\/wp-content\/uploads\/sites\/196\/2023\/11\/Mesa-1.-Las-instituciones.pdf\"><img loading=\"lazy\" decoding=\"async\" width=\"16\" height=\"16\" class=\"wp-image-564\" style=\"width: 16px\" src=\"https:\/\/blog.uclm.es\/incadipyme\/wp-content\/uploads\/sites\/196\/2023\/11\/Icon_pdf_file_smaller.png\" alt=\"transcripci\u00f3n\"><\/a><\/code><br>    D. Oscar Javier Mart\u00ednez Garc\u00eda (Delegado Provincial de Econom\u00eda, Empresas y Empleo de la<br>JCCM en Cuenca)<br>    D\u00aa. Rosario P\u00e9rez Morote (Directora Acad\u00e9mica del Vicerrectorado de Innovaci\u00f3n, Empleo y<br>Emprendimiento de la UCLM)<br>    D. Jes\u00fas Ortega Molina (Presidente de Red Castellano Manchega de Desarrollo Rural)<br>    D. \u00c1lvaro Mart\u00ednez Chana (Presidente de la Excelent\u00edsima Diputaci\u00f3n de Cuenca)<\/p>\n\n\n\n<p><strong>11:00 \u2013 11:30 Caf\u00e9<\/strong><\/p>\n\n\n\n<p><strong>11:30 \u2013 12:30 Mesa redonda 2: Empresa familiar e innovaci\u00f3n abierta. Comportamiento regional. <\/strong><em><strong>Moderador: Julio Di\u00e9guez Soto<\/strong><\/em> <a href=\"https:\/\/blog.uclm.es\/incadipyme\/wp-content\/uploads\/sites\/196\/2023\/11\/Mesa-2.-Empresa-familiar-e-innovacion-abierta.pdf\"><img loading=\"lazy\" decoding=\"async\" width=\"16\" height=\"16\" class=\"wp-image-564\" style=\"width: 16px\" src=\"https:\/\/blog.uclm.es\/incadipyme\/wp-content\/uploads\/sites\/196\/2023\/11\/Icon_pdf_file_smaller.png\" alt=\"transcripci\u00f3n\"><\/a><br>    D\u00aa. Isabel De Miguel Palomino (Directora de la Asociaci\u00f3n de Empresa Familiar de Castilla-La<br>Mancha.<br>    D\u00aa. Ana Manuela Soler Sanchiz (Pesidenta de la empresa Juli\u00e1n Soler S.A.)<br>    D. Ramiro Mart\u00ednez P\u00e9rez (Director General de la empresa Juli\u00e1n Soler, S.A.)<br>    D. Alfonso Rojo Ramirez. (Catedr\u00e1tico de Econom\u00eda Financiera y Contabilidad de la Universidad de Almeria y miembro del equipo de direcci\u00f3n de la Sociedad de Espa\u00f1ola de Investigadores en Empresa Familiar).<\/p>\n\n\n\n<p><strong>12:30 &#8211; 13:30 Taller \u201cEl papel de los grupos de desarrollo local en la dinamizaci\u00f3n econ\u00f3mica\u201d.<\/strong> <em><strong>Moderadora: Mar\u00eda del Carmen L\u00f3pez Taravilla<\/strong><\/em> <a href=\"https:\/\/blog.uclm.es\/incadipyme\/wp-content\/uploads\/sites\/196\/2023\/11\/Mesa-3.-El-papel-de-los-grupos-de-desarrollo-local-en-la-dinamizacion-economica.pdf\"><img loading=\"lazy\" decoding=\"async\" width=\"16\" height=\"16\" class=\"wp-image-564\" style=\"width: 16px\" src=\"https:\/\/blog.uclm.es\/incadipyme\/wp-content\/uploads\/sites\/196\/2023\/11\/Icon_pdf_file_smaller.png\" alt=\"transcripci\u00f3n\"><\/a><br>    D. Victor Alcocer Naval\u00f3n. (Gerente de Asociaci\u00f3n Promoci\u00f3n y Desarrollo Serrano (PRODESE))<br>    D. Miguel A. Moraga Ruiz (Gerente de Asociaci\u00f3n de Desarrollo Integral de la Manchuela Conquense (ADIMAN))<br>    D. Juan Pedro Salas Arquero (Gerente de Federaci\u00f3n para el Desarrollo de la Sierra y Mancha Conquense (ADESIMAN))<\/p>\n\n\n\n<p><strong>13:30 &#8211; 14:30 Mesa redonda 3: La empresa como elemento dinamizador de la econom\u00eda local a trav\u00e9s de la innovaci\u00f3n y el desarrollo del capital social.<\/strong> <em><strong>Moderadora: Yolanda Ram\u00edrez C\u00f3rcoles<\/strong><\/em> <a href=\"https:\/\/blog.uclm.es\/incadipyme\/wp-content\/uploads\/sites\/196\/2023\/11\/Mesa-4.-Empresas.pdf\"><img loading=\"lazy\" decoding=\"async\" width=\"16\" height=\"16\" class=\"wp-image-564\" style=\"width: 16px\" src=\"https:\/\/blog.uclm.es\/incadipyme\/wp-content\/uploads\/sites\/196\/2023\/11\/Icon_pdf_file_smaller.png\" alt=\"transcripci\u00f3n\"><\/a><br>    D. \u00c1ngel Chicharro Sevilla (Director de Manantiales de la Unidad de Aguas, Sol\u00e1n de Cabras)<br>    D\u00aa. \u00c1ngela S\u00e1nchez S\u00e1nchez (Directora de Administraci\u00f3n y Finanzas de COFARCU)<br>    D. Diego \u00c1lvarez Mart\u00ednez (Presidente de la Asociaci\u00f3n de Productores Agroalimentarios de la provincia de Cuenca en Donde Nacen Los Sabores).<br>    D\u00aa. Marta Pe\u00f1uelas L\u00f3pez (Presidenta de la Asociaci\u00f3n de Mujeres Empresarias y Profesionales de Cuenca)<\/p>\n\n\n\n<p><strong>14:30 Clausura<\/strong><\/p>\n\n\n\n<p><strong>15:00 Comida<\/strong><\/p>\n\n\n\n<p><strong>Patrocinan<\/strong><\/p>\n\n\n\n<figure class=\"wp-block-image size-large\"><img loading=\"lazy\" decoding=\"async\" width=\"1024\" height=\"205\" src=\"https:\/\/blog.uclm.es\/incadipyme\/wp-content\/uploads\/sites\/196\/2023\/04\/image-4-1024x205.png\" alt=\"\" class=\"wp-image-516\" srcset=\"https:\/\/blog.uclm.es\/incadipyme\/wp-content\/uploads\/sites\/196\/2023\/04\/image-4-1024x205.png 1024w, https:\/\/blog.uclm.es\/incadipyme\/wp-content\/uploads\/sites\/196\/2023\/04\/image-4-300x60.png 300w, https:\/\/blog.uclm.es\/incadipyme\/wp-content\/uploads\/sites\/196\/2023\/04\/image-4-768x154.png 768w, https:\/\/blog.uclm.es\/incadipyme\/wp-content\/uploads\/sites\/196\/2023\/04\/image-4-500x100.png 500w, https:\/\/blog.uclm.es\/incadipyme\/wp-content\/uploads\/sites\/196\/2023\/04\/image-4.png 1320w\" sizes=\"auto, (max-width: 1024px) 100vw, 1024px\" \/><\/figure>\n\n\n\n<p><strong>Colaboran<\/strong><\/p>\n\n\n<div class=\"wp-block-image\">\n<figure class=\"aligncenter size-large\"><img loading=\"lazy\" decoding=\"async\" width=\"1024\" height=\"424\" src=\"https:\/\/blog.uclm.es\/incadipyme\/wp-content\/uploads\/sites\/196\/2023\/04\/image-5-1024x424.png\" alt=\"\" class=\"wp-image-517\" srcset=\"https:\/\/blog.uclm.es\/incadipyme\/wp-content\/uploads\/sites\/196\/2023\/04\/image-5-1024x424.png 1024w, https:\/\/blog.uclm.es\/incadipyme\/wp-content\/uploads\/sites\/196\/2023\/04\/image-5-300x124.png 300w, https:\/\/blog.uclm.es\/incadipyme\/wp-content\/uploads\/sites\/196\/2023\/04\/image-5-768x318.png 768w, https:\/\/blog.uclm.es\/incadipyme\/wp-content\/uploads\/sites\/196\/2023\/04\/image-5-1536x636.png 1536w, https:\/\/blog.uclm.es\/incadipyme\/wp-content\/uploads\/sites\/196\/2023\/04\/image-5-500x207.png 500w, https:\/\/blog.uclm.es\/incadipyme\/wp-content\/uploads\/sites\/196\/2023\/04\/image-5.png 1914w\" sizes=\"auto, (max-width: 1024px) 100vw, 1024px\" \/><\/figure>\n<\/div>\n\n\n<p><strong>Fotos<\/strong><\/p>\n\n\n\n<figure class=\"wp-block-gallery has-nested-images columns-default is-cropped wp-block-gallery-1 is-layout-flex wp-block-gallery-is-layout-flex\">\n<figure class=\"wp-block-image size-large\"><img loading=\"lazy\" decoding=\"async\" width=\"1024\" height=\"576\" data-id=\"551\" src=\"https:\/\/blog.uclm.es\/incadipyme\/wp-content\/uploads\/sites\/196\/2023\/04\/foto03-2-1024x576.jpg\" alt=\"\" class=\"wp-image-551\" srcset=\"https:\/\/blog.uclm.es\/incadipyme\/wp-content\/uploads\/sites\/196\/2023\/04\/foto03-2-1024x576.jpg 1024w, https:\/\/blog.uclm.es\/incadipyme\/wp-content\/uploads\/sites\/196\/2023\/04\/foto03-2-300x169.jpg 300w, https:\/\/blog.uclm.es\/incadipyme\/wp-content\/uploads\/sites\/196\/2023\/04\/foto03-2-768x432.jpg 768w, https:\/\/blog.uclm.es\/incadipyme\/wp-content\/uploads\/sites\/196\/2023\/04\/foto03-2-1536x864.jpg 1536w, https:\/\/blog.uclm.es\/incadipyme\/wp-content\/uploads\/sites\/196\/2023\/04\/foto03-2-2048x1152.jpg 2048w, https:\/\/blog.uclm.es\/incadipyme\/wp-content\/uploads\/sites\/196\/2023\/04\/foto03-2-500x281.jpg 500w\" sizes=\"auto, (max-width: 1024px) 100vw, 1024px\" \/><\/figure>\n\n\n\n<figure class=\"wp-block-image size-large\"><img loading=\"lazy\" decoding=\"async\" width=\"1024\" height=\"576\" data-id=\"552\" src=\"https:\/\/blog.uclm.es\/incadipyme\/wp-content\/uploads\/sites\/196\/2023\/04\/foto02-2-1024x576.jpg\" alt=\"\" class=\"wp-image-552\" srcset=\"https:\/\/blog.uclm.es\/incadipyme\/wp-content\/uploads\/sites\/196\/2023\/04\/foto02-2-1024x576.jpg 1024w, https:\/\/blog.uclm.es\/incadipyme\/wp-content\/uploads\/sites\/196\/2023\/04\/foto02-2-300x169.jpg 300w, https:\/\/blog.uclm.es\/incadipyme\/wp-content\/uploads\/sites\/196\/2023\/04\/foto02-2-768x432.jpg 768w, https:\/\/blog.uclm.es\/incadipyme\/wp-content\/uploads\/sites\/196\/2023\/04\/foto02-2-1536x864.jpg 1536w, https:\/\/blog.uclm.es\/incadipyme\/wp-content\/uploads\/sites\/196\/2023\/04\/foto02-2-2048x1152.jpg 2048w, https:\/\/blog.uclm.es\/incadipyme\/wp-content\/uploads\/sites\/196\/2023\/04\/foto02-2-500x281.jpg 500w\" sizes=\"auto, (max-width: 1024px) 100vw, 1024px\" \/><\/figure>\n\n\n\n<figure class=\"wp-block-image size-large\"><img loading=\"lazy\" decoding=\"async\" width=\"1024\" height=\"576\" data-id=\"553\" src=\"https:\/\/blog.uclm.es\/incadipyme\/wp-content\/uploads\/sites\/196\/2023\/04\/foto01-2-1024x576.jpg\" alt=\"\" class=\"wp-image-553\" srcset=\"https:\/\/blog.uclm.es\/incadipyme\/wp-content\/uploads\/sites\/196\/2023\/04\/foto01-2-1024x576.jpg 1024w, https:\/\/blog.uclm.es\/incadipyme\/wp-content\/uploads\/sites\/196\/2023\/04\/foto01-2-300x169.jpg 300w, https:\/\/blog.uclm.es\/incadipyme\/wp-content\/uploads\/sites\/196\/2023\/04\/foto01-2-768x432.jpg 768w, https:\/\/blog.uclm.es\/incadipyme\/wp-content\/uploads\/sites\/196\/2023\/04\/foto01-2-1536x864.jpg 1536w, https:\/\/blog.uclm.es\/incadipyme\/wp-content\/uploads\/sites\/196\/2023\/04\/foto01-2-2048x1152.jpg 2048w, https:\/\/blog.uclm.es\/incadipyme\/wp-content\/uploads\/sites\/196\/2023\/04\/foto01-2-500x281.jpg 500w\" sizes=\"auto, (max-width: 1024px) 100vw, 1024px\" \/><\/figure>\n<\/figure>\n","protected":false},"excerpt":{"rendered":"<p>Se trata de un encuentro a nivel regional en el que se ponga en contacto y se d\u00e9 a conocer de primera mano todas las l\u00edneas de actuaci\u00f3n de cada uno de los agentes que act\u00faan en la dinamizaci\u00f3n del &hellip; <a href=\"https:\/\/blog.uclm.es\/incadipyme\/i-encuentro-de-dinamizacion-de-la-economia-empresarial-en-zonas-despobladas-innovacion-y-empresa-familiar\/\">Sigue leyendo <span class=\"meta-nav\">&rarr;<\/span><\/a><\/p>\n","protected":false},"author":112,"featured_media":0,"parent":0,"menu_order":0,"comment_status":"closed","ping_status":"closed","template":"","meta":{"footnotes":""},"class_list":["post-496","page","type-page","status-publish","hentry"],"_links":{"self":[{"href":"https:\/\/blog.uclm.es\/incadipyme\/wp-json\/wp\/v2\/pages\/496","targetHints":{"allow":["GET"]}}],"collection":[{"href":"https:\/\/blog.uclm.es\/incadipyme\/wp-json\/wp\/v2\/pages"}],"about":[{"href":"https:\/\/blog.uclm.es\/incadipyme\/wp-json\/wp\/v2\/types\/page"}],"author":[{"embeddable":true,"href":"https:\/\/blog.uclm.es\/incadipyme\/wp-json\/wp\/v2\/users\/112"}],"replies":[{"embeddable":true,"href":"https:\/\/blog.uclm.es\/incadipyme\/wp-json\/wp\/v2\/comments?post=496"}],"version-history":[{"count":19,"href":"https:\/\/blog.uclm.es\/incadipyme\/wp-json\/wp\/v2\/pages\/496\/revisions"}],"predecessor-version":[{"id":572,"href":"https:\/\/blog.uclm.es\/incadipyme\/wp-json\/wp\/v2\/pages\/496\/revisions\/572"}],"wp:attachment":[{"href":"https:\/\/blog.uclm.es\/incadipyme\/wp-json\/wp\/v2\/media?parent=496"}],"curies":[{"name":"wp","href":"https:\/\/api.w.org\/{rel}","templated":true}]}}