{"id":407,"date":"2023-01-20T06:56:21","date_gmt":"2023-01-20T06:56:21","guid":{"rendered":"https:\/\/blog.uclm.es\/incadipyme\/?page_id=407"},"modified":"2023-01-27T10:28:47","modified_gmt":"2023-01-27T10:28:47","slug":"descripcion","status":"publish","type":"page","link":"https:\/\/blog.uclm.es\/incadipyme\/descripcion\/","title":{"rendered":"Descripci\u00f3n"},"content":{"rendered":"\n<p>La empresa familiar es una forma organizacional que aplica un estilo de gesti\u00f3n y control particular, con una importante componente emocional (<em>socioemotional wealth<\/em>) y una orientaci\u00f3n a largo plazo, aspectos que le confieren una gran resistencia en \u00e9pocas de crisis. As\u00ed, la empresa familiar est\u00e1 llamada a jugar un papel crucial en el desarrollo econ\u00f3mico y social, debido a su forma de interactuar con el entorno. La empresa familiar est\u00e1 vinculada a una mayor sensibilizaci\u00f3n y compromiso social con los agentes y lugares con los que se vincula la familia propietaria, adoptando un papel relevante en el desarrollo econ\u00f3mico local y regional.<\/p>\n\n\n\n<p>Conscientes de estas caracter\u00edsticas, este proyecto, \u201cPYME familiar y su contribuci\u00f3n al desarrollo local y al control de la despoblaci\u00f3n. Innovaci\u00f3n, gesti\u00f3n del capital social y din\u00e1micas institucionales\u201d, Ref.: SBPLY\/21\/180225\/000110, abunda en el objetivo de analizar y establecer los determinantes que explican el crecimiento econ\u00f3mico regional considerando el papel de la empresa familiar y su interactuaci\u00f3n con el medio.<\/p>\n\n\n\n<p>As\u00ed, el proyecto se une a los objetivos del proyecto \u201cMejorando la creaci\u00f3n de empleo sostenible a trav\u00e9s de estrategias de innovaci\u00f3n en PYMES familiares\u201d (UMA20-FEDERJA-038), financiado por los fondos adjudicados a proyectos de I+D+i en el marco del programa operativo FEDER Andalucia 2014-2020.<\/p>\n","protected":false},"excerpt":{"rendered":"<p>La empresa familiar es una forma organizacional que aplica un estilo de gesti\u00f3n y control particular, con una importante componente emocional (socioemotional wealth) y una orientaci\u00f3n a largo plazo, aspectos que le confieren una gran resistencia en \u00e9pocas de crisis. &hellip; <a href=\"https:\/\/blog.uclm.es\/incadipyme\/descripcion\/\">Sigue leyendo <span class=\"meta-nav\">&rarr;<\/span><\/a><\/p>\n","protected":false},"author":112,"featured_media":0,"parent":0,"menu_order":0,"comment_status":"closed","ping_status":"closed","template":"","meta":{"footnotes":""},"class_list":["post-407","page","type-page","status-publish","hentry"],"_links":{"self":[{"href":"https:\/\/blog.uclm.es\/incadipyme\/wp-json\/wp\/v2\/pages\/407","targetHints":{"allow":["GET"]}}],"collection":[{"href":"https:\/\/blog.uclm.es\/incadipyme\/wp-json\/wp\/v2\/pages"}],"about":[{"href":"https:\/\/blog.uclm.es\/incadipyme\/wp-json\/wp\/v2\/types\/page"}],"author":[{"embeddable":true,"href":"https:\/\/blog.uclm.es\/incadipyme\/wp-json\/wp\/v2\/users\/112"}],"replies":[{"embeddable":true,"href":"https:\/\/blog.uclm.es\/incadipyme\/wp-json\/wp\/v2\/comments?post=407"}],"version-history":[{"count":6,"href":"https:\/\/blog.uclm.es\/incadipyme\/wp-json\/wp\/v2\/pages\/407\/revisions"}],"predecessor-version":[{"id":489,"href":"https:\/\/blog.uclm.es\/incadipyme\/wp-json\/wp\/v2\/pages\/407\/revisions\/489"}],"wp:attachment":[{"href":"https:\/\/blog.uclm.es\/incadipyme\/wp-json\/wp\/v2\/media?parent=407"}],"curies":[{"name":"wp","href":"https:\/\/api.w.org\/{rel}","templated":true}]}}