{"id":24,"date":"2015-03-20T13:45:17","date_gmt":"2015-03-20T12:45:17","guid":{"rendered":"http:\/\/blog.uclm.es\/igualdadfcjsto\/?page_id=24"},"modified":"2025-09-15T21:50:43","modified_gmt":"2025-09-15T21:50:43","slug":"inicio","status":"publish","type":"page","link":"https:\/\/blog.uclm.es\/igualdadfcjsto\/","title":{"rendered":"Inicio"},"content":{"rendered":"\n<h1 class=\"wp-block-heading has-text-align-center\">&nbsp;COMISI\u00d3N DE IGUALDAD Y DE DIVERSIDAD<\/h1>\n\n\n\n<h1 class=\"wp-block-heading has-text-align-center\"><strong>FACULTAD DE CIENCIAS JUR\u00cdDICAS Y SOCIALES DE TOLEDO<\/strong><\/h1>\n\n\n\n<h1 class=\"wp-block-heading has-text-align-center\">UCLM<\/h1>\n\n\n<div class=\"wp-block-image\">\n<figure class=\"aligncenter size-full is-resized\"><img loading=\"lazy\" decoding=\"async\" width=\"1024\" height=\"1024\" src=\"https:\/\/blog.uclm.es\/igualdadfcjsto\/wp-content\/uploads\/sites\/229\/2025\/09\/ChatGPT-Image-4-sept-2025-11_42_51-1.png\" alt=\"\" class=\"wp-image-717\" style=\"width:296px;height:auto\" srcset=\"https:\/\/blog.uclm.es\/igualdadfcjsto\/wp-content\/uploads\/sites\/229\/2025\/09\/ChatGPT-Image-4-sept-2025-11_42_51-1.png 1024w, https:\/\/blog.uclm.es\/igualdadfcjsto\/wp-content\/uploads\/sites\/229\/2025\/09\/ChatGPT-Image-4-sept-2025-11_42_51-1-300x300.png 300w, https:\/\/blog.uclm.es\/igualdadfcjsto\/wp-content\/uploads\/sites\/229\/2025\/09\/ChatGPT-Image-4-sept-2025-11_42_51-1-150x150.png 150w, https:\/\/blog.uclm.es\/igualdadfcjsto\/wp-content\/uploads\/sites\/229\/2025\/09\/ChatGPT-Image-4-sept-2025-11_42_51-1-768x768.png 768w\" sizes=\"auto, (max-width: 1024px) 100vw, 1024px\" \/><\/figure>\n<\/div>\n\n\n<p>Contar con una Comisi\u00f3n de Igualdad y Diversidad no solo responde al compromiso institucional con los Objetivos de Desarrollo Sostenible (ODS), sino que es clave para construir una universidad m\u00e1s justa, inclusiva y representativa. Este espacio permite identificar desigualdades, promover buenas pr\u00e1cticas y generar acciones concretas que mejoren la convivencia, la equidad y el respeto a la diversidad en todos los \u00e1mbitos de la vida universitaria. En este sentido,<strong> <\/strong>la Comisi\u00f3n de Igualdad y Diversidad de la FCJS de Toledo&nbsp;trabaja para promover una universidad m\u00e1s igualitaria, diversa y comprometida con la equidad. Desde este espacio compartimos nuestras l\u00edneas de actuaci\u00f3n, recursos, actividades y noticias, con el objetivo de visibilizar el trabajo colectivo y fomentar la participaci\u00f3n de toda la comunidad universitaria.<\/p>\n\n\n\n<p><strong>Video presentaci\u00f3n de la Comisi\u00f3n de Igualdad y Diversidad<\/strong><\/p>\n\n\n\n<figure class=\"wp-block-video\"><video height=\"1080\" style=\"aspect-ratio: 1440 \/ 1080;\" width=\"1440\" controls src=\"https:\/\/blog.uclm.es\/igualdadfcjsto\/wp-content\/uploads\/sites\/229\/2025\/09\/Comision_Igualdad_FCJS_Toledo_Visual_def.mp4\"><\/video><\/figure>\n\n\n\n<h1 class=\"wp-block-heading has-text-align-center\"><\/h1>\n\n\n\n<p>Carrusel con actividades y noticias recientes de inter\u00e9s<\/p>\n\n\n<h1>\u00a0<\/h1>\n<h1>\u00a0<\/h1>\n<h1 style=\"text-align: center\">\u00a0<\/h1>\n<h1>\u00a0<\/h1>\n\n\n<figure class=\"wp-block-image size-large\"><img loading=\"lazy\" decoding=\"async\" width=\"1024\" height=\"384\" src=\"https:\/\/blog.uclm.es\/igualdadfcjsto\/wp-content\/uploads\/sites\/229\/2023\/11\/Cabecera_Igualdad-002-1024x384.jpg\" alt=\"\" class=\"wp-image-415\" srcset=\"https:\/\/blog.uclm.es\/igualdadfcjsto\/wp-content\/uploads\/sites\/229\/2023\/11\/Cabecera_Igualdad-002-1024x384.jpg 1024w, https:\/\/blog.uclm.es\/igualdadfcjsto\/wp-content\/uploads\/sites\/229\/2023\/11\/Cabecera_Igualdad-002-300x113.jpg 300w, https:\/\/blog.uclm.es\/igualdadfcjsto\/wp-content\/uploads\/sites\/229\/2023\/11\/Cabecera_Igualdad-002-768x288.jpg 768w, https:\/\/blog.uclm.es\/igualdadfcjsto\/wp-content\/uploads\/sites\/229\/2023\/11\/Cabecera_Igualdad-002-500x188.jpg 500w, https:\/\/blog.uclm.es\/igualdadfcjsto\/wp-content\/uploads\/sites\/229\/2023\/11\/Cabecera_Igualdad-002.jpg 1280w\" sizes=\"auto, (max-width: 1024px) 100vw, 1024px\" \/><\/figure>\n","protected":false},"excerpt":{"rendered":"<p>&nbsp;COMISI\u00d3N DE IGUALDAD Y DE DIVERSIDAD FACULTAD DE CIENCIAS JUR\u00cdDICAS Y SOCIALES DE TOLEDO UCLM Contar con una Comisi\u00f3n de Igualdad y Diversidad no solo responde al compromiso institucional con los Objetivos de Desarrollo Sostenible (ODS), sino que es clave &hellip; <a href=\"https:\/\/blog.uclm.es\/igualdadfcjsto\/\">Sigue leyendo <span class=\"meta-nav\">&rarr;<\/span><\/a><\/p>\n","protected":false},"author":360,"featured_media":0,"parent":0,"menu_order":0,"comment_status":"closed","ping_status":"open","template":"","meta":{"footnotes":""},"class_list":["post-24","page","type-page","status-publish","hentry"],"_links":{"self":[{"href":"https:\/\/blog.uclm.es\/igualdadfcjsto\/wp-json\/wp\/v2\/pages\/24","targetHints":{"allow":["GET"]}}],"collection":[{"href":"https:\/\/blog.uclm.es\/igualdadfcjsto\/wp-json\/wp\/v2\/pages"}],"about":[{"href":"https:\/\/blog.uclm.es\/igualdadfcjsto\/wp-json\/wp\/v2\/types\/page"}],"author":[{"embeddable":true,"href":"https:\/\/blog.uclm.es\/igualdadfcjsto\/wp-json\/wp\/v2\/users\/360"}],"replies":[{"embeddable":true,"href":"https:\/\/blog.uclm.es\/igualdadfcjsto\/wp-json\/wp\/v2\/comments?post=24"}],"version-history":[{"count":12,"href":"https:\/\/blog.uclm.es\/igualdadfcjsto\/wp-json\/wp\/v2\/pages\/24\/revisions"}],"predecessor-version":[{"id":753,"href":"https:\/\/blog.uclm.es\/igualdadfcjsto\/wp-json\/wp\/v2\/pages\/24\/revisions\/753"}],"wp:attachment":[{"href":"https:\/\/blog.uclm.es\/igualdadfcjsto\/wp-json\/wp\/v2\/media?parent=24"}],"curies":[{"name":"wp","href":"https:\/\/api.w.org\/{rel}","templated":true}]}}

<h1 class="wp-block-heading has-text-align-center">&nbsp;COMISIÓN DE IGUALDAD Y DE DIVERSIDAD</h1>



<h1 class="wp-block-heading has-text-align-center"><strong>FACULTAD DE CIENCIAS JURÍDICAS Y SOCIALES DE TOLEDO</strong></h1>



<h1 class="wp-block-heading has-text-align-center">UCLM</h1>


<div class="wp-block-image">
<figure class="aligncenter size-full is-resized"><img loading="lazy" decoding="async" width="1024" height="1024" src="https://blog.uclm.es/igualdadfcjsto/wp-content/uploads/sites/229/2025/09/ChatGPT-Image-4-sept-2025-11_42_51-1.png" alt="" class="wp-image-717" style="width:296px;height:auto" srcset="https://blog.uclm.es/igualdadfcjsto/wp-content/uploads/sites/229/2025/09/ChatGPT-Image-4-sept-2025-11_42_51-1.png 1024w, https://blog.uclm.es/igualdadfcjsto/wp-content/uploads/sites/229/2025/09/ChatGPT-Image-4-sept-2025-11_42_51-1-300x300.png 300w, https://blog.uclm.es/igualdadfcjsto/wp-content/uploads/sites/229/2025/09/ChatGPT-Image-4-sept-2025-11_42_51-1-150x150.png 150w, https://blog.uclm.es/igualdadfcjsto/wp-content/uploads/sites/229/2025/09/ChatGPT-Image-4-sept-2025-11_42_51-1-768x768.png 768w" sizes="auto, (max-width: 1024px) 100vw, 1024px" /></figure>
</div>


<p>Contar con una Comisión de Igualdad y Diversidad no solo responde al compromiso institucional con los Objetivos de Desarrollo Sostenible (ODS), sino que es clave para construir una universidad más justa, inclusiva y representativa. Este espacio permite identificar desigualdades, promover buenas prácticas y generar acciones concretas que mejoren la convivencia, la equidad y el respeto a la diversidad en todos los ámbitos de la vida universitaria. En este sentido,<strong> </strong>la Comisión de Igualdad y Diversidad de la FCJS de Toledo&nbsp;trabaja para promover una universidad más igualitaria, diversa y comprometida con la equidad. Desde este espacio compartimos nuestras líneas de actuación, recursos, actividades y noticias, con el objetivo de visibilizar el trabajo colectivo y fomentar la participación de toda la comunidad universitaria.</p>



<p><strong>Video presentación de la Comisión de Igualdad y Diversidad</strong></p>



<figure class="wp-block-video"><video height="1080" style="aspect-ratio: 1440 / 1080;" width="1440" controls src="https://blog.uclm.es/igualdadfcjsto/wp-content/uploads/sites/229/2025/09/Comision_Igualdad_FCJS_Toledo_Visual_def.mp4"></video></figure>



<h1 class="wp-block-heading has-text-align-center"></h1>



<p>Carrusel con actividades y noticias recientes de interés</p>


<h1> </h1>
<h1> </h1>
<h1 style="text-align: center"> </h1>
<h1> </h1>


<figure class="wp-block-image size-large"><img loading="lazy" decoding="async" width="1024" height="384" src="https://blog.uclm.es/igualdadfcjsto/wp-content/uploads/sites/229/2023/11/Cabecera_Igualdad-002-1024x384.jpg" alt="" class="wp-image-415" srcset="https://blog.uclm.es/igualdadfcjsto/wp-content/uploads/sites/229/2023/11/Cabecera_Igualdad-002-1024x384.jpg 1024w, https://blog.uclm.es/igualdadfcjsto/wp-content/uploads/sites/229/2023/11/Cabecera_Igualdad-002-300x113.jpg 300w, https://blog.uclm.es/igualdadfcjsto/wp-content/uploads/sites/229/2023/11/Cabecera_Igualdad-002-768x288.jpg 768w, https://blog.uclm.es/igualdadfcjsto/wp-content/uploads/sites/229/2023/11/Cabecera_Igualdad-002-500x188.jpg 500w, https://blog.uclm.es/igualdadfcjsto/wp-content/uploads/sites/229/2023/11/Cabecera_Igualdad-002.jpg 1280w" sizes="auto, (max-width: 1024px) 100vw, 1024px" /></figure>

<p>&nbsp;COMISIÓN DE IGUALDAD Y DE DIVERSIDAD FACULTAD DE CIENCIAS JURÍDICAS Y SOCIALES DE TOLEDO UCLM Contar con una Comisión de Igualdad y Diversidad no solo responde al compromiso institucional con los Objetivos de Desarrollo Sostenible (ODS), sino que es clave &hellip; <a href="https://blog.uclm.es/igualdadfcjsto/">Sigue leyendo <span class="meta-nav">&rarr;</span></a></p>
