{"id":107,"date":"2016-11-23T13:35:25","date_gmt":"2016-11-23T12:35:25","guid":{"rendered":"http:\/\/blog.uclm.es\/ignacioforcada\/?page_id=107"},"modified":"2016-11-23T13:35:25","modified_gmt":"2016-11-23T12:35:25","slug":"bio","status":"publish","type":"page","link":"https:\/\/blog.uclm.es\/ignacioforcada\/bio\/","title":{"rendered":"BIO"},"content":{"rendered":"<p>Doctor en Derecho (UCLM), Diplomado en Altos Estudios Europeos (Colegio de Europa, Brujas), Licenciado Especial en Derecho Europeo (Universidad Libre de Bruselas). He llevado a cabo labores de consultor\u00eda para la  Oficina Regional de UNICEF para Am\u00e9rica Latina y el Caribe en Panam\u00e1, para la Alcald\u00eda de la Ciudad de Toledo y el Fondo de Naciones Unidas para la Poblaci\u00f3n. <\/p>\n<p>En cuestiones de cooperaci\u00f3n al desarrollo he participado en tareas de capacitaci\u00f3n de funcionarios mozambique\u00f1os en materia de protecci\u00f3n internacional de los derechos de la mujer, y en la  elaboraci\u00f3n de un Proyecto de rehabilitaci\u00f3n y gesti\u00f3n sostenible de los arrecifes de coral en las islas Gili (West Nusa Tenggara-Indonesia). Tambi\u00e9n he sido Observador en las Elecciones al Consejo Legislativo Palestino que tuvieron lugar en 2006. <\/p>\n<p>Tengo publicaciones sobre ayuda al desarrollo, Uni\u00f3n Europea, derecho del mar, ense\u00f1anza del derecho internacional, aspectos te\u00f3ricos del derecho internacional y cuestiones de justicia transicional.<br \/>\nIgualmente he llevado a cabo estancias de investigaci\u00f3n en la sede de Naciones Unidas en Nueva York, en el Comit\u00e9 de Ayuda al Desarrollo de la OCDE en Par\u00eds, en Universidad de Berkeley en California, en la Universidad de Naciones Unidas (Tokio), en  la Universidad de Quebec (Canad\u00e1), en el Programa de Naciones Unidas para el Medio Ambiente (Nairobi) y en la Universidad Saint Joseph (Beirut).<\/p>\n<p>Soy miembro de la Junta Editorial del State Practice &amp; International Law Journal y de la Revista de Derecho Ambiental Contempor\u00e1neo <\/p>\n","protected":false},"excerpt":{"rendered":"<p>Doctor en Derecho (UCLM), Diplomado en Altos Estudios Europeos (Colegio de Europa, Brujas), Licenciado Especial en Derecho Europeo (Universidad Libre de Bruselas). He llevado a cabo labores de consultor\u00eda para la Oficina Regional de UNICEF para Am\u00e9rica Latina y el &hellip; <a href=\"https:\/\/blog.uclm.es\/ignacioforcada\/bio\/\">Sigue leyendo <span class=\"meta-nav\">&rarr;<\/span><\/a><\/p>\n","protected":false},"author":83,"featured_media":0,"parent":0,"menu_order":0,"comment_status":"closed","ping_status":"closed","template":"","meta":{"footnotes":""},"class_list":["post-107","page","type-page","status-publish","hentry"],"_links":{"self":[{"href":"https:\/\/blog.uclm.es\/ignacioforcada\/wp-json\/wp\/v2\/pages\/107","targetHints":{"allow":["GET"]}}],"collection":[{"href":"https:\/\/blog.uclm.es\/ignacioforcada\/wp-json\/wp\/v2\/pages"}],"about":[{"href":"https:\/\/blog.uclm.es\/ignacioforcada\/wp-json\/wp\/v2\/types\/page"}],"author":[{"embeddable":true,"href":"https:\/\/blog.uclm.es\/ignacioforcada\/wp-json\/wp\/v2\/users\/83"}],"replies":[{"embeddable":true,"href":"https:\/\/blog.uclm.es\/ignacioforcada\/wp-json\/wp\/v2\/comments?post=107"}],"version-history":[{"count":0,"href":"https:\/\/blog.uclm.es\/ignacioforcada\/wp-json\/wp\/v2\/pages\/107\/revisions"}],"wp:attachment":[{"href":"https:\/\/blog.uclm.es\/ignacioforcada\/wp-json\/wp\/v2\/media?parent=107"}],"curies":[{"name":"wp","href":"https:\/\/api.w.org\/{rel}","templated":true}]}}