{"id":108,"date":"2026-03-19T14:43:56","date_gmt":"2026-03-19T13:43:56","guid":{"rendered":"https:\/\/blog.uclm.es\/humatec\/?page_id=108"},"modified":"2026-03-27T12:22:45","modified_gmt":"2026-03-27T11:22:45","slug":"pagina-equipo","status":"publish","type":"page","link":"https:\/\/blog.uclm.es\/humatec\/pagina-equipo\/","title":{"rendered":"P\u00e1gina Equipo"},"content":{"rendered":"\n<h2 class=\"wp-block-heading has-x-large-font-size\"><strong>Direcci\u00f3n<\/strong><\/h2>\n\n\n\n<div class=\"wp-block-group is-layout-grid wp-container-core-group-is-layout-d88a0cef wp-block-group-is-layout-grid\">\n<div class=\"wp-block-columns is-layout-flex wp-container-core-columns-is-layout-28f84493 wp-block-columns-is-layout-flex\">\n<div class=\"wp-block-column is-layout-flow wp-block-column-is-layout-flow\">\n<figure class=\"wp-block-image aligncenter size-full wp-duotone-unset-1\"><img loading=\"lazy\" decoding=\"async\" width=\"301\" height=\"301\" src=\"https:\/\/blog.uclm.es\/humatec\/wp-content\/uploads\/sites\/346\/2026\/03\/Juani-morcillo.jpg\" alt=\"\" class=\"wp-image-110\" srcset=\"https:\/\/blog.uclm.es\/humatec\/wp-content\/uploads\/sites\/346\/2026\/03\/Juani-morcillo.jpg 301w, https:\/\/blog.uclm.es\/humatec\/wp-content\/uploads\/sites\/346\/2026\/03\/Juani-morcillo-150x150.jpg 150w\" sizes=\"auto, (max-width: 301px) 100vw, 301px\" \/><figcaption class=\"wp-element-caption\"><strong>Juana Morcillo\u200b\u200b Moreno<\/strong><br>Catedr\u00e1tica de Derecho Administrativo<br>juana.morcillo@uclm.es<\/figcaption><\/figure>\n<\/div>\n\n\n\n<div class=\"wp-block-column is-layout-flow wp-block-column-is-layout-flow\">\n<figure class=\"wp-block-image aligncenter size-full is-resized\"><img loading=\"lazy\" decoding=\"async\" width=\"308\" height=\"308\" src=\"https:\/\/blog.uclm.es\/humatec\/wp-content\/uploads\/sites\/346\/2026\/03\/2.Pablo-Meix.jpg\" alt=\"\" class=\"wp-image-195\" style=\"width:301px;height:auto\" srcset=\"https:\/\/blog.uclm.es\/humatec\/wp-content\/uploads\/sites\/346\/2026\/03\/2.Pablo-Meix.jpg 308w, https:\/\/blog.uclm.es\/humatec\/wp-content\/uploads\/sites\/346\/2026\/03\/2.Pablo-Meix-300x300.jpg 300w, https:\/\/blog.uclm.es\/humatec\/wp-content\/uploads\/sites\/346\/2026\/03\/2.Pablo-Meix-150x150.jpg 150w\" sizes=\"auto, (max-width: 308px) 100vw, 308px\" \/><figcaption class=\"wp-element-caption\"><strong>Pablo Meix Cereceda\u200b<\/strong><br>Profesor Titular de Derecho Administrativo<br>pablo.meix@uclm.es<\/figcaption><\/figure>\n<\/div>\n<\/div>\n<\/div>\n\n\n\n<details class=\"wp-block-details is-layout-flow wp-container-core-details-is-layout-22223934 wp-block-details-is-layout-flow\"><summary>Juana Morcillo\u200b\u200b Moreno<\/summary>\n<p><\/p>\n\n\n\n<p>Catedr\u00e1tica de Derecho Administrativo en la UCLM y l\u00edder del Grupo de Investigaci\u00f3n UCLM Discapublic (Discapacidad y Pol\u00edticas P\u00fablicas).&nbsp;<\/p>\n\n\n\n<p>Codirige un programa innovador de formaci\u00f3n para personas con discapacidad intelectual, \u00abIncluye e Inserta UCLM,\u00bb cofinanciado por la Fundaci\u00f3n ONCE y el Fondo Social Europeo, y premiado por el Consejo Social de la UCLM en 2018 con el premio \u201cReconocidos\u201d a la innovaci\u00f3n docente. &nbsp;&nbsp;<\/p>\n\n\n\n<p>Entre sus l\u00edneas de investigaci\u00f3n destacan la justicia administrativa, la descentralizaci\u00f3n territorial y los derechos sociales conectados con la tecnolog\u00eda, especialmente, en el \u00e1mbito de la discapacidad.&nbsp;<\/p>\n\n\n\n<p>En la actualidad, dirige la \u201cC\u00e1tedra Derecho de la Discapacidad y Dependencia\u201d junto al Catedr\u00e1tico de Derecho Constitucional Enrique Belda.&nbsp;<\/p>\n\n\n\n<p>Ha dirigido cursos y publicado trabajos sobre temas como la brecha digital y la contrataci\u00f3n p\u00fablica. El \u00faltimo de sus trabajos, publicados por Tirant lo Blanch, analiza la Directiva de Accesibilidad y su transposici\u00f3n en Espa\u00f1a mediante la Ley 11\/2023, de 8 de mayo.&nbsp;<\/p>\n\n\n\n<p>Juana tambi\u00e9n ha sido juez sustituta y nombrada experta tanto en la prevenci\u00f3n de la discriminaci\u00f3n contra personas con discapacidad intelectual por Plena inclusi\u00f3n Espa\u00f1a, como en la elaboraci\u00f3n del Sello de Inclusi\u00f3n Social en universidades por la ANECA.<\/p>\n\n\n\n<p>En la actualidad dirige la Unidad de Igualdad y Diversidad de la UCLM.<\/p>\n<\/details>\n\n\n\n<details class=\"wp-block-details is-layout-flow wp-container-core-details-is-layout-22223934 wp-block-details-is-layout-flow\"><summary>Pablo Juli\u00e1n Meix Cereceda<strong>\u200b<\/strong><\/summary>\n<p><\/p>\n\n\n\n<p><\/p>\n\n\n\n<p><\/p>\n\n\n\n<p><\/p>\n<\/details>\n\n\n\n<h2 class=\"wp-block-heading has-x-large-font-size\"><strong>Miembros del equipo<\/strong><\/h2>\n\n\n\n<div class=\"wp-block-columns is-layout-flex wp-container-core-columns-is-layout-28f84493 wp-block-columns-is-layout-flex\">\n<div class=\"wp-block-column is-layout-flow wp-block-column-is-layout-flow\" style=\"flex-basis:100%\">\n<div class=\"wp-block-columns is-layout-flex wp-container-core-columns-is-layout-28f84493 wp-block-columns-is-layout-flex\">\n<div class=\"wp-block-column is-layout-flow wp-block-column-is-layout-flow\" style=\"flex-basis:33.34%\">\n<figure class=\"wp-block-image size-large\"><img loading=\"lazy\" decoding=\"async\" width=\"1024\" height=\"1024\" src=\"https:\/\/blog.uclm.es\/humatec\/wp-content\/uploads\/sites\/346\/2026\/03\/Jose-Antonio-Moreno-1024x1024.jpg\" alt=\"\" class=\"wp-image-116\" srcset=\"https:\/\/blog.uclm.es\/humatec\/wp-content\/uploads\/sites\/346\/2026\/03\/Jose-Antonio-Moreno-1024x1024.jpg 1024w, https:\/\/blog.uclm.es\/humatec\/wp-content\/uploads\/sites\/346\/2026\/03\/Jose-Antonio-Moreno-300x300.jpg 300w, https:\/\/blog.uclm.es\/humatec\/wp-content\/uploads\/sites\/346\/2026\/03\/Jose-Antonio-Moreno-150x150.jpg 150w, https:\/\/blog.uclm.es\/humatec\/wp-content\/uploads\/sites\/346\/2026\/03\/Jose-Antonio-Moreno-768x768.jpg 768w, https:\/\/blog.uclm.es\/humatec\/wp-content\/uploads\/sites\/346\/2026\/03\/Jose-Antonio-Moreno.jpg 1029w\" sizes=\"auto, (max-width: 1024px) 100vw, 1024px\" \/><figcaption class=\"wp-element-caption\"><strong>Jose Antonio\u200b Moreno Molina<\/strong><br>Catedr\u00e1tico de Derecho Administrativo<\/figcaption><\/figure>\n<\/div>\n\n\n\n<div class=\"wp-block-column is-layout-flow wp-block-column-is-layout-flow\" style=\"flex-basis:33.34%\">\n<figure class=\"wp-block-image size-full\"><img loading=\"lazy\" decoding=\"async\" width=\"646\" height=\"646\" src=\"https:\/\/blog.uclm.es\/humatec\/wp-content\/uploads\/sites\/346\/2026\/03\/4.Josefa-Cantero.jpg\" alt=\"\" class=\"wp-image-197\" srcset=\"https:\/\/blog.uclm.es\/humatec\/wp-content\/uploads\/sites\/346\/2026\/03\/4.Josefa-Cantero.jpg 646w, https:\/\/blog.uclm.es\/humatec\/wp-content\/uploads\/sites\/346\/2026\/03\/4.Josefa-Cantero-300x300.jpg 300w, https:\/\/blog.uclm.es\/humatec\/wp-content\/uploads\/sites\/346\/2026\/03\/4.Josefa-Cantero-150x150.jpg 150w\" sizes=\"auto, (max-width: 646px) 100vw, 646px\" \/><figcaption class=\"wp-element-caption\"><strong>Josefa Cantero Mart\u00ednez<\/strong><br>Catedr\u00e1tica de Derecho Administrativo<\/figcaption><\/figure>\n<\/div>\n\n\n\n<div class=\"wp-block-column is-layout-flow wp-block-column-is-layout-flow\" style=\"flex-basis:33.33%\">\n<figure class=\"wp-block-image size-full is-resized\"><img loading=\"lazy\" decoding=\"async\" width=\"183\" height=\"183\" src=\"https:\/\/blog.uclm.es\/humatec\/wp-content\/uploads\/sites\/346\/2026\/03\/5.Maria-Encarnacion-Gil.png\" alt=\"\" class=\"wp-image-198\" style=\"width:200px;height:auto\" srcset=\"https:\/\/blog.uclm.es\/humatec\/wp-content\/uploads\/sites\/346\/2026\/03\/5.Maria-Encarnacion-Gil.png 183w, https:\/\/blog.uclm.es\/humatec\/wp-content\/uploads\/sites\/346\/2026\/03\/5.Maria-Encarnacion-Gil-150x150.png 150w\" sizes=\"auto, (max-width: 183px) 100vw, 183px\" \/><figcaption class=\"wp-element-caption\"><strong>Mar\u00eda Encarnaci\u00f3n Gil P\u00e9rez<\/strong><br>Profesora Titular de Derecho Administrativo<\/figcaption><\/figure>\n<\/div>\n<\/div>\n<\/div>\n<\/div>\n\n\n\n<div class=\"wp-block-columns is-layout-flex wp-container-core-columns-is-layout-28f84493 wp-block-columns-is-layout-flex\">\n<div class=\"wp-block-column is-layout-flow wp-block-column-is-layout-flow\" style=\"flex-basis:100%\">\n<div class=\"wp-block-columns is-layout-flex wp-container-core-columns-is-layout-28f84493 wp-block-columns-is-layout-flex\">\n<div class=\"wp-block-column is-layout-flow wp-block-column-is-layout-flow\" style=\"flex-basis:33.34%\">\n<figure class=\"wp-block-image size-full\"><img loading=\"lazy\" decoding=\"async\" width=\"658\" height=\"658\" src=\"https:\/\/blog.uclm.es\/humatec\/wp-content\/uploads\/sites\/346\/2026\/03\/6.Antonio-Villanueva.jpg\" alt=\"\" class=\"wp-image-201\" srcset=\"https:\/\/blog.uclm.es\/humatec\/wp-content\/uploads\/sites\/346\/2026\/03\/6.Antonio-Villanueva.jpg 658w, https:\/\/blog.uclm.es\/humatec\/wp-content\/uploads\/sites\/346\/2026\/03\/6.Antonio-Villanueva-300x300.jpg 300w, https:\/\/blog.uclm.es\/humatec\/wp-content\/uploads\/sites\/346\/2026\/03\/6.Antonio-Villanueva-150x150.jpg 150w\" sizes=\"auto, (max-width: 658px) 100vw, 658px\" \/><figcaption class=\"wp-element-caption\"><strong>Antonio\u200b Villanueva Cuevas<\/strong><br>Profesor Titular de Derecho Administrativo<\/figcaption><\/figure>\n<\/div>\n\n\n\n<div class=\"wp-block-column is-layout-flow wp-block-column-is-layout-flow\" style=\"flex-basis:33.34%\">\n<figure class=\"wp-block-image size-full\"><img loading=\"lazy\" decoding=\"async\" width=\"346\" height=\"346\" src=\"https:\/\/blog.uclm.es\/humatec\/wp-content\/uploads\/sites\/346\/2026\/03\/7.Juan-Azorin.jpeg\" alt=\"\" class=\"wp-image-202\" srcset=\"https:\/\/blog.uclm.es\/humatec\/wp-content\/uploads\/sites\/346\/2026\/03\/7.Juan-Azorin.jpeg 346w, https:\/\/blog.uclm.es\/humatec\/wp-content\/uploads\/sites\/346\/2026\/03\/7.Juan-Azorin-300x300.jpeg 300w, https:\/\/blog.uclm.es\/humatec\/wp-content\/uploads\/sites\/346\/2026\/03\/7.Juan-Azorin-150x150.jpeg 150w\" sizes=\"auto, (max-width: 346px) 100vw, 346px\" \/><figcaption class=\"wp-element-caption\"><strong>Juan Azor\u00edn Toboso<\/strong><br>Personal Investigador Predoctoral en formaci\u00f3n<\/figcaption><\/figure>\n<\/div>\n\n\n\n<div class=\"wp-block-column is-layout-flow wp-block-column-is-layout-flow\" style=\"flex-basis:33.33%\">\n<figure class=\"wp-block-image size-full is-resized\"><img loading=\"lazy\" decoding=\"async\" width=\"545\" height=\"545\" src=\"https:\/\/blog.uclm.es\/humatec\/wp-content\/uploads\/sites\/346\/2026\/03\/8.Sandra-Pampanas.jpeg\" alt=\"\" class=\"wp-image-203\" style=\"width:200px;height:auto\" srcset=\"https:\/\/blog.uclm.es\/humatec\/wp-content\/uploads\/sites\/346\/2026\/03\/8.Sandra-Pampanas.jpeg 545w, https:\/\/blog.uclm.es\/humatec\/wp-content\/uploads\/sites\/346\/2026\/03\/8.Sandra-Pampanas-300x300.jpeg 300w, https:\/\/blog.uclm.es\/humatec\/wp-content\/uploads\/sites\/346\/2026\/03\/8.Sandra-Pampanas-150x150.jpeg 150w\" sizes=\"auto, (max-width: 545px) 100vw, 545px\" \/><figcaption class=\"wp-element-caption\"><strong>Sandra P\u00e1mpanas Aparicio<\/strong> Personal I+D 2025 INVGO   Personal de Apoyo<\/figcaption><\/figure>\n<\/div>\n<\/div>\n<\/div>\n<\/div>\n\n\n\n<div class=\"wp-block-columns is-layout-flex wp-container-core-columns-is-layout-28f84493 wp-block-columns-is-layout-flex\">\n<div class=\"wp-block-column is-layout-flow wp-block-column-is-layout-flow\" style=\"flex-basis:100%\">\n<div class=\"wp-block-columns is-layout-flex wp-container-core-columns-is-layout-28f84493 wp-block-columns-is-layout-flex\">\n<div class=\"wp-block-column is-layout-flow wp-block-column-is-layout-flow\" style=\"flex-basis:33.34%\">\n<figure class=\"wp-block-image size-full\"><img loading=\"lazy\" decoding=\"async\" width=\"1377\" height=\"1377\" src=\"https:\/\/blog.uclm.es\/humatec\/wp-content\/uploads\/sites\/346\/2026\/03\/9.Sergio-Sanchez.jpg\" alt=\"\" class=\"wp-image-205\" srcset=\"https:\/\/blog.uclm.es\/humatec\/wp-content\/uploads\/sites\/346\/2026\/03\/9.Sergio-Sanchez.jpg 1377w, https:\/\/blog.uclm.es\/humatec\/wp-content\/uploads\/sites\/346\/2026\/03\/9.Sergio-Sanchez-300x300.jpg 300w, https:\/\/blog.uclm.es\/humatec\/wp-content\/uploads\/sites\/346\/2026\/03\/9.Sergio-Sanchez-1024x1024.jpg 1024w, https:\/\/blog.uclm.es\/humatec\/wp-content\/uploads\/sites\/346\/2026\/03\/9.Sergio-Sanchez-150x150.jpg 150w, https:\/\/blog.uclm.es\/humatec\/wp-content\/uploads\/sites\/346\/2026\/03\/9.Sergio-Sanchez-768x768.jpg 768w\" sizes=\"auto, (max-width: 1377px) 100vw, 1377px\" \/><figcaption class=\"wp-element-caption\"><strong>Sergio S\u00e1nchez<\/strong><br><\/figcaption><\/figure>\n<\/div>\n\n\n\n<div class=\"wp-block-column is-layout-flow wp-block-column-is-layout-flow\" style=\"flex-basis:33.34%\">\n<figure class=\"wp-block-image size-full\"><img loading=\"lazy\" decoding=\"async\" width=\"318\" height=\"318\" src=\"https:\/\/blog.uclm.es\/humatec\/wp-content\/uploads\/sites\/346\/2026\/03\/10.Maria-Angeles-Mur.jpg\" alt=\"\" class=\"wp-image-206\" srcset=\"https:\/\/blog.uclm.es\/humatec\/wp-content\/uploads\/sites\/346\/2026\/03\/10.Maria-Angeles-Mur.jpg 318w, https:\/\/blog.uclm.es\/humatec\/wp-content\/uploads\/sites\/346\/2026\/03\/10.Maria-Angeles-Mur-300x300.jpg 300w, https:\/\/blog.uclm.es\/humatec\/wp-content\/uploads\/sites\/346\/2026\/03\/10.Maria-Angeles-Mur-150x150.jpg 150w\" sizes=\"auto, (max-width: 318px) 100vw, 318px\" \/><figcaption class=\"wp-element-caption\"><strong>Mar\u00eda \u00c1ngeles Mur<\/strong><br><\/figcaption><\/figure>\n<\/div>\n\n\n\n<div class=\"wp-block-column is-layout-flow wp-block-column-is-layout-flow\" style=\"flex-basis:33.33%\">\n<figure class=\"wp-block-image size-full is-resized\"><img loading=\"lazy\" decoding=\"async\" width=\"1155\" height=\"1155\" src=\"https:\/\/blog.uclm.es\/humatec\/wp-content\/uploads\/sites\/346\/2026\/03\/Carmen-Plaza.jpg\" alt=\"\" class=\"wp-image-117\" style=\"width:200px;height:auto\" srcset=\"https:\/\/blog.uclm.es\/humatec\/wp-content\/uploads\/sites\/346\/2026\/03\/Carmen-Plaza.jpg 1155w, https:\/\/blog.uclm.es\/humatec\/wp-content\/uploads\/sites\/346\/2026\/03\/Carmen-Plaza-300x300.jpg 300w, https:\/\/blog.uclm.es\/humatec\/wp-content\/uploads\/sites\/346\/2026\/03\/Carmen-Plaza-1024x1024.jpg 1024w, https:\/\/blog.uclm.es\/humatec\/wp-content\/uploads\/sites\/346\/2026\/03\/Carmen-Plaza-150x150.jpg 150w, https:\/\/blog.uclm.es\/humatec\/wp-content\/uploads\/sites\/346\/2026\/03\/Carmen-Plaza-768x768.jpg 768w\" sizes=\"auto, (max-width: 1155px) 100vw, 1155px\" \/><figcaption class=\"wp-element-caption\"><strong>Carmen Plaza<\/strong><\/figcaption><\/figure>\n<\/div>\n<\/div>\n<\/div>\n<\/div>\n\n\n\n<div class=\"wp-block-columns is-layout-flex wp-container-core-columns-is-layout-28f84493 wp-block-columns-is-layout-flex\">\n<div class=\"wp-block-column is-layout-flow wp-block-column-is-layout-flow\" style=\"flex-basis:100%\">\n<div class=\"wp-block-columns is-layout-flex wp-container-core-columns-is-layout-28f84493 wp-block-columns-is-layout-flex\">\n<div class=\"wp-block-column is-layout-flow wp-block-column-is-layout-flow\" style=\"flex-basis:33.34%\">\n<figure class=\"wp-block-image size-full\"><img loading=\"lazy\" decoding=\"async\" width=\"930\" height=\"930\" src=\"https:\/\/blog.uclm.es\/humatec\/wp-content\/uploads\/sites\/346\/2026\/03\/12.Hector-Garcia.png\" alt=\"\" class=\"wp-image-207\" srcset=\"https:\/\/blog.uclm.es\/humatec\/wp-content\/uploads\/sites\/346\/2026\/03\/12.Hector-Garcia.png 930w, https:\/\/blog.uclm.es\/humatec\/wp-content\/uploads\/sites\/346\/2026\/03\/12.Hector-Garcia-300x300.png 300w, https:\/\/blog.uclm.es\/humatec\/wp-content\/uploads\/sites\/346\/2026\/03\/12.Hector-Garcia-150x150.png 150w, https:\/\/blog.uclm.es\/humatec\/wp-content\/uploads\/sites\/346\/2026\/03\/12.Hector-Garcia-768x768.png 768w\" sizes=\"auto, (max-width: 930px) 100vw, 930px\" \/><figcaption class=\"wp-element-caption\"><strong>H\u00e9ctor Garc\u00eda<\/strong><br><\/figcaption><\/figure>\n<\/div>\n\n\n\n<div class=\"wp-block-column is-layout-flow wp-block-column-is-layout-flow\" style=\"flex-basis:33.34%\">\n<figure class=\"wp-block-image size-full\"><img loading=\"lazy\" decoding=\"async\" width=\"1536\" height=\"1536\" src=\"https:\/\/blog.uclm.es\/humatec\/wp-content\/uploads\/sites\/346\/2026\/03\/13.Fran-Bariffi.jpg\" alt=\"\" class=\"wp-image-208\" srcset=\"https:\/\/blog.uclm.es\/humatec\/wp-content\/uploads\/sites\/346\/2026\/03\/13.Fran-Bariffi.jpg 1536w, https:\/\/blog.uclm.es\/humatec\/wp-content\/uploads\/sites\/346\/2026\/03\/13.Fran-Bariffi-300x300.jpg 300w, https:\/\/blog.uclm.es\/humatec\/wp-content\/uploads\/sites\/346\/2026\/03\/13.Fran-Bariffi-1024x1024.jpg 1024w, https:\/\/blog.uclm.es\/humatec\/wp-content\/uploads\/sites\/346\/2026\/03\/13.Fran-Bariffi-150x150.jpg 150w, https:\/\/blog.uclm.es\/humatec\/wp-content\/uploads\/sites\/346\/2026\/03\/13.Fran-Bariffi-768x768.jpg 768w\" sizes=\"auto, (max-width: 1536px) 100vw, 1536px\" \/><figcaption class=\"wp-element-caption\"><strong>Fran Bariffi<\/strong><\/figcaption><\/figure>\n<\/div>\n\n\n\n<div class=\"wp-block-column is-layout-flow wp-block-column-is-layout-flow\" style=\"flex-basis:33.33%\">\n<figure class=\"wp-block-image size-full is-resized\"><img loading=\"lazy\" decoding=\"async\" width=\"1266\" height=\"1266\" src=\"https:\/\/blog.uclm.es\/humatec\/wp-content\/uploads\/sites\/346\/2026\/03\/14.Marta-Timon.jpg\" alt=\"\" class=\"wp-image-209\" style=\"width:200px;height:auto\" srcset=\"https:\/\/blog.uclm.es\/humatec\/wp-content\/uploads\/sites\/346\/2026\/03\/14.Marta-Timon.jpg 1266w, https:\/\/blog.uclm.es\/humatec\/wp-content\/uploads\/sites\/346\/2026\/03\/14.Marta-Timon-300x300.jpg 300w, https:\/\/blog.uclm.es\/humatec\/wp-content\/uploads\/sites\/346\/2026\/03\/14.Marta-Timon-1024x1024.jpg 1024w, https:\/\/blog.uclm.es\/humatec\/wp-content\/uploads\/sites\/346\/2026\/03\/14.Marta-Timon-150x150.jpg 150w, https:\/\/blog.uclm.es\/humatec\/wp-content\/uploads\/sites\/346\/2026\/03\/14.Marta-Timon-768x768.jpg 768w\" sizes=\"auto, (max-width: 1266px) 100vw, 1266px\" \/><figcaption class=\"wp-element-caption\"><strong>Marta Tim\u00f3n<\/strong><\/figcaption><\/figure>\n<\/div>\n<\/div>\n<\/div>\n<\/div>\n\n\n\n<div class=\"wp-block-columns is-layout-flex wp-container-core-columns-is-layout-28f84493 wp-block-columns-is-layout-flex\">\n<div class=\"wp-block-column is-layout-flow wp-block-column-is-layout-flow\" style=\"flex-basis:100%\">\n<div class=\"wp-block-columns is-layout-flex wp-container-core-columns-is-layout-28f84493 wp-block-columns-is-layout-flex\">\n<div class=\"wp-block-column is-layout-flow wp-block-column-is-layout-flow\" style=\"flex-basis:33.34%\">\n<figure class=\"wp-block-image size-full\"><img loading=\"lazy\" decoding=\"async\" width=\"487\" height=\"487\" src=\"https:\/\/blog.uclm.es\/humatec\/wp-content\/uploads\/sites\/346\/2026\/03\/15.Donelia-Roldan.jpg\" alt=\"\" class=\"wp-image-210\" srcset=\"https:\/\/blog.uclm.es\/humatec\/wp-content\/uploads\/sites\/346\/2026\/03\/15.Donelia-Roldan.jpg 487w, https:\/\/blog.uclm.es\/humatec\/wp-content\/uploads\/sites\/346\/2026\/03\/15.Donelia-Roldan-300x300.jpg 300w, https:\/\/blog.uclm.es\/humatec\/wp-content\/uploads\/sites\/346\/2026\/03\/15.Donelia-Roldan-150x150.jpg 150w\" sizes=\"auto, (max-width: 487px) 100vw, 487px\" \/><figcaption class=\"wp-element-caption\"><strong>Donelia Rold\u00e1n<\/strong><\/figcaption><\/figure>\n<\/div>\n\n\n\n<div class=\"wp-block-column is-layout-flow wp-block-column-is-layout-flow\" style=\"flex-basis:33.34%\">\n<figure class=\"wp-block-image size-full\"><img loading=\"lazy\" decoding=\"async\" width=\"1975\" height=\"1975\" src=\"https:\/\/blog.uclm.es\/humatec\/wp-content\/uploads\/sites\/346\/2026\/03\/16.Concepcion-Campos.jpg\" alt=\"\" class=\"wp-image-211\" srcset=\"https:\/\/blog.uclm.es\/humatec\/wp-content\/uploads\/sites\/346\/2026\/03\/16.Concepcion-Campos.jpg 1975w, https:\/\/blog.uclm.es\/humatec\/wp-content\/uploads\/sites\/346\/2026\/03\/16.Concepcion-Campos-300x300.jpg 300w, https:\/\/blog.uclm.es\/humatec\/wp-content\/uploads\/sites\/346\/2026\/03\/16.Concepcion-Campos-1024x1024.jpg 1024w, https:\/\/blog.uclm.es\/humatec\/wp-content\/uploads\/sites\/346\/2026\/03\/16.Concepcion-Campos-150x150.jpg 150w, https:\/\/blog.uclm.es\/humatec\/wp-content\/uploads\/sites\/346\/2026\/03\/16.Concepcion-Campos-768x768.jpg 768w, https:\/\/blog.uclm.es\/humatec\/wp-content\/uploads\/sites\/346\/2026\/03\/16.Concepcion-Campos-1536x1536.jpg 1536w\" sizes=\"auto, (max-width: 1975px) 100vw, 1975px\" \/><figcaption class=\"wp-element-caption\"><strong>Concepci\u00f3n Campos<\/strong><\/figcaption><\/figure>\n<\/div>\n\n\n\n<div class=\"wp-block-column is-layout-flow wp-block-column-is-layout-flow\" style=\"flex-basis:33.33%\">\n<figure class=\"wp-block-image size-full is-resized\"><img loading=\"lazy\" decoding=\"async\" width=\"2135\" height=\"2135\" src=\"https:\/\/blog.uclm.es\/humatec\/wp-content\/uploads\/sites\/346\/2026\/03\/17.Ana-Porras.jpg\" alt=\"\" class=\"wp-image-212\" style=\"width:200px;height:auto\" srcset=\"https:\/\/blog.uclm.es\/humatec\/wp-content\/uploads\/sites\/346\/2026\/03\/17.Ana-Porras.jpg 2135w, https:\/\/blog.uclm.es\/humatec\/wp-content\/uploads\/sites\/346\/2026\/03\/17.Ana-Porras-300x300.jpg 300w, https:\/\/blog.uclm.es\/humatec\/wp-content\/uploads\/sites\/346\/2026\/03\/17.Ana-Porras-1024x1024.jpg 1024w, https:\/\/blog.uclm.es\/humatec\/wp-content\/uploads\/sites\/346\/2026\/03\/17.Ana-Porras-150x150.jpg 150w, https:\/\/blog.uclm.es\/humatec\/wp-content\/uploads\/sites\/346\/2026\/03\/17.Ana-Porras-768x768.jpg 768w, https:\/\/blog.uclm.es\/humatec\/wp-content\/uploads\/sites\/346\/2026\/03\/17.Ana-Porras-1536x1536.jpg 1536w, https:\/\/blog.uclm.es\/humatec\/wp-content\/uploads\/sites\/346\/2026\/03\/17.Ana-Porras-2048x2048.jpg 2048w\" sizes=\"auto, (max-width: 2135px) 100vw, 2135px\" \/><figcaption class=\"wp-element-caption\"><strong>Ana Porras<\/strong><\/figcaption><\/figure>\n<\/div>\n<\/div>\n<\/div>\n<\/div>\n\n\n\n<div style=\"height:50px\" aria-hidden=\"true\" class=\"wp-block-spacer\"><\/div>\n\n\n\n<figure class=\"wp-block-image size-large\"><img loading=\"lazy\" decoding=\"async\" width=\"1024\" height=\"176\" src=\"https:\/\/blog.uclm.es\/humatec\/wp-content\/uploads\/sites\/346\/2026\/03\/Logos-inferiores-V2.jpg-1024x176.webp\" alt=\"\" class=\"wp-image-156\" srcset=\"https:\/\/blog.uclm.es\/humatec\/wp-content\/uploads\/sites\/346\/2026\/03\/Logos-inferiores-V2.jpg-1024x176.webp 1024w, https:\/\/blog.uclm.es\/humatec\/wp-content\/uploads\/sites\/346\/2026\/03\/Logos-inferiores-V2.jpg-300x52.webp 300w, https:\/\/blog.uclm.es\/humatec\/wp-content\/uploads\/sites\/346\/2026\/03\/Logos-inferiores-V2.jpg-768x132.webp 768w, https:\/\/blog.uclm.es\/humatec\/wp-content\/uploads\/sites\/346\/2026\/03\/Logos-inferiores-V2.jpg-1536x264.webp 1536w, https:\/\/blog.uclm.es\/humatec\/wp-content\/uploads\/sites\/346\/2026\/03\/Logos-inferiores-V2.jpg.webp 1920w\" sizes=\"auto, (max-width: 1024px) 100vw, 1024px\" \/><\/figure>\n","protected":false},"excerpt":{"rendered":"<p>Direcci\u00f3n Miembros del equipo<\/p>\n","protected":false},"author":55,"featured_media":110,"parent":0,"menu_order":0,"comment_status":"closed","ping_status":"closed","template":"","meta":{"footnotes":""},"class_list":["post-108","page","type-page","status-publish","has-post-thumbnail","hentry"],"_links":{"self":[{"href":"https:\/\/blog.uclm.es\/humatec\/wp-json\/wp\/v2\/pages\/108","targetHints":{"allow":["GET"]}}],"collection":[{"href":"https:\/\/blog.uclm.es\/humatec\/wp-json\/wp\/v2\/pages"}],"about":[{"href":"https:\/\/blog.uclm.es\/humatec\/wp-json\/wp\/v2\/types\/page"}],"author":[{"embeddable":true,"href":"https:\/\/blog.uclm.es\/humatec\/wp-json\/wp\/v2\/users\/55"}],"replies":[{"embeddable":true,"href":"https:\/\/blog.uclm.es\/humatec\/wp-json\/wp\/v2\/comments?post=108"}],"version-history":[{"count":20,"href":"https:\/\/blog.uclm.es\/humatec\/wp-json\/wp\/v2\/pages\/108\/revisions"}],"predecessor-version":[{"id":237,"href":"https:\/\/blog.uclm.es\/humatec\/wp-json\/wp\/v2\/pages\/108\/revisions\/237"}],"wp:featuredmedia":[{"embeddable":true,"href":"https:\/\/blog.uclm.es\/humatec\/wp-json\/wp\/v2\/media\/110"}],"wp:attachment":[{"href":"https:\/\/blog.uclm.es\/humatec\/wp-json\/wp\/v2\/media?parent=108"}],"curies":[{"name":"wp","href":"https:\/\/api.w.org\/{rel}","templated":true}]}}