{"id":9,"date":"2015-11-13T17:26:27","date_gmt":"2015-11-13T16:26:27","guid":{"rendered":"http:\/\/blog.uclm.es\/heliacpereira\/?page_id=9"},"modified":"2024-01-11T09:34:19","modified_gmt":"2024-01-11T09:34:19","slug":"investigacion","status":"publish","type":"page","link":"https:\/\/blog.uclm.es\/heliacpereira\/investigacion\/","title":{"rendered":"Investigaci\u00f3n"},"content":{"rendered":"<p>ORCID: 0000-0002-4511-9473<br \/>\nRESEARCHER ID: A-9577-2019<br \/>\nSCOPUS ID: 25632849400<br \/>\nMATHSCINET ID: 790214<\/p>\n<p><strong>Art\u00edculos<\/strong><\/p>\n<p>1. P. Pedregal, H. Serrano, Gamma-convergence of quadratic functionals with oscillating linear perturbations, Nonlinear Analysis 70 (2009) 4178-4189.<br \/>\n2. H. Serrano, On Gamma-convergence in divergence-free fields through Young measures, Journal of Mathematical Analysis and Applications 359 (2009) 311-321.<br \/>\n3. H. Serrano, Homogenization of non-linear functionals with laminate-type growth, Journal of Convex Analysis 17 (2010) 509-520.<br \/>\n4. H. Serrano, Reiterated homogenization of the vector potential formulation of a magnetostatic problem in anisotropic composite media, Nonlinear Analysis 74 (2011) 7380-7394.<br \/>\n5. H. Serrano, Homogenization of quadratic complementary energies: a duality example, Mathematica Bohemica 136 (2011) 165-173.<br \/>\n6. R. F. Alvarez-Estrada, G. F. Calvo, H. Serrano, A transfer integral technique for solving a class of linear integral equations: Convergence and applications to DNA, Journal of Computational and Applied Mathematics 236 (2012) 3561-3571.<br \/>\n7. H. Serrano, Gamma-convergence of multiscale periodic functionals depending on the time- derivative and the curl operator, Journal of Mathematical Analysis and Applications 387 (2012) 1024-1032.<br \/>\n8. P. Pedregal, H. Serrano, Non-periodic Gamma-convergence: Application to a main example of a non-finer oscillation operator in higher dimension, Analysis and Applications 10 (2012) 67-90.<br \/>\n9. H. Serrano, A variational approach to the homogenization of laminate metamaterials, Nonlinear Analysis &#8211; Real World Applications 18 (2014) 75-85.<br \/>\n10. H. Serrano, On the asymptotic behaviour of a variable exponent power law magnetostatic problem, Applicable Analysis 97 (2018) 2097-2112.<br \/>\n11. H. Serrano, Homogenization of kinetic laminates in linearized elasticity, Mathematical Methods in the Applied Science 41 (2018) 270-280.<br \/>\n12. H. Serrano, G. F. Calvo, R. F. \u00c1lvarez-Estrada, Mean-first passage time of cell migration in confined domains, Mathematical Methods in the Applied Sciences 46 (2023) 7435-7453.<br \/>\n13. H. Serrano, R. F. \u00c1lvarez-Estrada, Characterization of the mean-first passage time function subject to advection in annular-like domains, Mathematics 11 (24) (2023) 4998.<\/p>\n<p><strong>Cap\u00edtulos y Libros<\/strong><\/p>\n<p>1. P. Pedregal, H. Serrano, Homogenization of periodic non-linear power-law materials through Young measures, Multiscale problems and asymptotic analysis, Gakuto International Ser. Math. Sci. Appl. 24 (2006) 305-310. (ISBN 4-7625- 0433-5)<br \/>\n2. H. Serrano, PhD dissertation, Convergencia-Gamma no periodica, Universidad Complutense de Madrid, Servicio de Publicaciones 2008. (ISBN 978-84-669-3045-1)<br \/>\n3. H. Serrano, Gamma-convergence of multiscale periodic energies depending on the curl of divergence-free fields, Differential and Difference Equations with Applications, Springer Proceedings in Mathematics &amp; Statistics 47 (2013) 579-588. (ISBN 78-1-4614-7332-9)<br \/>\n4. H. Serrano, A variational approach to the homogenization of double phase p_h(x)-curl systems in Magnetism, Progress in Industrial Mathematics at ECMI 2016, Mathematics in Industry 26, P. Quintela et al. (eds.), Springer 2017. (ISBN 978-3-319-63082-3)<br \/>\n5. H. Serrano, A variational technique to the homogenization of Maxwell equations, Studies in Systems, Decision and Control 177 (2020) 233-266. (ISSN 2198-4182)<\/p>\n<p><strong>Estancias<\/strong><\/p>\n<p>1. Mathematics Section, International School for Advanced Studies (SISSA), Trieste (Italia), febrero-mayo 2006.<br \/>\n2. Centro di Ricerca Matematica Ennio De Giorgi, Scuola Normale Superiore, Pisa (Italia), octubre 2006.<br \/>\n3. Oxford Centre for Nonlinear PDEs, Mathematical Institute, University of Oxford, Oxford (Reino Unido), septiembre 2008.<br \/>\n4. Chair of Mathematical Analysis and Applications, \u00c9cole Polytechnique F\u00e9d\u00e9rale de Lausanne (Suiza), febrero-diciembre 2010.<\/p>\n","protected":false},"excerpt":{"rendered":"<p>ORCID: 0000-0002-4511-9473 RESEARCHER ID: A-9577-2019 SCOPUS ID: 25632849400 MATHSCINET ID: 790214 Art\u00edculos 1. P. Pedregal, H. Serrano, Gamma-convergence of quadratic functionals with oscillating linear perturbations, Nonlinear Analysis 70 (2009) 4178-4189. 2. H. Serrano, On Gamma-convergence in divergence-free fields through Young measures, Journal of Mathematical Analysis and Applications 359 (2009) 311-321. 3. H. Serrano, Homogenization of &hellip; <a href=\"https:\/\/blog.uclm.es\/heliacpereira\/investigacion\/\" class=\"more-link\">Seguir leyendo <span class=\"screen-reader-text\">Investigaci\u00f3n<\/span> <span class=\"meta-nav\">&rarr;<\/span><\/a><\/p>\n","protected":false},"author":76,"featured_media":0,"parent":0,"menu_order":0,"comment_status":"closed","ping_status":"closed","template":"","meta":{"footnotes":""},"class_list":["post-9","page","type-page","status-publish","hentry"],"_links":{"self":[{"href":"https:\/\/blog.uclm.es\/heliacpereira\/wp-json\/wp\/v2\/pages\/9","targetHints":{"allow":["GET"]}}],"collection":[{"href":"https:\/\/blog.uclm.es\/heliacpereira\/wp-json\/wp\/v2\/pages"}],"about":[{"href":"https:\/\/blog.uclm.es\/heliacpereira\/wp-json\/wp\/v2\/types\/page"}],"author":[{"embeddable":true,"href":"https:\/\/blog.uclm.es\/heliacpereira\/wp-json\/wp\/v2\/users\/76"}],"replies":[{"embeddable":true,"href":"https:\/\/blog.uclm.es\/heliacpereira\/wp-json\/wp\/v2\/comments?post=9"}],"version-history":[{"count":2,"href":"https:\/\/blog.uclm.es\/heliacpereira\/wp-json\/wp\/v2\/pages\/9\/revisions"}],"predecessor-version":[{"id":40,"href":"https:\/\/blog.uclm.es\/heliacpereira\/wp-json\/wp\/v2\/pages\/9\/revisions\/40"}],"wp:attachment":[{"href":"https:\/\/blog.uclm.es\/heliacpereira\/wp-json\/wp\/v2\/media?parent=9"}],"curies":[{"name":"wp","href":"https:\/\/api.w.org\/{rel}","templated":true}]}}