{"id":513,"date":"2016-01-30T11:48:53","date_gmt":"2016-01-30T10:48:53","guid":{"rendered":"http:\/\/blog.uclm.es\/grupotajo\/?page_id=513"},"modified":"2016-01-30T11:48:53","modified_gmt":"2016-01-30T10:48:53","slug":"2014-2","status":"publish","type":"page","link":"https:\/\/blog.uclm.es\/grupotajo\/2014-2\/","title":{"rendered":"Conferencias 2014"},"content":{"rendered":"<p>&nbsp;<\/p>\n<p style=\"text-align: justify\">A lo largo del a\u00f1o 2014 se ha desarrollado en la sede de la Real Fundaci\u00f3n de Toledo un Ciclo de Conferencias que, bajo el t\u00edtulo \u201cInvestigando el Tajo\u201d (UCLM, 2014a), pretende divulgar las investigaciones llevadas a cabo en el seno de dicho grupo, siendo los alumnos de la UCLM del campus de Toledo y los socios de la Real Fundaci\u00f3n de Toledo el p\u00fablico objetivo, aunque abiertas al p\u00fablico en general. En concreto, a lo largo del a\u00f1o 2014 han sido presentados y debatidos temas de investigaci\u00f3n tan relevantes como los efectos ambientales de la regulaci\u00f3n de caudales en el r\u00edo, el impacto del trasvase Tajo-Segura en la econom\u00eda nacional, el sistema de gobernanza en el Tajo, la restauraci\u00f3n fluvial en la cuenca o los cambios en su fauna como consecuencia de la contaminaci\u00f3n.<\/p>\n<p style=\"text-align: justify\">Gracias a la colaboraci\u00f3n de Aurelio G\u00f3mez, autor del blog\u00a0<a href=\"http:\/\/atletismotoledano.blogspot.com.es\/\">Atletismo Toledano<\/a>, se tienen los v\u00eddeos de las conferencias:<\/p>\n<p>&#8211;<strong>28 de enero<\/strong>: Los Se\u00f1ores del Tajo por Maria Soledad Gallego<\/p>\n<p>https:\/\/www.youtube.com\/watch?v=zXe7BAE_9v4<\/p>\n<p>&#8211;<strong>27 de marzo<\/strong>: Y a Espa\u00f1a, \u00bfLe ha compensado el trasvase? Un an\u00e1lisis coste beneficio del trasvase Tajo-Segura por Enrique San Mart\u00edn<\/p>\n<p>https:\/\/www.youtube.com\/watch?v=8BWo9He7Gj4<\/p>\n<p>&#8211;<strong>22 de mayo<\/strong>:\u00a0Efectos ambientales de la regulaci\u00f3n y explotaci\u00f3n de caudales del r\u00edo Tajo\u00a0por Alvaro Enr\u00edquez y M\u00aa Jos\u00e9 Carrasco.<\/p>\n<p>https:\/\/www.youtube.com\/watch?v=dv_vywG3ojY<\/p>\n<p>&#8211;<strong>25 de septiembre<\/strong>:\u00a0Las aguas revueltas del Tajo: conflictos, poder e injusticias por Carla Gamarra Flores.<\/p>\n<p>https:\/\/www.youtube.com\/watch?v=RyxubDMIzrc<\/p>\n<p>&#8211;<strong>30 de octubre:\u00a0<\/strong>Experiencias en materia de restauraci\u00f3n fluvial en la cuenca del Tajo<strong>\u00a0<\/strong>Lidia Arenillas Girola.<\/p>\n<p>https:\/\/www.youtube.com\/watch?v=aIPub5U6ZF4<\/p>\n<p>&#8211;<strong>27 de noviembre:\u00a0<\/strong>La fauna del Tajo y sus afluentes: viejos y nuevos habitantes\u00a0por\u00a0Graciela G. Nicola.<\/p>\n<p>https:\/\/www.youtube.com\/watch?v=MbY-Mt5iphM<\/p>\n<p>&nbsp;<\/p>\n<p>&nbsp;<\/p>\n<p>&nbsp;<\/p>\n<p>&nbsp;<\/p>\n<p>&nbsp;<\/p>\n<p>&nbsp;<\/p>\n","protected":false},"excerpt":{"rendered":"<p>&nbsp; A lo largo del a\u00f1o 2014 se ha desarrollado en la sede de la Real Fundaci\u00f3n de Toledo un Ciclo de Conferencias que, bajo el t\u00edtulo \u201cInvestigando el Tajo\u201d (UCLM, 2014a), pretende divulgar las investigaciones llevadas a cabo en el seno de dicho grupo, siendo los alumnos de la UCLM del campus de Toledo &hellip; <a href=\"https:\/\/blog.uclm.es\/grupotajo\/2014-2\/\" class=\"more-link\">Seguir leyendo <span class=\"screen-reader-text\">Conferencias 2014<\/span> <span class=\"meta-nav\">&rarr;<\/span><\/a><\/p>\n","protected":false},"author":184,"featured_media":0,"parent":0,"menu_order":0,"comment_status":"closed","ping_status":"closed","template":"","meta":{"footnotes":""},"class_list":["post-513","page","type-page","status-publish","hentry"],"_links":{"self":[{"href":"https:\/\/blog.uclm.es\/grupotajo\/wp-json\/wp\/v2\/pages\/513","targetHints":{"allow":["GET"]}}],"collection":[{"href":"https:\/\/blog.uclm.es\/grupotajo\/wp-json\/wp\/v2\/pages"}],"about":[{"href":"https:\/\/blog.uclm.es\/grupotajo\/wp-json\/wp\/v2\/types\/page"}],"author":[{"embeddable":true,"href":"https:\/\/blog.uclm.es\/grupotajo\/wp-json\/wp\/v2\/users\/184"}],"replies":[{"embeddable":true,"href":"https:\/\/blog.uclm.es\/grupotajo\/wp-json\/wp\/v2\/comments?post=513"}],"version-history":[{"count":0,"href":"https:\/\/blog.uclm.es\/grupotajo\/wp-json\/wp\/v2\/pages\/513\/revisions"}],"wp:attachment":[{"href":"https:\/\/blog.uclm.es\/grupotajo\/wp-json\/wp\/v2\/media?parent=513"}],"curies":[{"name":"wp","href":"https:\/\/api.w.org\/{rel}","templated":true}]}}