{"id":460,"date":"2016-01-28T20:33:37","date_gmt":"2016-01-28T19:33:37","guid":{"rendered":"http:\/\/blog.uclm.es\/grupotajo\/?page_id=460"},"modified":"2016-01-28T20:33:37","modified_gmt":"2016-01-28T19:33:37","slug":"proyecto-educativo","status":"publish","type":"page","link":"https:\/\/blog.uclm.es\/grupotajo\/proyecto-educativo\/","title":{"rendered":"Proyecto Educativo"},"content":{"rendered":"<p style=\"text-align: justify\">Uno de los objetivos del Grupo de Investigaci\u00f3n es fomentar la cultura cient\u00edfica en el \u00e1mbito fluvial, sensibilizando sobre el papel clave que juegan los r\u00edos no s\u00f3lo en los ecosistemas, sino tambi\u00e9n en las actividades humanas. As\u00ed, a trav\u00e9s de este proyecto educativo, se pretende favorecer una mayor conciencia ecol\u00f3gica respecto a la conservaci\u00f3n de los r\u00edos, de forma que puedan seguir cumpliendo con todas sus funciones, tanto ambientales como sociales. Tiene un claro enfoque educativo, tanto a nivel escolar como del p\u00fablico en general, para poder construir los cimientos de una restauraci\u00f3n y conservaci\u00f3n de los ecosistemas fluviales, no s\u00f3lo a corto, sino a medio y largo plazo.<\/p>\n<p style=\"text-align: justify\">Consta de diversas actividades con lenguajes y metodolog\u00edas adaptadas a diferentes tipos de p\u00fablicos objetivos, entre los que se encuentran el p\u00fablico infantil, juvenil y adulto.<\/p>\n<p style=\"text-align: justify\">Las actividades concretas a realizar est\u00e1n focalizadas en el r\u00edo Tajo, uno de los m\u00e1s significativos del pa\u00eds, teniendo en cuenta su longitud, su caudal y la extensi\u00f3n de su cuenca, si bien la metodolog\u00eda y materiales son exportables a otras cuencas. Adem\u00e1s, el r\u00edo Tajo es intercomunitario e internacional por lo que su relevancia permite su utilizaci\u00f3n fuera de su propia cuenca.<\/p>\n<p style=\"text-align: justify\">Para lograr el objetivo principal del proyecto se utiliza el conocimiento acumulado y el <em>know how <\/em>de los miembros del grupo de investigaci\u00f3n (GI) de la Universidad de Castilla-La Mancha (UCLM) \u201cEl r\u00edo Tajo: hacia un enfoque hol\u00edstico de sus problemas y soluciones\u201d, incluido dentro del Grupo de Ciencias de la Tierra y del Espacio. Teniendo esto en cuenta, este proyecto pretende tambi\u00e9n difundir a la ciudadan\u00eda los resultados de las investigaciones cient\u00edficas realizadas por sus miembros. Este GI, que lidera el proyecto, es un ejemplo de enfoque colaborativo al incluir instituciones universitarias, administraciones p\u00fablicas y organizaciones sociales. Adem\u00e1s, el GI es interuniversitario, multidisciplinar e internacional, incluyendo a instituciones portuguesas, lo que era imprescindible teniendo en cuenta que la cuenca del Tajo es internacional.<\/p>\n<p style=\"text-align: justify\">Las actividades concretas incluidas en este proyecto educativo comprenden:<\/p>\n<ol>\n<li style=\"text-align: justify\"><strong><em>R\u00edos y ciencia para ni\u00f1os y j\u00f3venes:<\/em><\/strong> esta actividad consiste en la realizaci\u00f3n de visitas educativas a centros de educaci\u00f3n infantil, primaria y secundaria (pudiendo hacerlas extensivas a otras instituciones culturales que trabajen con ni\u00f1os y j\u00f3venes), para explicar el papel clave que juegan los r\u00edos, no s\u00f3lo en los ecosistemas, sino tambi\u00e9n en las actividades humanas. En dicha explicaci\u00f3n se incidir\u00e1 tambi\u00e9n en mostrar c\u00f3mo la ciencia ayuda a entender las diferentes situaciones, fen\u00f3menos y eventos que suceden en el r\u00edo o se relacionan con \u00e9l. Los objetivos de la actividad ser\u00edan tres:\n<ul>\n<li>Toma de conciencia de la importancia de los r\u00edos para la naturaleza y para el hombre.<\/li>\n<li>Generar un sentimiento de pertenencia y responsabilidad respecto al r\u00edo\/s en el que se ubica la instituci\u00f3n en la que se realiza la visita o en el lugar en el que viva el alumno.<\/li>\n<li>Necesidad de cuidar y preservar los r\u00edos para que puedan cumplir sus funciones y ser disfrutados igualmente por las generaciones venideras.<\/li>\n<\/ul>\n<\/li>\n<\/ol>\n<p style=\"text-align: justify\">Las actividades y los materiales a utilizar ser\u00e1n adecuados a los diferentes niveles educativos. La visita se realizar\u00e1 en un entorno l\u00fadico y de educaci\u00f3n transversal en el aula, estructur\u00e1ndose a partir de dichos materiales que servir\u00e1n para guiar la explicaci\u00f3n y\/o debate de los temas o puntos clave. Los materiales a elaborar son los siguientes:<\/p>\n<ul>\n<li style=\"text-align: justify\">Dos audiovisuales de animaci\u00f3n, de 5 minutos cada uno, dirigidos a estudiantes de educaci\u00f3n infantil y primaria (6-13 a\u00f1os), creados por un ilustrador infantil de reconocido prestigio, en los que se tratar\u00e1 de trasmitir los elementos b\u00e1sicos clave para entender el funcionamiento del r\u00edo y su importancia, relacion\u00e1ndolos con los resultados de la investigaci\u00f3n sobre el Tajo. Incluye versi\u00f3n en ingl\u00e9s.<\/li>\n<\/ul>\n<ul>\n<li style=\"text-align: justify\">Un cuento para educaci\u00f3n infantil (3-6 a\u00f1os) creado por miembros del GI con la colaboraci\u00f3n de un ilustrador profesional con dilatada experiencia en cuentos infantiles, a partir de los personajes de los dos audiovisuales anteriores, con texto en castellano y portugu\u00e9s, que incentive la curiosidad cient\u00edfica y que atraiga la atenci\u00f3n de los m\u00e1s peque\u00f1os en cuestiones medioambientales relacionadas espec\u00edficamente con el cuidado de los r\u00edos. El cuento incluir\u00e1 una ficha de educaci\u00f3n ambiental para guiar desde un punto de vista pedag\u00f3gico a todos aquellos que lean o expliquen el cuento y poder plantear algunas cuestiones de reflexi\u00f3n con posterioridad a su lectura que permitan afianzar los conocimientos adquiridos. En el cuento predominar\u00e1 la ilustraci\u00f3n con pocas l\u00edneas de texto por p\u00e1gina. Posibilidad de ser traducido al ingl\u00e9s para poder ser utilizado como herramienta de aprendizaje del idioma.<\/li>\n<\/ul>\n<ul>\n<li style=\"text-align: justify\">Libro infantil creado por profesores de la Facultad de Educaci\u00f3n de la UCLM y miembros del GI con la colaboraci\u00f3n de un ilustrador profesional con dilatada experiencia en cuentos infantiles a partir de los personajes de los dos audiovisuales anteriores y del cuento. Con ello se pretende aproximar el amor al r\u00edo y fomentar la conciencia ambiental. Contar\u00e1 con texto en portugu\u00e9s y castellano y estar\u00e1 dise\u00f1ado para peque\u00f1os lectores (8-12 a\u00f1os) de educaci\u00f3n primaria, por lo que ser\u00e1 realizado a partir de elementos actuales y atractivos para estas edades (personajes, tecnolog\u00eda, etc.). El libro infantil ya trabajar\u00e1 de forma plena los tres objetivos mencionados para la actividad. Tambi\u00e9n incluir\u00e1 una ficha de educaci\u00f3n ambiental que permita afianzar los conocimientos adquiridos.<\/li>\n<\/ul>\n<ul>\n<li style=\"text-align: justify\">Libro juvenil destinado a lectores de ense\u00f1anza secundaria. Dada la edad de los destinatarios se enfocar\u00e1 a trav\u00e9s de temas de actualidad, curiosidades, relaci\u00f3n con el medio ambiente, aspectos sociales, experimentaci\u00f3n, descubrimientos; tratando en profundidad los tres objetivos de la actividad, incluyendo puntos clave y abundantes sugerencias y cuestiones para reflexionar y ser debatidas en clase. En \u00e9l se recoger\u00e1n los aspectos b\u00e1sicos del r\u00edo Tajo, la situaci\u00f3n actual, la problem\u00e1tica y las posibles soluciones y gestos individuales para favorecer el mejor estado posible de las aguas. La importancia de la actividad cient\u00edfica ser\u00e1 recalcada a lo largo de todo el texto.<\/li>\n<\/ul>\n<ul>\n<li style=\"text-align: justify\">Divulgaci\u00f3n de la exposici\u00f3n sobre el r\u00edo Tajo, con fotograf\u00edas, paneles explicativos y montaje multimedia. De esta exposici\u00f3n podr\u00eda haber dos versiones, una m\u00e1s corta destinada a los alumnos de secundaria y una m\u00e1s larga para los alumnos de bachillerato, formaci\u00f3n profesional y p\u00fablico en general.<\/li>\n<\/ul>\n<p style=\"text-align: justify\">La actividad se denominar\u00e1 \u201cEl d\u00eda del r\u00edo\u201d. No obstante, teniendo en cuenta los materiales previstos, habr\u00eda tres tipos de visitas, cuyos t\u00edtulos gen\u00e9ricos y contenidos podr\u00edan ser los siguientes:<\/p>\n<ul>\n<li style=\"text-align: justify\">Educaci\u00f3n infantil: \u201cNuestro r\u00edo\u201d: incluyendo cuento m\u00e1s audiovisuales.<\/li>\n<li style=\"text-align: justify\">Educaci\u00f3n primaria: \u201cEl r\u00edo, la naturaleza y nosotros\u201d: libro infantil m\u00e1s audiovisuales.<\/li>\n<li style=\"text-align: justify\">Educaci\u00f3n secundaria: \u201cConociendo nuestros r\u00edos: ciencia y agua\u201d: libro juvenil m\u00e1s exposici\u00f3n.<\/li>\n<\/ul>\n<ol start=\"2\">\n<li style=\"text-align: justify\"><strong><em>R\u00edos y ciencia para la sociedad<\/em><\/strong>: Esta actividad consiste en la elaboraci\u00f3n de contenidos destinados a un p\u00fablico adulto en general que tenga inter\u00e9s por los temas ambientales y, espec\u00edficamente, por nuestros r\u00edos y por el r\u00edo Tajo en particular. Dentro de esta actividad hay dos tipos de acciones: las no presenciales y las presenciales. Entre las primeras est\u00e1 la generaci\u00f3n de contenidos audiovisuales y entre las segundas la realizaci\u00f3n de reuniones y libros de divulgaci\u00f3n.\u00a0Los materiales audiovisuales ser\u00e1n elaborados por parte del Centro de Medios Audiovisuales (CEMAV) de la UNED, universidad con m\u00e1s de 40 a\u00f1os de experiencia en la elaboraci\u00f3n este tipo de contenidos para todos los niveles educativos.<\/li>\n<\/ol>\n<p>&nbsp;<\/p>\n","protected":false},"excerpt":{"rendered":"<p>Uno de los objetivos del Grupo de Investigaci\u00f3n es fomentar la cultura cient\u00edfica en el \u00e1mbito fluvial, sensibilizando sobre el papel clave que juegan los r\u00edos no s\u00f3lo en los ecosistemas, sino tambi\u00e9n en las actividades humanas. As\u00ed, a trav\u00e9s de este proyecto educativo, se pretende favorecer una mayor conciencia ecol\u00f3gica respecto a la conservaci\u00f3n &hellip; <a href=\"https:\/\/blog.uclm.es\/grupotajo\/proyecto-educativo\/\" class=\"more-link\">Seguir leyendo <span class=\"screen-reader-text\">Proyecto Educativo<\/span> <span class=\"meta-nav\">&rarr;<\/span><\/a><\/p>\n","protected":false},"author":184,"featured_media":0,"parent":0,"menu_order":0,"comment_status":"closed","ping_status":"closed","template":"","meta":{"footnotes":""},"class_list":["post-460","page","type-page","status-publish","hentry"],"_links":{"self":[{"href":"https:\/\/blog.uclm.es\/grupotajo\/wp-json\/wp\/v2\/pages\/460","targetHints":{"allow":["GET"]}}],"collection":[{"href":"https:\/\/blog.uclm.es\/grupotajo\/wp-json\/wp\/v2\/pages"}],"about":[{"href":"https:\/\/blog.uclm.es\/grupotajo\/wp-json\/wp\/v2\/types\/page"}],"author":[{"embeddable":true,"href":"https:\/\/blog.uclm.es\/grupotajo\/wp-json\/wp\/v2\/users\/184"}],"replies":[{"embeddable":true,"href":"https:\/\/blog.uclm.es\/grupotajo\/wp-json\/wp\/v2\/comments?post=460"}],"version-history":[{"count":0,"href":"https:\/\/blog.uclm.es\/grupotajo\/wp-json\/wp\/v2\/pages\/460\/revisions"}],"wp:attachment":[{"href":"https:\/\/blog.uclm.es\/grupotajo\/wp-json\/wp\/v2\/media?parent=460"}],"curies":[{"name":"wp","href":"https:\/\/api.w.org\/{rel}","templated":true}]}}