{"id":398,"date":"2016-01-21T11:28:50","date_gmt":"2016-01-21T10:28:50","guid":{"rendered":"http:\/\/blog.uclm.es\/grupotajo\/?page_id=398"},"modified":"2016-01-21T11:28:50","modified_gmt":"2016-01-21T10:28:50","slug":"plan-hidrologico-de-la-parte-espanola-de-la-demarcacion-hidrografica-del-tajo-ciclo-de-planificacion-2015-2021","status":"publish","type":"page","link":"https:\/\/blog.uclm.es\/grupotajo\/plan-hidrologico-de-la-parte-espanola-de-la-demarcacion-hidrografica-del-tajo-ciclo-de-planificacion-2015-2021\/","title":{"rendered":"PHT 2015-2021"},"content":{"rendered":"<p><span style=\"text-decoration: underline;color: #000000\"><strong><em>Memoria<\/em><\/strong><\/span><\/p>\n<p><a href=\"http:\/\/www.chtajo.es\/Informacion%20Ciudadano\/PlanificacionHidrologica\/Planif_2015-2021\/Documents\/PlanTajo\/PHT2015-DB-Memoria.pdf\">Memoria<\/a><\/p>\n<ul>\n<li><a href=\"http:\/\/www.chtajo.es\/Informacion%20Ciudadano\/PlanificacionHidrologica\/Planif_2015-2021\/Documents\/PlanTajo\/PHT2015-Memoria-DocAux01.pdf\">Doc. Aux. 01 -Masas de agua de la cuenca del Tajo<\/a><\/li>\n<\/ul>\n<p><span style=\"text-decoration: underline;color: #000000\"><strong><em>Anejos de la memoria<\/em><\/strong><\/span><\/p>\n<p><a href=\"http:\/\/www.chtajo.es\/Informacion%20Ciudadano\/PlanificacionHidrologica\/Planif_2015-2021\/Documents\/PlanTajo\/PHT2015-An01.pdf\">Anejo 1- Designaci\u00f3n de Masas de agua artificiales y muy modificadas<\/a><\/p>\n<ul>\n<li><a href=\"http:\/\/www.chtajo.es\/Informacion%20Ciudadano\/PlanificacionHidrologica\/Planif_2015-2021\/Documents\/PlanTajo\/PHT2015-An01-DocAux01.pdf\">Doc. Aux. 01-Designaci\u00f3n de masas de agua artificiales y muy modificadas<\/a><\/li>\n<\/ul>\n<p><a href=\"http:\/\/www.chtajo.es\/Informacion%20Ciudadano\/PlanificacionHidrologica\/Planif_2015-2021\/Documents\/PlanTajo\/PHT2015-An02.pdf\">Anejo 2 -Inventario de recursos h\u00eddricos<\/a><\/p>\n<ul>\n<li><a href=\"http:\/\/www.chtajo.es\/Informacion%20Ciudadano\/PlanificacionHidrologica\/Planif_2015-2021\/Documents\/PlanTajo\/PHT2015-An02-DocAux01.pdf\">Doc. Aux. 01 -Descripci\u00f3n del modelo utilizado<\/a><\/li>\n<\/ul>\n<p><a href=\"http:\/\/www.chtajo.es\/Informacion%20Ciudadano\/PlanificacionHidrologica\/Planif_2015-2021\/Documents\/PlanTajo\/PHT2015-An03.pdf\">Anejo 3 -Usos y demandas de agua<\/a><\/p>\n<p><a href=\"http:\/\/www.chtajo.es\/Informacion%20Ciudadano\/PlanificacionHidrologica\/Planif_2015-2021\/Documents\/PlanTajo\/PHT2015-An04.pdf\">Anejo 4 -Registro de zonas protegidas<\/a><\/p>\n<p><a href=\"http:\/\/www.chtajo.es\/Informacion%20Ciudadano\/PlanificacionHidrologica\/Planif_2015-2021\/Documents\/PlanTajo\/PHT2015-An05.pdf\">Anejo 5 -Caudales ecol\u00f3gicos<\/a><\/p>\n<ul>\n<li><a href=\"http:\/\/www.chtajo.es\/Informacion%20Ciudadano\/PlanificacionHidrologica\/Planif_2015-2021\/Documents\/PlanTajo\/PHT2015-An05-DocAux00.pdf\">Doc. Aux. 00 -Caudales ecol\u00f3gicos<\/a><\/li>\n<li><a href=\"http:\/\/www.chtajo.es\/Informacion%20Ciudadano\/PlanificacionHidrologica\/Planif_2015-2021\/Documents\/PlanTajo\/PHT2015-An05-DocAux01.pdf\">Doc. Aux. 01 -Fichas por masas de agua de la distribuci\u00f3n temporal de caudales m\u00ednimos por m\u00e9todos hidrol\u00f3gicos<\/a><\/li>\n<li><a href=\"http:\/\/www.chtajo.es\/Informacion%20Ciudadano\/PlanificacionHidrologica\/Planif_2015-2021\/Documents\/PlanTajo\/PHT2015-An05-DocAux02.pdf\">Doc. Aux. 02 -Fichas por masas de agua de la distribuci\u00f3n temporal de caudales m\u00ednimos por m\u00e9todos hidrol\u00f3gicos en r\u00edos con no permanentes. Per\u00edodo de cese<\/a><\/li>\n<li><a href=\"http:\/\/www.chtajo.es\/Informacion%20Ciudadano\/PlanificacionHidrologica\/Planif_2015-2021\/Documents\/PlanTajo\/PHT2015-An05-DocAux03.pdf\">Doc. Aux. 03 -Fichas por masas de agua de la distribuci\u00f3n temporal de caudales m\u00ednimos mediante la modelizaci\u00f3n de la idoneidad del h\u00e1bitat con m\u00e9todos hidrobiol\u00f3gicos<\/a><\/li>\n<li><a href=\"http:\/\/www.chtajo.es\/Informacion%20Ciudadano\/PlanificacionHidrologica\/Planif_2015-2021\/Documents\/PlanTajo\/PHT2015-An05-DocAux04.pdf\">Doc. Aux. 04 -Clasificaci\u00f3n de caudales. Metodolog\u00eda utilizada y resultados obtenidos para la demarcaci\u00f3n del Tajo<\/a><\/li>\n<li><a href=\"http:\/\/www.chtajo.es\/Informacion%20Ciudadano\/PlanificacionHidrologica\/Planif_2015-2021\/Documents\/PlanTajo\/PHT2015-An05-DocAux05.pdf\">Doc. Aux. 05 -Fichas por masas de agua de la distribuci\u00f3n temporal de caudales m\u00e1ximos<\/a><\/li>\n<li><a href=\"http:\/\/www.chtajo.es\/Informacion%20Ciudadano\/PlanificacionHidrologica\/Planif_2015-2021\/Documents\/PlanTajo\/PHT2015-An05-DocAux06.pdf\">Doc. Aux. 06 -Valores por masas de agua de las tasas de cambio<\/a><\/li>\n<li><a href=\"http:\/\/www.chtajo.es\/Informacion%20Ciudadano\/PlanificacionHidrologica\/Planif_2015-2021\/Documents\/PlanTajo\/PHT2015-An05-DocAux07.pdf\">Doc. Aux. 07 -Fichas por masas de agua del estudio de caudales generadores<\/a><\/li>\n<li><a href=\"http:\/\/www.chtajo.es\/Informacion%20Ciudadano\/PlanificacionHidrologica\/Planif_2015-2021\/Documents\/PlanTajo\/PHT2015-An05-DocAux08.pdf\">Doc. Aux. 08 -Lagos y humedales<\/a><\/li>\n<\/ul>\n<p><a href=\"http:\/\/www.chtajo.es\/Informacion%20Ciudadano\/PlanificacionHidrologica\/Planif_2015-2021\/Documents\/PlanTajo\/PHT2015-An06.pdf\">Anejo 6 -Asignaci\u00f3n y reservas de recursos<\/a><\/p>\n<p><a href=\"http:\/\/www.chtajo.es\/Informacion%20Ciudadano\/PlanificacionHidrologica\/Planif_2015-2021\/Documents\/PlanTajo\/PHT2015-An07.pdf\">Anejo 7 -Inventario de presiones y evaluaci\u00f3n del estado de las masas de agua<\/a><\/p>\n<p><a href=\"http:\/\/www.chtajo.es\/Informacion%20Ciudadano\/PlanificacionHidrologica\/Planif_2015-2021\/Documents\/PlanTajo\/PHT2015-An08.pdf\">Anejo 8 -Objetivos medioambientales y excepciones<\/a><\/p>\n<ul>\n<li><a href=\"http:\/\/www.chtajo.es\/Informacion%20Ciudadano\/PlanificacionHidrologica\/Planif_2015-2021\/Documents\/PlanTajo\/PHT2015-An08-DocAux01.pdf\">Doc. Aux. 01 -Masas en riesgo<\/a><\/li>\n<li><a href=\"http:\/\/www.chtajo.es\/Informacion%20Ciudadano\/PlanificacionHidrologica\/Planif_2015-2021\/Documents\/PlanTajo\/PHT2015-An08-DocAux02.pdf\">Doc. Aux. 02 -Justificaci\u00f3n de las exenciones fijadas en el PHT2014 (Plan Hidrol\u00f3gico de la parte espa\u00f1ola de la Demarcaci\u00f3n Hidrol\u00f3gica del Tajo de 2014; R.D. 270\/2014)<\/a><\/li>\n<li><a href=\"http:\/\/www.chtajo.es\/Informacion%20Ciudadano\/PlanificacionHidrologica\/Planif_2015-2021\/Documents\/PlanTajo\/PHT2015-An08-DocAux03.pdf\">Doc.Aux. 03 -An\u00e1lisis conforme al art\u00edculo 39 del Reglamento de Planificaci\u00f3n Hidrol\u00f3gica<\/a><\/li>\n<\/ul>\n<p><a href=\"http:\/\/www.chtajo.es\/Informacion%20Ciudadano\/PlanificacionHidrologica\/Planif_2015-2021\/Documents\/PlanTajo\/PHT2015-An09.pdf\">Anejo 9 -Recuperaci\u00f3n de costes de los servicios del agua en la Demarcaci\u00f3n Hidrogr\u00e1fica del Tajo<\/a><\/p>\n<p><a href=\"http:\/\/www.chtajo.es\/Informacion%20Ciudadano\/PlanificacionHidrologica\/Planif_2015-2021\/Documents\/PlanTajo\/PHT2015-An10.pdf\">Anejo 10 -Participaci\u00f3n p\u00fablica<\/a><\/p>\n<p><span style=\"text-decoration: underline;color: #000000\"><strong><em>Normativa<\/em><\/strong><\/span><\/p>\n<p><a href=\"http:\/\/www.chtajo.es\/Informacion%20Ciudadano\/PlanificacionHidrologica\/Planif_2015-2021\/Documents\/PlanTajo\/Anexo%20V-Normativa%20PHTajo.pdf\">Normativa<\/a><\/p>\n<p><span style=\"text-decoration: underline\"><span style=\"color: #000000\"><strong><em>Programa de medidas<\/em><\/strong><\/span><\/span><\/p>\n<p><a href=\"http:\/\/www.chtajo.es\/Informacion%20Ciudadano\/PlanificacionHidrologica\/Planif_2015-2021\/Documents\/PlanTajo\/PHT2015-ProgramaMedidas.pdf\">Programa de medidas<\/a><\/p>\n<p>&nbsp;<\/p>\n<p>&nbsp;<\/p>\n<p>&nbsp;<\/p>\n","protected":false},"excerpt":{"rendered":"<p>Memoria Memoria Doc. Aux. 01 -Masas de agua de la cuenca del Tajo Anejos de la memoria Anejo 1- Designaci\u00f3n de Masas de agua artificiales y muy modificadas Doc. Aux. 01-Designaci\u00f3n de masas de agua artificiales y muy modificadas Anejo 2 -Inventario de recursos h\u00eddricos Doc. Aux. 01 -Descripci\u00f3n del modelo utilizado Anejo 3 -Usos &hellip; <a href=\"https:\/\/blog.uclm.es\/grupotajo\/plan-hidrologico-de-la-parte-espanola-de-la-demarcacion-hidrografica-del-tajo-ciclo-de-planificacion-2015-2021\/\" class=\"more-link\">Seguir leyendo <span class=\"screen-reader-text\">PHT 2015-2021<\/span> <span class=\"meta-nav\">&rarr;<\/span><\/a><\/p>\n","protected":false},"author":184,"featured_media":0,"parent":0,"menu_order":0,"comment_status":"closed","ping_status":"closed","template":"","meta":{"footnotes":""},"class_list":["post-398","page","type-page","status-publish","hentry"],"_links":{"self":[{"href":"https:\/\/blog.uclm.es\/grupotajo\/wp-json\/wp\/v2\/pages\/398","targetHints":{"allow":["GET"]}}],"collection":[{"href":"https:\/\/blog.uclm.es\/grupotajo\/wp-json\/wp\/v2\/pages"}],"about":[{"href":"https:\/\/blog.uclm.es\/grupotajo\/wp-json\/wp\/v2\/types\/page"}],"author":[{"embeddable":true,"href":"https:\/\/blog.uclm.es\/grupotajo\/wp-json\/wp\/v2\/users\/184"}],"replies":[{"embeddable":true,"href":"https:\/\/blog.uclm.es\/grupotajo\/wp-json\/wp\/v2\/comments?post=398"}],"version-history":[{"count":0,"href":"https:\/\/blog.uclm.es\/grupotajo\/wp-json\/wp\/v2\/pages\/398\/revisions"}],"wp:attachment":[{"href":"https:\/\/blog.uclm.es\/grupotajo\/wp-json\/wp\/v2\/media?parent=398"}],"curies":[{"name":"wp","href":"https:\/\/api.w.org\/{rel}","templated":true}]}}