{"id":159,"date":"2015-11-28T10:44:16","date_gmt":"2015-11-28T09:44:16","guid":{"rendered":"http:\/\/blog.uclm.es\/grupotajo\/?page_id=159"},"modified":"2015-11-28T10:44:16","modified_gmt":"2015-11-28T09:44:16","slug":"imagenes","status":"publish","type":"page","link":"https:\/\/blog.uclm.es\/grupotajo\/imagenes\/","title":{"rendered":"Im\u00e1genes"},"content":{"rendered":"<p>Gracias a la colaboraci\u00f3n de Carlos Rubio Criado, se han obtenido estas preciosas fotograf\u00edas de algunas zonas de la cuenca del Tajo.<\/p>\n<h1 style=\"text-align: center\"><span style=\"text-decoration: underline\">El Tajo atravesando el Valle de Toledo<\/span><\/h1>\n<p><a href=\"https:\/\/blog.uclm.es\/grupotajo\/wp-content\/uploads\/sites\/35\/2015\/11\/Captura-de-pantalla-2016-02-01-a-las-10.42.35.png\" rel=\"attachment wp-att-613\"><br \/>\n<img decoding=\"async\" class=\"aligncenter\" src=\"https:\/\/blog.uclm.es\/grupotajo\/wp-content\/uploads\/sites\/35\/2015\/11\/Captura-de-pantalla-2016-02-01-a-las-10.42.35-300x198.png\" alt=\"Captura de pantalla 2016-02-01 a las 10.42.35\" \/><\/a><\/p>\n<h1 style=\"text-align: center\"><span style=\"text-decoration: underline\">Foto tomada desde el Puente de San Mart\u00edn (Toledo)<\/span><\/h1>\n<p><img decoding=\"async\" class=\"aligncenter\" src=\"http:\/\/blog.uclm.es\/grupotajo\/files\/2015\/11\/Foto-tomada-del-puente-San-Mart%C3%ADn-300x195.png\" alt=\"Foto tomada del puente San Mart\u00edn\" \/><\/p>\n<h1 style=\"text-align: center\"><span style=\"text-decoration: underline\">Parque de Safont (Toledo)<\/span><a href=\"https:\/\/blog.uclm.es\/grupotajo\/wp-content\/uploads\/sites\/35\/2015\/11\/Parque-Safont.png\" rel=\"attachment wp-att-611\"><br \/>\n<img decoding=\"async\" class=\"aligncenter\" src=\"https:\/\/blog.uclm.es\/grupotajo\/wp-content\/uploads\/sites\/35\/2015\/11\/Parque-Safont-300x199.png\" alt=\"Parque Safont\" \/><\/a><\/h1>\n<h1 style=\"text-align: center\"><span style=\"text-decoration: underline\">El Valle de Toledo<\/span><a href=\"https:\/\/blog.uclm.es\/grupotajo\/wp-content\/uploads\/sites\/35\/2015\/11\/Captura-de-pantalla-2016-02-01-a-las-10.36.28.png\" rel=\"attachment wp-att-610\"><br \/>\n<img decoding=\"async\" class=\"aligncenter\" src=\"https:\/\/blog.uclm.es\/grupotajo\/wp-content\/uploads\/sites\/35\/2015\/11\/Captura-de-pantalla-2016-02-01-a-las-10.36.28-300x190.png\" alt=\"Captura de pantalla 2016-02-01 a las 10.36.28\" \/><\/a><\/h1>\n<h1 style=\"text-align: center\"><span style=\"text-decoration: underline\">Barrancas de Buruj\u00f3n<\/span><a href=\"https:\/\/blog.uclm.es\/grupotajo\/wp-content\/uploads\/sites\/35\/2015\/11\/Barrancas-de-Burujon.png\" rel=\"attachment wp-att-606\"><br \/>\n<img decoding=\"async\" src=\"http:\/\/blog.uclm.es\/grupotajo\/files\/2015\/11\/Barrancas-de-Buruj%C3%B3n-300x224.png\" alt=\"Barrancas de Buruj\u00f3n\" \/><\/a><\/h1>\n<h1 style=\"text-align: center\"><span style=\"text-decoration: underline\">Embalse de Guajaraz<\/span><\/h1>\n<p><img loading=\"lazy\" decoding=\"async\" class=\"aligncenter\" src=\"https:\/\/blog.uclm.es\/grupotajo\/wp-content\/uploads\/sites\/35\/2015\/11\/Captura-de-pantalla-2016-02-01-a-las-10.52.47-300x199.png\" alt=\"Captura de pantalla 2016-02-01 a las 10.52.47\" width=\"303\" height=\"201\" \/>\u00a0 \u00a0 \u00a0<a href=\"https:\/\/blog.uclm.es\/grupotajo\/wp-content\/uploads\/sites\/35\/2015\/11\/Captura-de-pantalla-2016-02-01-a-las-10.53.21.png\" rel=\"attachment wp-att-608\"><img loading=\"lazy\" decoding=\"async\" class=\"aligncenter\" src=\"https:\/\/blog.uclm.es\/grupotajo\/wp-content\/uploads\/sites\/35\/2015\/11\/Captura-de-pantalla-2016-02-01-a-las-10.53.21-300x199.png\" alt=\"Captura de pantalla 2016-02-01 a las 10.53.21\" width=\"301\" height=\"199\" \/><\/a><\/p>\n<p><img decoding=\"async\" class=\"aligncenter\" src=\"https:\/\/blog.uclm.es\/grupotajo\/wp-content\/uploads\/sites\/35\/2015\/11\/Captura-de-pantalla-2016-02-01-a-las-11.00.54-300x224.png\" alt=\"Captura de pantalla 2016-02-01 a las 11.00.54\" \/><\/p>\n<p>&nbsp;<\/p>\n<p>&nbsp;<\/p>\n<h1><\/h1>\n","protected":false},"excerpt":{"rendered":"<p>Gracias a la colaboraci\u00f3n de Carlos Rubio Criado, se han obtenido estas preciosas fotograf\u00edas de algunas zonas de la cuenca del Tajo. El Tajo atravesando el Valle de Toledo Foto tomada desde el Puente de San Mart\u00edn (Toledo) Parque de Safont (Toledo) El Valle de Toledo Barrancas de Buruj\u00f3n Embalse de Guajaraz \u00a0 \u00a0 \u00a0 &hellip; <a href=\"https:\/\/blog.uclm.es\/grupotajo\/imagenes\/\" class=\"more-link\">Seguir leyendo <span class=\"screen-reader-text\">Im\u00e1genes<\/span> <span class=\"meta-nav\">&rarr;<\/span><\/a><\/p>\n","protected":false},"author":184,"featured_media":0,"parent":0,"menu_order":0,"comment_status":"open","ping_status":"closed","template":"","meta":{"footnotes":""},"class_list":["post-159","page","type-page","status-publish","hentry"],"_links":{"self":[{"href":"https:\/\/blog.uclm.es\/grupotajo\/wp-json\/wp\/v2\/pages\/159","targetHints":{"allow":["GET"]}}],"collection":[{"href":"https:\/\/blog.uclm.es\/grupotajo\/wp-json\/wp\/v2\/pages"}],"about":[{"href":"https:\/\/blog.uclm.es\/grupotajo\/wp-json\/wp\/v2\/types\/page"}],"author":[{"embeddable":true,"href":"https:\/\/blog.uclm.es\/grupotajo\/wp-json\/wp\/v2\/users\/184"}],"replies":[{"embeddable":true,"href":"https:\/\/blog.uclm.es\/grupotajo\/wp-json\/wp\/v2\/comments?post=159"}],"version-history":[{"count":0,"href":"https:\/\/blog.uclm.es\/grupotajo\/wp-json\/wp\/v2\/pages\/159\/revisions"}],"wp:attachment":[{"href":"https:\/\/blog.uclm.es\/grupotajo\/wp-json\/wp\/v2\/media?parent=159"}],"curies":[{"name":"wp","href":"https:\/\/api.w.org\/{rel}","templated":true}]}}