{"id":90,"date":"2016-12-20T12:20:56","date_gmt":"2016-12-20T11:20:56","guid":{"rendered":"http:\/\/blog.uclm.es\/gruposes\/?page_id=90"},"modified":"2016-12-20T12:20:56","modified_gmt":"2016-12-20T11:20:56","slug":"contributed-papers-at-conferences","status":"publish","type":"page","link":"https:\/\/blog.uclm.es\/gruposes\/contributed-papers-at-conferences\/","title":{"rendered":"contributed papers at conferences"},"content":{"rendered":"<ul>\n<li style=\"list-style-type: none\">\n<ul>\n<li style=\"text-align: justify\">QUINTANA ROJO, C.; CALLEJAS ALBI\u00d1ANA, F. E.; TARANC\u00d3N MOR\u00c1N, M. A.; DEL R\u00cdO GONZ\u00c1LEZ, P. (2020) \u201cEvaluaci\u00f3n de escenarios mediante modelos econom\u00e9tricos multiecuacionales y programaci\u00f3n matem\u00e1tica: El caso de la energ\u00eda e\u00f3lica en Espa\u00f1a.\u201d XV Congreso de la Asociaci\u00f3n Espa\u00f1ola para la Econom\u00eda Energ\u00e9tica. Toledo.<\/li>\n<\/ul>\n<\/li>\n<\/ul>\n<ul>\n<li style=\"list-style-type: none\">\n<ul>\n<li style=\"text-align: justify\">DUE\u00d1AS N\u00da\u00d1EZ, E.; MILL\u00c1N CAMPOS, A.; TARANC\u00d3N MOR\u00c1N, M. A. (2020) \u201cEl efecto del sector \u00e9olico sobre el precio de la electricidad a largo plazo en Espa\u00f1a: Un an\u00e1lisis econom\u00e9trico.\u201d XV Congreso de la Asociaci\u00f3n Espa\u00f1ola para la Econom\u00eda Energ\u00e9tica. Toledo.<\/li>\n<\/ul>\n<\/li>\n<\/ul>\n<ul>\n<li style=\"list-style-type: none\">\n<ul>\n<li style=\"text-align: justify\">RUIZ FUENSANTA, M. J.; GUTI\u00c9RREZ PEDRERO, M. J.; TARANC\u00d3N MOR\u00c1N, M. A. (2020) \u201cDeterminantes regionales en la localizaci\u00f3n de fuentes de generaci\u00f3n de energ\u00edas renovables. El caso del sector e\u00f3lico espa\u00f1ol.\u201d XV Congreso de la Asociaci\u00f3n Espa\u00f1ola para la Econom\u00eda Energ\u00e9tica. Toledo.<\/li>\n<\/ul>\n<\/li>\n<\/ul>\n<ul>\n<li style=\"list-style-type: none\">\n<ul>\n<li style=\"text-align: justify\">RUIZ FUENSANTA, M. J.; GUTI\u00c9RREZ PEDRERO, M. J.; TARANC\u00d3N MOR\u00c1N, M. A. (2019) \u201cDeterminantes regionales en la localizaci\u00f3n de fuentes de generaci\u00f3n de energ\u00edas renovables. El caso europeo.\u201d 45th International Conference on Regional Science. Asociaci\u00f3n Espa\u00f1ola de Ciencia Regional. Castell\u00f3n.<\/li>\n<\/ul>\n<\/li>\n<\/ul>\n<ul>\n<li style=\"list-style-type: none\">\n<ul>\n<li style=\"text-align: justify\">RUIZ FUENSANTA, M. J.; GUTI\u00c9RREZ PEDRERO, M. J.; TARANC\u00d3N MOR\u00c1N, M. A. (2018) \u201cFactores de penetraci\u00f3n de las energ\u00edas renovables en la agricultura espa\u00f1ola.\u201d 44th International Conference on Regional Science. Asociaci\u00f3n Espa\u00f1ola de Ciencia Regional. Valencia.<\/li>\n<\/ul>\n<\/li>\n<\/ul>\n<ul>\n<li style=\"list-style-type: none\">\n<ul>\n<li style=\"text-align: justify\">QUINTANA ROJO, C.; DEL R\u00cdO, P.; TARANC\u00d3N MOR\u00c1N, M.A.; CALLEJAS ALBI\u00d1ANA, F. (2018) \u201cFactores explicativos de la energ\u00eda e\u00f3lica y el papel de los territorios.\u201d International 44th Conference on Regional Science. Asociaci\u00f3n Espa\u00f1ola de Ciencia Regional. Valencia.<\/li>\n<\/ul>\n<\/li>\n<\/ul>\n<ul>\n<li style=\"list-style-type: none\">\n<ul>\n<li style=\"text-align: justify\">QUINTANA ROJO, C.; TARANC\u00d3N MOR\u00c1N, M.A.; CALLEJAS ALBI\u00d1ANA, F. (2018) \u201cAn econometric approach: Analyzing the determinants of wind capacity in Spain.\u201d 1st International Conference on Sustainable Energy and Environment Sensing. University of Cambridge. Cambridge.<\/li>\n<\/ul>\n<\/li>\n<\/ul>\n<ul>\n<li style=\"list-style-type: none\">\n<ul>\n<li style=\"text-align: justify\">PAT\u00d3N GARC\u00cdA, G. (2017) \u201cTributos y energ\u00edas renovables: c\u00e1nones sobre la energ\u00eda e\u00f3lica y grav\u00e1menes del autoconsumo el\u00e9ctrico.\u201d I Congreso sobre el Derecho de las energ\u00edas renovables y el regad\u00edo. Universidad de Castilla &#8211; La Mancha. Albacete.<\/li>\n<\/ul>\n<\/li>\n<\/ul>\n<ul>\n<li style=\"list-style-type: none\">\n<ul>\n<li style=\"text-align: justify\">QUINTANA ROJO, C.; TARANC\u00d3N MOR\u00c1N, M.A.; CALLEJAS ALBI\u00d1ANA, F. (2017) \u201cIdentifying the drivers for increasing wind capacity. The case of Spain.\u201d 16th World Wind Energy Conference. World Wind Energy Association. Malm\u00f6.<\/li>\n<\/ul>\n<\/li>\n<\/ul>\n<ul>\n<li style=\"list-style-type: none\">\n<ul>\n<li style=\"text-align: justify\">GUTI\u00c9RREZ PEDRERO, M.J. (2016) \u201cEstudio del proceso de convergencia en el grado de eficiencia productiva entre 24 pa\u00edses de la Uni\u00f3n Europea.\u201d XLII Reuni\u00f3n de Estudios Regionales. Asociaci\u00f3n Espa\u00f1ola de Ciencia Regional. Santiago de Compostela.<\/li>\n<\/ul>\n<\/li>\n<\/ul>\n<ul>\n<li style=\"list-style-type: none\">\n<ul>\n<li style=\"text-align: justify\">GUTI\u00c9RREZ PEDRERO, M.J.; TARANC\u00d3N MOR\u00c1N, M. A.; DEL R\u00cdO GONZ\u00c1LEZ, P.; ALC\u00c1NTARA ESCOLANO, V. (2016) \u201cAnalysing the Convergence of the Electricity Intensities of the Production Sectors in Europe.\u201d 39th IAEE International Conference. International Association for Energy Economics. Bergen.<\/li>\n<\/ul>\n<\/li>\n<\/ul>\n<ul>\n<li style=\"list-style-type: none\">\n<ul>\n<li style=\"text-align: justify\">HERN\u00c1NDEZ S\u00c1NCHO, F.; RUIZ FUENSANTA, M. J.; SOLER MARCO, V. (2015) \u201cIn vino veritas: factores de competitividad en los distritos industriales vitivin\u00edcolas.\u201d International Conference on Regional Science. Asociaci\u00f3n Espa\u00f1ola de Ciencia Regional. Zaragoza.<\/li>\n<\/ul>\n<\/li>\n<\/ul>\n<ul>\n<li style=\"list-style-type: none\">\n<ul>\n<li style=\"text-align: justify\">GUTI\u00c9RREZ PEDRERO, M.J.; TARANC\u00d3N MOR\u00c1N, M. A. (2014) \u201cAn\u00e1lisis de la Eficiencia Productiva en la regi\u00f3n de Castilla-La Mancha: un estudio intersectorial.\u201d International Conference on Regional Science. Asociaci\u00f3n Espa\u00f1ola de Ciencia Regional. Zaragoza.<\/li>\n<\/ul>\n<\/li>\n<\/ul>\n<ul>\n<li style=\"list-style-type: none\">\n<ul>\n<li style=\"text-align: justify\">HERN\u00c1NDEZ S\u00c1NCHO, F.; RUIZ FUENSANTA, M. J.; SOLER MARCO, V. (2013) \u201cAn\u00e1lisis Din\u00e1mico del efecto distrito en el sector vitivin\u00edcola espa\u00f1ol.\u201d International Conference on Regional Science. Asociaci\u00f3n Espa\u00f1ola de Ciencia Regional. Oviedo.<\/li>\n<\/ul>\n<\/li>\n<\/ul>\n<ul>\n<li style=\"list-style-type: none\">\n<ul>\n<li style=\"text-align: justify\">CASTA\u00d1O MART\u00cdNEZ, S.; MART\u00cdNEZ RODR\u00cdGUEZ, I.; RUIZ FUENSANTA, M. J. (2013) \u201cThe Influence of Socioeconomic Factors on Entrepreneurship and Innovation.\u201d Global Innovation and Knowledge Academy Conference. Valencia.<\/li>\n<\/ul>\n<\/li>\n<\/ul>\n<ul>\n<li style=\"list-style-type: none\">\n<ul>\n<li style=\"text-align: justify\">HERN\u00c1NDEZ S\u00c1NCHO, F.; RUIZ FUENSANTA, M. J.; SOLER MARCO, V. (2013) \u201cEficiencia productiva y efecto distrito en el sector vitivin\u00edcola espa\u00f1ol: Un an\u00e1lisis emp\u00edrico.\u201d XVI Encuentro de Econom\u00eda Aplicada. Asociaci\u00f3n Libre de Econom\u00eda. Granada.<\/li>\n<\/ul>\n<\/li>\n<\/ul>\n<ul>\n<li style=\"list-style-type: none\">\n<ul>\n<li style=\"text-align: justify\">GUTI\u00c9RREZ PEDRERO, M.J. (2013) \u201cAn\u00e1lisis de la eficiencia productiva en 21 pa\u00edses europeos: un estudio intersectorial\u201d V Jornadas de an\u00e1lisis input-output. Sociedad Hispanoamericana de An\u00e1lisis Input-Output. Sevilla<\/li>\n<\/ul>\n<\/li>\n<\/ul>\n<ul>\n<li style=\"list-style-type: none\">\n<ul>\n<li style=\"text-align: justify\">TARANC\u00d3N MOR\u00c1N, M. A.; ALC\u00c1NTARA ESCOLANO, V.; DEL R\u00cdO GONZ\u00c1LEZ, P.; (2011) \u201cAlgunas ideas sobre responsabilidad tecnol\u00f3gica de las estructuras productivas en relaci\u00f3n al consumo de energ\u00eda el\u00e9ctrica.\u201d IV Jornadas Espa\u00f1olas de An\u00e1lisis Input-Output. Sociedad Hispanoamericana de An\u00e1lisis Input-Output. Madrid.<\/li>\n<\/ul>\n<\/li>\n<\/ul>\n<ul>\n<li style=\"list-style-type: none\">\n<ul>\n<li style=\"text-align: justify\">RUIZ FUENSANTA, M. J.; SOLER MARCO, V. (2011) \u201cFurther insights into the influence of agglomeration economies on the development of local labor markets.\u201d 51th European ERSA Congress. Barcelona.<\/li>\n<\/ul>\n<\/li>\n<\/ul>\n<ul>\n<li style=\"list-style-type: none\">\n<ul>\n<li style=\"text-align: justify\">RUIZ FUENSANTA, M. J. (2010) \u201cUn an\u00e1lisis comparativo de la eficiencia energ\u00e9tica regional en Espa\u00f1a.\u201d International Conference on Regional Science. Asociaci\u00f3n Espa\u00f1ola de Ciencia Regional. Badajoz-Helvas (Portugal).<\/li>\n<\/ul>\n<\/li>\n<\/ul>\n<ul>\n<li style=\"list-style-type: none\">\n<ul>\n<li style=\"text-align: justify\">TARANC\u00d3N MOR\u00c1N, M. A.; DEL R\u00cdO GONZ\u00c1LEZ, P.; CALLEJAS ALBI\u00d1ANA, F. (2009) \u201cDeterminaci\u00f3n de la responsabilidad tecnol\u00f3gica de los sectores manufactureros en relaci\u00f3n a las emisiones contaminantes provenientes de la generaci\u00f3n de la energ\u00eda el\u00e9ctrica.\u201d III Jornadas Espa\u00f1olas de An\u00e1lisis Input-Output. Sociedad Hispanoamericana de An\u00e1lisis Input-Output. Albacete.<\/li>\n<\/ul>\n<\/li>\n<\/ul>\n<ul>\n<li style=\"list-style-type: none\">\n<ul>\n<li style=\"text-align: justify\">DEL R\u00cdO GONZ\u00c1LEZ, P.; TARANC\u00d3N MOR\u00c1N, M. A.; CALLEJAS ALBI\u00d1ANA, F. (2009) \u201cAnalysing the determinants of environmental technology investments. A panel data study of Spanish industrial sectors.\u201d XVII Annual Conference of the European Association of Environmental and Resource Economists (EAERE). Amsterdam.<\/li>\n<\/ul>\n<\/li>\n<\/ul>\n<ul>\n<li style=\"list-style-type: none\">\n<ul>\n<li style=\"text-align: justify\">TARANC\u00d3N MOR\u00c1N, M. A. (2008) \u201c\u00bfQui\u00e9n emite CO2 en Andaluc\u00eda? \u00bfQui\u00e9n es responsable? Un enfoque intersectorial.\u201d XXXIV Reuni\u00f3n de Estudios Regionales. Asociaci\u00f3n Espa\u00f1ola de Ciencia Regional. Baeza, Ja\u00e9n.<\/li>\n<\/ul>\n<\/li>\n<\/ul>\n<ul>\n<li style=\"list-style-type: none\">\n<ul>\n<li style=\"text-align: justify\">RUIZ FUENSANTA, M. J. (2008) \u201cThe dynamics of the Marshallian industrial district: an empirical approximation from the Structure-Conduct-Performance paradigm.\u201d EUNIP 2008 International Conference. San Sebasti\u00e1n.<\/li>\n<\/ul>\n<\/li>\n<\/ul>\n<ul>\n<li style=\"list-style-type: none\">\n<ul>\n<li style=\"text-align: justify\">TARANC\u00d3N MOR\u00c1N, M. A.; DEL R\u00cdO GONZ\u00c1LEZ, P.; CALLEJAS ALBI\u00d1ANA, F. (2007) \u201cCentrales el\u00e9ctricas y emisiones de CO2 en Espa\u00f1a: identificaci\u00f3n de las transacciones y sectores estructuralmente responsables.\u201d II Jornadas Espa\u00f1olas de An\u00e1lisis Input-Output. Sociedad Hispanoamericana de An\u00e1lisis Input-Output. Zaragoza.<\/li>\n<\/ul>\n<\/li>\n<\/ul>\n<ul>\n<li style=\"list-style-type: none\">\n<ul>\n<li style=\"text-align: justify\">TARANC\u00d3N MOR\u00c1N, M. A.; DEL R\u00cdO GONZ\u00c1LEZ, P. (2005) \u201cCO2 Emissions in Spain: Sensitivity Analysis based on Linear Programming.\u201d I Jornadas Espa\u00f1olas de An\u00e1lisis Input-Output. Sociedad Hispanoamericana de An\u00e1lisis Input-Output. Oviedo.<\/li>\n<\/ul>\n<\/li>\n<\/ul>\n<ul>\n<li style=\"list-style-type: none\">\n<ul>\n<li style=\"text-align: justify\">TARANC\u00d3N MOR\u00c1N, M. A.; DEL R\u00cdO GONZ\u00c1LEZ, P. (2004) \u201cCambio tecnol\u00f3gico y desarrollo sustentable: un nuevo enfoque del an\u00e1lisis de sensibilidad aplicado al caso de Castilla \u2013 La Mancha.\u201d XXX Reuni\u00f3n de Estudios Regionales. Asociaci\u00f3n Espa\u00f1ola de Ciencia Regional. Barcelona.<\/li>\n<\/ul>\n<\/li>\n<\/ul>\n<ul>\n<li style=\"list-style-type: none\">\n<ul>\n<li style=\"text-align: justify\">TARANC\u00d3N MOR\u00c1N, M. A. (2004) \u201cDiferencias tecnol\u00f3gicas entre la Econom\u00eda espa\u00f1ola y andaluza: aplicaci\u00f3n del ajuste biproporcional y el an\u00e1lisis de sensibilidad a la matriz de coeficientes t\u00e9cnicos.\u201d VI Congreso de Ciencia Regional de Andaluc\u00eda. Asociaci\u00f3n de Ciencia Regional de Andaluc\u00eda. M\u00e1laga.<\/li>\n<\/ul>\n<\/li>\n<\/ul>\n","protected":false},"excerpt":{"rendered":"<p>QUINTANA ROJO, C.; CALLEJAS ALBI\u00d1ANA, F. E.; TARANC\u00d3N MOR\u00c1N, M. A.; DEL R\u00cdO GONZ\u00c1LEZ, P. (2020) \u201cEvaluaci\u00f3n de escenarios mediante modelos econom\u00e9tricos multiecuacionales y programaci\u00f3n matem\u00e1tica: El caso de la energ\u00eda e\u00f3lica en Espa\u00f1a.\u201d XV Congreso de la Asociaci\u00f3n Espa\u00f1ola para la Econom\u00eda Energ\u00e9tica. Toledo. DUE\u00d1AS N\u00da\u00d1EZ, E.; MILL\u00c1N CAMPOS, A.; TARANC\u00d3N MOR\u00c1N, M. A. &hellip; <\/p>\n<p class=\"link-more\"><a href=\"https:\/\/blog.uclm.es\/gruposes\/contributed-papers-at-conferences\/\" class=\"more-link\">Continuar leyendo<span class=\"screen-reader-text\"> \u00abcontributed papers at conferences\u00bb<\/span><\/a><\/p>\n","protected":false},"author":78,"featured_media":0,"parent":0,"menu_order":0,"comment_status":"closed","ping_status":"closed","template":"","meta":{"footnotes":""},"class_list":["post-90","page","type-page","status-publish","hentry"],"_links":{"self":[{"href":"https:\/\/blog.uclm.es\/gruposes\/wp-json\/wp\/v2\/pages\/90","targetHints":{"allow":["GET"]}}],"collection":[{"href":"https:\/\/blog.uclm.es\/gruposes\/wp-json\/wp\/v2\/pages"}],"about":[{"href":"https:\/\/blog.uclm.es\/gruposes\/wp-json\/wp\/v2\/types\/page"}],"author":[{"embeddable":true,"href":"https:\/\/blog.uclm.es\/gruposes\/wp-json\/wp\/v2\/users\/78"}],"replies":[{"embeddable":true,"href":"https:\/\/blog.uclm.es\/gruposes\/wp-json\/wp\/v2\/comments?post=90"}],"version-history":[{"count":0,"href":"https:\/\/blog.uclm.es\/gruposes\/wp-json\/wp\/v2\/pages\/90\/revisions"}],"wp:attachment":[{"href":"https:\/\/blog.uclm.es\/gruposes\/wp-json\/wp\/v2\/media?parent=90"}],"curies":[{"name":"wp","href":"https:\/\/api.w.org\/{rel}","templated":true}]}}