{"id":37,"date":"2023-04-03T23:12:11","date_gmt":"2023-04-03T23:12:11","guid":{"rendered":"http:\/\/blog.uclm.es\/apingloclm\/?page_id=37"},"modified":"2026-03-13T17:14:38","modified_gmt":"2026-03-13T17:14:38","slug":"research-outputs-2","status":"publish","type":"page","link":"https:\/\/blog.uclm.es\/gruponanomat\/research-outputs-2\/","title":{"rendered":"Proyectos de investigaci\u00f3n"},"content":{"rendered":"<p><strong>T\u00edtulo del Proyecto:<\/strong> <em><a href=\"https:\/\/blog.uclm.es\/gruponanomat\/proyecto-investigacion-filmes-polimericos-nanocompuestos-para-nanogeneradores-piezoelectricos-y-triboelectricos-eficientes\/\">Filmes polim\u00e9ricos nanocompuestos para nanogeneradores piezoel\u00e9ctricos y triboel\u00e9ctricos eficientes: organizaci\u00f3n nanoestructural y respuesta electromec\u00e1nica<\/a> <\/em>(Ref. SBPLY\/24\/180225\/000038). <strong>Entidad Financiadora:<\/strong> la Agencia de Investigaci\u00f3n e Innovaci\u00f3n de Castilla-La Mancha (AIIN) a trav\u00e9s de la Convocatoria 2024 de ayudas para la realizaci\u00f3n de proyectos de investigaci\u00f3n cient\u00edfica y transferencia de tecnolog\u00eda, cofinanciada por el Fondo Europeo de Desarrollo Regional (FEDER) en el marco del Programa FEDER de Castilla-La Mancha 2021\u20132027 (BDNS 794018, DOCM n\u00ba 213, 04\/11\/2024). <strong>Investigadores participantes:\u00a0<\/strong>Teresa Cuberes (IP), Demetrio Fuentes, David Casas, Jose Enrique Mart\u00edn Alfonso, Beata Kaczmareck-Szczepa\u0144ska, Girish M. Joshi, Madhuri Wuppulluri. <strong>Duraci\u00f3n<\/strong>: Diciembre 2025 &#8211; Noviembre 2028.<\/p>\n<p><strong>T\u00edtulo del Proyecto:<\/strong> <em>Preparaci\u00f3n y caracterizaci\u00f3n de filmes nanocompuestos basados en fluoruro de polivinilideno y alcohol polivin\u00edlico para nanogeneradores piezoel\u00e9ctricos y tribol\u00e9ctricos eficientes <\/em>\u00a0(Ref. 2025-GRIN-38290). <strong>Entidad Financiadora: <\/strong>Vicerrectorado de Pol\u00edtica Cient\u00edfica de la UCLM a trav\u00e9s de la\u00a0Convocatoria 2025 de Expresiones de Inter\u00e9s para la obtenci\u00f3n de ayudas para la realizaci\u00f3n de proyectos de investigaci\u00f3n aplicada, en el marco del Plan Propio de Investigaci\u00f3n, cofinanciado en un 85 % por el Fondo Europeo de Desarrollo Regional (FEDER) dentro del Programa FEDER de Castilla-La Mancha 2021\u20132027 (Resoluci\u00f3n de 11 de abril de 2025, Vicerrectorado de Pol\u00edtica Cient\u00edfica, UCLM). <strong>Investigadores participantes:<\/strong> Teresa Cuberes (IP),\u00a0 Demetrio Fuentes, David Casas, Dionisio Rodrigo, Rodrigo Bastante. <strong>Duraci\u00f3n:<\/strong> Septiembre 2025- Agosto 2028.<\/p>\n<p><strong>T\u00edtulo del Proyecto:<\/strong> <em>Preparaci\u00f3n y caracterizaci\u00f3n de filmes basados en alcohol polivin\u00edlico y chitosan para administraci\u00f3n controlada de medicamentos<\/em> (Ref. 2022-GRIN-34226). <strong>Entidad Financiadora:<\/strong> Convocatoria 2022 de Ayudas a Proyectos de Investigaci\u00f3n Aplicada dentro del Plan Propio de la UCLM, cofinanciadas 85% por FEDER <strong>Investigadores participantes:<\/strong> Teresa Cuberes (IP),\u00a0 Ganna Kovtun, Demetrio Fuentes, David Casas, Dionisio Rodrigo, Rodrigo Bastante. <strong>Duraci\u00f3n:<\/strong> Abril 2023- Marzo 2025 (ampliado plazo de ejecuci\u00f3n al 31 de julio 2025).<\/p>\n","protected":false},"excerpt":{"rendered":"<p>T\u00edtulo del Proyecto: Filmes polim\u00e9ricos nanocompuestos para nanogeneradores piezoel\u00e9ctricos y triboel\u00e9ctricos eficientes: organizaci\u00f3n nanoestructural y respuesta electromec\u00e1nica (Ref. SBPLY\/24\/180225\/000038). Entidad Financiadora: la Agencia de Investigaci\u00f3n e Innovaci\u00f3n de Castilla-La Mancha (AIIN) a trav\u00e9s de la Convocatoria 2024 de ayudas para la realizaci\u00f3n de proyectos de investigaci\u00f3n cient\u00edfica y transferencia de tecnolog\u00eda, cofinanciada por el Fondo&hellip; <a class=\"more-link\" href=\"https:\/\/blog.uclm.es\/gruponanomat\/research-outputs-2\/\">Seguir leyendo <span class=\"screen-reader-text\">Proyectos de investigaci\u00f3n<\/span><\/a><\/p>\n","protected":false},"author":172,"featured_media":0,"parent":0,"menu_order":0,"comment_status":"closed","ping_status":"closed","template":"","meta":{"footnotes":""},"class_list":["post-37","page","type-page","status-publish","hentry","entry"],"_links":{"self":[{"href":"https:\/\/blog.uclm.es\/gruponanomat\/wp-json\/wp\/v2\/pages\/37","targetHints":{"allow":["GET"]}}],"collection":[{"href":"https:\/\/blog.uclm.es\/gruponanomat\/wp-json\/wp\/v2\/pages"}],"about":[{"href":"https:\/\/blog.uclm.es\/gruponanomat\/wp-json\/wp\/v2\/types\/page"}],"author":[{"embeddable":true,"href":"https:\/\/blog.uclm.es\/gruponanomat\/wp-json\/wp\/v2\/users\/172"}],"replies":[{"embeddable":true,"href":"https:\/\/blog.uclm.es\/gruponanomat\/wp-json\/wp\/v2\/comments?post=37"}],"version-history":[{"count":17,"href":"https:\/\/blog.uclm.es\/gruponanomat\/wp-json\/wp\/v2\/pages\/37\/revisions"}],"predecessor-version":[{"id":1078,"href":"https:\/\/blog.uclm.es\/gruponanomat\/wp-json\/wp\/v2\/pages\/37\/revisions\/1078"}],"wp:attachment":[{"href":"https:\/\/blog.uclm.es\/gruponanomat\/wp-json\/wp\/v2\/media?parent=37"}],"curies":[{"name":"wp","href":"https:\/\/api.w.org\/{rel}","templated":true}]}}