{"id":1024,"date":"2026-03-13T16:45:49","date_gmt":"2026-03-13T16:45:49","guid":{"rendered":"https:\/\/blog.uclm.es\/gruponanomat\/?page_id=1024"},"modified":"2026-03-13T17:21:28","modified_gmt":"2026-03-13T17:21:28","slug":"proyecto-investigacion-filmes-polimericos-nanocompuestos-para-nanogeneradores-piezoelectricos-y-triboelectricos-eficientes","status":"publish","type":"page","link":"https:\/\/blog.uclm.es\/gruponanomat\/research-outputs-2\/proyecto-investigacion-filmes-polimericos-nanocompuestos-para-nanogeneradores-piezoelectricos-y-triboelectricos-eficientes\/","title":{"rendered":"PROYECTO INVESTIGACI\u00d3N: Filmes polim\u00e9ricos nanocompuestos para nanogeneradores piezoel\u00e9ctricos y triboel\u00e9ctricos eficientes"},"content":{"rendered":"\n<p><strong>Entidad Financiadora:<\/strong> la Agencia de Investigaci\u00f3n e Innovaci\u00f3n de Castilla-La Mancha (AIIN) a trav\u00e9s de la Convocatoria 2024 de ayudas para la realizaci\u00f3n de proyectos de investigaci\u00f3n cient\u00edfica y transferencia de tecnolog\u00eda, cofinanciada por el Fondo Europeo de Desarrollo Regional (FEDER) en el marco del Programa FEDER de Castilla-La Mancha 2021\u20132027 (BDNS 794018, DOCM n\u00ba 213, 04\/11\/2024). <strong>Ref. SBPLY\/24\/180225\/000038<\/strong><\/p>\n\n\n\n<p><strong>Investigadores participantes:<\/strong> Teresa Cuberes (IP), Demetrio Fuentes, David Casas, Jose Enrique Mart\u00edn Alfonso, Beata Kaczmareck-Szczepa\u0144ska, Girish M. Joshi, Madhuri Wuppulluri. Duraci\u00f3n: Diciembre 2025 \u2013 Noviembre 2028.<\/p>\n","protected":false},"excerpt":{"rendered":"<p>Entidad Financiadora: la Agencia de Investigaci\u00f3n e Innovaci\u00f3n de Castilla-La Mancha (AIIN) a trav\u00e9s de la Convocatoria 2024 de ayudas para la realizaci\u00f3n de proyectos de investigaci\u00f3n cient\u00edfica y transferencia de tecnolog\u00eda, cofinanciada por el Fondo Europeo de Desarrollo Regional (FEDER) en el marco del Programa FEDER de Castilla-La Mancha 2021\u20132027 (BDNS 794018, DOCM n\u00ba&hellip; <a class=\"more-link\" href=\"https:\/\/blog.uclm.es\/gruponanomat\/research-outputs-2\/proyecto-investigacion-filmes-polimericos-nanocompuestos-para-nanogeneradores-piezoelectricos-y-triboelectricos-eficientes\/\">Seguir leyendo <span class=\"screen-reader-text\">PROYECTO INVESTIGACI\u00d3N: Filmes polim\u00e9ricos nanocompuestos para nanogeneradores piezoel\u00e9ctricos y triboel\u00e9ctricos eficientes<\/span><\/a><\/p>\n","protected":false},"author":104,"featured_media":1075,"parent":37,"menu_order":0,"comment_status":"closed","ping_status":"closed","template":"","meta":{"footnotes":""},"class_list":["post-1024","page","type-page","status-publish","has-post-thumbnail","hentry","entry"],"_links":{"self":[{"href":"https:\/\/blog.uclm.es\/gruponanomat\/wp-json\/wp\/v2\/pages\/1024","targetHints":{"allow":["GET"]}}],"collection":[{"href":"https:\/\/blog.uclm.es\/gruponanomat\/wp-json\/wp\/v2\/pages"}],"about":[{"href":"https:\/\/blog.uclm.es\/gruponanomat\/wp-json\/wp\/v2\/types\/page"}],"author":[{"embeddable":true,"href":"https:\/\/blog.uclm.es\/gruponanomat\/wp-json\/wp\/v2\/users\/104"}],"replies":[{"embeddable":true,"href":"https:\/\/blog.uclm.es\/gruponanomat\/wp-json\/wp\/v2\/comments?post=1024"}],"version-history":[{"count":9,"href":"https:\/\/blog.uclm.es\/gruponanomat\/wp-json\/wp\/v2\/pages\/1024\/revisions"}],"predecessor-version":[{"id":1081,"href":"https:\/\/blog.uclm.es\/gruponanomat\/wp-json\/wp\/v2\/pages\/1024\/revisions\/1081"}],"up":[{"embeddable":true,"href":"https:\/\/blog.uclm.es\/gruponanomat\/wp-json\/wp\/v2\/pages\/37"}],"wp:featuredmedia":[{"embeddable":true,"href":"https:\/\/blog.uclm.es\/gruponanomat\/wp-json\/wp\/v2\/media\/1075"}],"wp:attachment":[{"href":"https:\/\/blog.uclm.es\/gruponanomat\/wp-json\/wp\/v2\/media?parent=1024"}],"curies":[{"name":"wp","href":"https:\/\/api.w.org\/{rel}","templated":true}]}}