{"id":19,"date":"2019-03-05T13:32:32","date_gmt":"2019-03-05T12:32:32","guid":{"rendered":"http:\/\/blog.uclm.es\/grupomat\/?page_id=19"},"modified":"2023-02-28T12:02:19","modified_gmt":"2023-02-28T12:02:19","slug":"miembros","status":"publish","type":"page","link":"https:\/\/blog.uclm.es\/grupomat\/miembros\/","title":{"rendered":"Miembros"},"content":{"rendered":"\n<h1 class=\"has-text-align-center has-white-color has-text-color has-background wp-block-heading\" style=\"background:linear-gradient(135deg,rgb(255,105,0) 0%,rgb(207,46,46) 0%);font-size:50px;text-transform:capitalize\">miembros<\/h1>\n\n\n\n<p class=\"has-text-align-center has-large-font-size\">Investigadores<\/p>\n\n\n<div class=\"wp-block-image is-style-rounded\">\n<figure class=\"aligncenter size-full\"><img loading=\"lazy\" decoding=\"async\" width=\"336\" height=\"336\" src=\"https:\/\/blog.uclm.es\/grupomat\/wp-content\/uploads\/sites\/226\/2019\/03\/0-2.jpeg\" alt=\"\" class=\"wp-image-149\" srcset=\"https:\/\/blog.uclm.es\/grupomat\/wp-content\/uploads\/sites\/226\/2019\/03\/0-2.jpeg 336w, https:\/\/blog.uclm.es\/grupomat\/wp-content\/uploads\/sites\/226\/2019\/03\/0-2-300x300.jpeg 300w, https:\/\/blog.uclm.es\/grupomat\/wp-content\/uploads\/sites\/226\/2019\/03\/0-2-150x150.jpeg 150w\" sizes=\"auto, (max-width: 336px) 100vw, 336px\" \/><\/figure>\n<\/div>\n\n\n<div class=\"wp-block-group\"><div class=\"wp-block-group__inner-container is-layout-constrained wp-block-group-is-layout-constrained\">\n<h4 class=\"has-text-align-center wp-block-heading\">Ricardo Garc\u00eda R\u00f3denas<\/h4>\n\n\n\n<p class=\"has-text-align-center\">Director del grupo<\/p>\n\n\n\n<p class=\"has-text-align-center\">Doctor en Ciencias Matem\u00e1ticas<br>Catedr\u00e1tico de Universidad<br>Universidad de Castilla-La Mancha<\/p>\n\n\n\n<p class=\"has-text-align-center\"><a href=\"mailto:Ricardo.Garcia@uclm.es\">Ricardo.Garcia@uclm.es<\/a><\/p>\n<\/div><\/div>\n\n\n\n<ul class=\"wp-block-social-links aligncenter is-layout-flex wp-block-social-links-is-layout-flex\"><li class=\"wp-social-link wp-social-link-linkedin  wp-block-social-link\"><a href=\"https:\/\/es.linkedin.com\/in\/ricardo-garcia-rodenas-a0b69218\" class=\"wp-block-social-link-anchor\"><svg width=\"24\" height=\"24\" viewBox=\"0 0 24 24\" version=\"1.1\" xmlns=\"http:\/\/www.w3.org\/2000\/svg\" aria-hidden=\"true\" focusable=\"false\"><path d=\"M19.7,3H4.3C3.582,3,3,3.582,3,4.3v15.4C3,20.418,3.582,21,4.3,21h15.4c0.718,0,1.3-0.582,1.3-1.3V4.3 C21,3.582,20.418,3,19.7,3z M8.339,18.338H5.667v-8.59h2.672V18.338z M7.004,8.574c-0.857,0-1.549-0.694-1.549-1.548 c0-0.855,0.691-1.548,1.549-1.548c0.854,0,1.547,0.694,1.547,1.548C8.551,7.881,7.858,8.574,7.004,8.574z M18.339,18.338h-2.669 v-4.177c0-0.996-0.017-2.278-1.387-2.278c-1.389,0-1.601,1.086-1.601,2.206v4.249h-2.667v-8.59h2.559v1.174h0.037 c0.356-0.675,1.227-1.387,2.526-1.387c2.703,0,3.203,1.779,3.203,4.092V18.338z\"><\/path><\/svg><span class=\"wp-block-social-link-label screen-reader-text\">LinkedIn<\/span><\/a><\/li><\/ul>\n\n\n\n<div class=\"wp-block-columns is-layout-flex wp-container-core-columns-is-layout-9d6595d7 wp-block-columns-is-layout-flex\">\n<div class=\"wp-block-column is-layout-flow wp-block-column-is-layout-flow\"><div class=\"wp-block-image is-style-rounded\">\n<figure class=\"aligncenter size-full\"><img loading=\"lazy\" decoding=\"async\" width=\"512\" height=\"512\" src=\"https:\/\/blog.uclm.es\/grupomat\/wp-content\/uploads\/sites\/226\/2021\/11\/icono.png\" alt=\"\" class=\"wp-image-257\" srcset=\"https:\/\/blog.uclm.es\/grupomat\/wp-content\/uploads\/sites\/226\/2021\/11\/icono.png 512w, https:\/\/blog.uclm.es\/grupomat\/wp-content\/uploads\/sites\/226\/2021\/11\/icono-300x300.png 300w, https:\/\/blog.uclm.es\/grupomat\/wp-content\/uploads\/sites\/226\/2021\/11\/icono-150x150.png 150w\" sizes=\"auto, (max-width: 512px) 100vw, 512px\" \/><\/figure>\n<\/div>\n\n\n<h4 class=\"has-text-align-center wp-block-heading\">Mar\u00eda Luz L\u00f3pez Garc\u00eda<\/h4>\n\n\n\n<p class=\"has-text-align-center\">Doctora de Ciencias Matem\u00e1ticas<br>Titular de Universidad<br>Universidad de Castilla-La Mancha<\/p>\n\n\n\n<p class=\"has-text-align-center\"><a href=\"mailto:MariaLuz.Lopez@uclm.es\">MariaLuz.Lopez@uclm.es<\/a><\/p>\n<\/div>\n\n\n\n<div class=\"wp-block-column is-layout-flow wp-block-column-is-layout-flow\"><div class=\"wp-block-image is-style-rounded\">\n<figure class=\"aligncenter size-full\"><img loading=\"lazy\" decoding=\"async\" width=\"330\" height=\"330\" src=\"https:\/\/blog.uclm.es\/grupomat\/wp-content\/uploads\/sites\/226\/2021\/11\/B990B29F-CFC4-AE8D-1B7BCEAB96B8C44B-e1638277721881.jpeg\" alt=\"\" class=\"wp-image-264\" srcset=\"https:\/\/blog.uclm.es\/grupomat\/wp-content\/uploads\/sites\/226\/2021\/11\/B990B29F-CFC4-AE8D-1B7BCEAB96B8C44B-e1638277721881.jpeg 330w, https:\/\/blog.uclm.es\/grupomat\/wp-content\/uploads\/sites\/226\/2021\/11\/B990B29F-CFC4-AE8D-1B7BCEAB96B8C44B-e1638277721881-300x300.jpeg 300w, https:\/\/blog.uclm.es\/grupomat\/wp-content\/uploads\/sites\/226\/2021\/11\/B990B29F-CFC4-AE8D-1B7BCEAB96B8C44B-e1638277721881-150x150.jpeg 150w\" sizes=\"auto, (max-width: 330px) 100vw, 330px\" \/><\/figure>\n<\/div>\n\n\n<h4 class=\"has-text-align-center wp-block-heading\">Eusebio Angulo S\u00e1nchez-Herrera<\/h4>\n\n\n\n<p class=\"has-text-align-center\">Doctor en Inform\u00e1tica<br>Profesor Contratado Doctor<br>Universidad de Castilla-La Mancha<\/p>\n\n\n\n<p class=\"has-text-align-center\"><a href=\"mailto:Eusebio.Angulo@uclm.es\">Eusebio.Angulo@uclm.es<\/a><\/p>\n<\/div>\n\n\n\n<div class=\"wp-block-column is-layout-flow wp-block-column-is-layout-flow\"><div class=\"wp-block-image is-style-rounded\">\n<figure class=\"aligncenter size-full\"><img loading=\"lazy\" decoding=\"async\" width=\"360\" height=\"360\" src=\"https:\/\/blog.uclm.es\/grupomat\/wp-content\/uploads\/sites\/226\/2021\/11\/db0f5d37-820e-461b-b725-e9973a8179f2.jpeg\" alt=\"\" class=\"wp-image-258\" srcset=\"https:\/\/blog.uclm.es\/grupomat\/wp-content\/uploads\/sites\/226\/2021\/11\/db0f5d37-820e-461b-b725-e9973a8179f2.jpeg 360w, https:\/\/blog.uclm.es\/grupomat\/wp-content\/uploads\/sites\/226\/2021\/11\/db0f5d37-820e-461b-b725-e9973a8179f2-300x300.jpeg 300w, https:\/\/blog.uclm.es\/grupomat\/wp-content\/uploads\/sites\/226\/2021\/11\/db0f5d37-820e-461b-b725-e9973a8179f2-150x150.jpeg 150w\" sizes=\"auto, (max-width: 360px) 100vw, 360px\" \/><\/figure>\n<\/div>\n\n\n<h4 class=\"has-text-align-center wp-block-heading\">Doroteo Verastegui Rayo<\/h4>\n\n\n\n<p class=\"has-text-align-center\">Doctor Ingeniero Industrial<br>Titular de Universidad<br>Universidad de Castilla-La Mancha<\/p>\n\n\n\n<p class=\"has-text-align-center\"><a href=\"mailto:Doroteo.Verastegui@uclm.es\">Doroteo.Verastegui@uclm.es<\/a><\/p>\n<\/div>\n<\/div>\n\n\n\n<div class=\"wp-block-columns is-layout-flex wp-container-core-columns-is-layout-9d6595d7 wp-block-columns-is-layout-flex\">\n<div class=\"wp-block-column is-layout-flow wp-block-column-is-layout-flow\"><div class=\"wp-block-image is-style-rounded\">\n<figure class=\"aligncenter size-full\"><img loading=\"lazy\" decoding=\"async\" width=\"360\" height=\"360\" src=\"https:\/\/blog.uclm.es\/grupomat\/wp-content\/uploads\/sites\/226\/2021\/11\/41cdfa6d-0413-4068-bdd8-6978186b378d.jpeg\" alt=\"\" class=\"wp-image-259\" srcset=\"https:\/\/blog.uclm.es\/grupomat\/wp-content\/uploads\/sites\/226\/2021\/11\/41cdfa6d-0413-4068-bdd8-6978186b378d.jpeg 360w, https:\/\/blog.uclm.es\/grupomat\/wp-content\/uploads\/sites\/226\/2021\/11\/41cdfa6d-0413-4068-bdd8-6978186b378d-300x300.jpeg 300w, https:\/\/blog.uclm.es\/grupomat\/wp-content\/uploads\/sites\/226\/2021\/11\/41cdfa6d-0413-4068-bdd8-6978186b378d-150x150.jpeg 150w\" sizes=\"auto, (max-width: 360px) 100vw, 360px\" \/><\/figure>\n<\/div>\n\n\n<h4 class=\"has-text-align-center wp-block-heading\">Julio Alberto L\u00f3pez G\u00f3mez<\/h4>\n\n\n\n<p class=\"has-text-align-center\">Doctor en Inform\u00e1tica<br>Profesor Ayudante Doctor<br>Universidad de Castilla-La Mancha<\/p>\n\n\n\n<p class=\"has-text-align-center\"><a href=\"mailto:JulioAlberto.Lopez@uclm.es\">JulioAlberto.Lopez@uclm.es<\/a> <\/p>\n\n\n\n<ul class=\"wp-block-social-links aligncenter is-content-justification-center is-layout-flex wp-container-core-social-links-is-layout-16018d1d wp-block-social-links-is-layout-flex\"><li class=\"wp-social-link wp-social-link-linkedin  wp-block-social-link\"><a href=\"https:\/\/www.linkedin.com\/in\/julio-alberto-l%C3%B3pez-g%C3%B3mez-a0022a109\/\" class=\"wp-block-social-link-anchor\"><svg width=\"24\" height=\"24\" viewBox=\"0 0 24 24\" version=\"1.1\" xmlns=\"http:\/\/www.w3.org\/2000\/svg\" aria-hidden=\"true\" focusable=\"false\"><path d=\"M19.7,3H4.3C3.582,3,3,3.582,3,4.3v15.4C3,20.418,3.582,21,4.3,21h15.4c0.718,0,1.3-0.582,1.3-1.3V4.3 C21,3.582,20.418,3,19.7,3z M8.339,18.338H5.667v-8.59h2.672V18.338z M7.004,8.574c-0.857,0-1.549-0.694-1.549-1.548 c0-0.855,0.691-1.548,1.549-1.548c0.854,0,1.547,0.694,1.547,1.548C8.551,7.881,7.858,8.574,7.004,8.574z M18.339,18.338h-2.669 v-4.177c0-0.996-0.017-2.278-1.387-2.278c-1.389,0-1.601,1.086-1.601,2.206v4.249h-2.667v-8.59h2.559v1.174h0.037 c0.356-0.675,1.227-1.387,2.526-1.387c2.703,0,3.203,1.779,3.203,4.092V18.338z\"><\/path><\/svg><span class=\"wp-block-social-link-label screen-reader-text\">LinkedIn<\/span><\/a><\/li><\/ul>\n<\/div>\n\n\n\n<div class=\"wp-block-column is-layout-flow wp-block-column-is-layout-flow\"><div class=\"wp-block-image is-style-rounded\">\n<figure class=\"aligncenter size-large is-resized\"><img loading=\"lazy\" decoding=\"async\" src=\"https:\/\/blog.uclm.es\/grupomat\/wp-content\/uploads\/sites\/226\/2021\/11\/PC230629-e1638276976605-1024x1024.jpg\" alt=\"\" class=\"wp-image-254\" width=\"385\" height=\"385\" srcset=\"https:\/\/blog.uclm.es\/grupomat\/wp-content\/uploads\/sites\/226\/2021\/11\/PC230629-e1638276976605-1024x1024.jpg 1024w, https:\/\/blog.uclm.es\/grupomat\/wp-content\/uploads\/sites\/226\/2021\/11\/PC230629-e1638276976605-300x300.jpg 300w, https:\/\/blog.uclm.es\/grupomat\/wp-content\/uploads\/sites\/226\/2021\/11\/PC230629-e1638276976605-150x150.jpg 150w, https:\/\/blog.uclm.es\/grupomat\/wp-content\/uploads\/sites\/226\/2021\/11\/PC230629-e1638276976605-768x768.jpg 768w, https:\/\/blog.uclm.es\/grupomat\/wp-content\/uploads\/sites\/226\/2021\/11\/PC230629-e1638276976605-1536x1536.jpg 1536w, https:\/\/blog.uclm.es\/grupomat\/wp-content\/uploads\/sites\/226\/2021\/11\/PC230629-e1638276976605-624x624.jpg 624w, https:\/\/blog.uclm.es\/grupomat\/wp-content\/uploads\/sites\/226\/2021\/11\/PC230629-e1638276976605.jpg 1920w\" sizes=\"auto, (max-width: 385px) 100vw, 385px\" \/><figcaption class=\"wp-element-caption\">              <\/figcaption><\/figure>\n<\/div>\n\n\n<h4 class=\"has-text-align-center wp-block-heading\">Jos\u00e9 \u00c1ngel Mart\u00edn Baos<\/h4>\n\n\n\n<p class=\"has-text-align-center\">Doctorando en Inform\u00e1tica<br>Personal Docente-Investigador FPU<br>Universidad de Castilla-La Mancha<\/p>\n\n\n\n<p class=\"has-text-align-center\"><a href=\"mailto:JoseAngel.Martin@uclm.es\">JoseAngel.Martin@uclm.es<\/a><\/p>\n\n\n\n<ul class=\"wp-block-social-links aligncenter is-content-justification-center is-layout-flex wp-container-core-social-links-is-layout-16018d1d wp-block-social-links-is-layout-flex\"><li class=\"wp-social-link wp-social-link-linkedin  wp-block-social-link\"><a href=\"https:\/\/www.linkedin.com\/in\/joseangelmartinb\/\" class=\"wp-block-social-link-anchor\"><svg width=\"24\" height=\"24\" viewBox=\"0 0 24 24\" version=\"1.1\" xmlns=\"http:\/\/www.w3.org\/2000\/svg\" aria-hidden=\"true\" focusable=\"false\"><path d=\"M19.7,3H4.3C3.582,3,3,3.582,3,4.3v15.4C3,20.418,3.582,21,4.3,21h15.4c0.718,0,1.3-0.582,1.3-1.3V4.3 C21,3.582,20.418,3,19.7,3z M8.339,18.338H5.667v-8.59h2.672V18.338z M7.004,8.574c-0.857,0-1.549-0.694-1.549-1.548 c0-0.855,0.691-1.548,1.549-1.548c0.854,0,1.547,0.694,1.547,1.548C8.551,7.881,7.858,8.574,7.004,8.574z M18.339,18.338h-2.669 v-4.177c0-0.996-0.017-2.278-1.387-2.278c-1.389,0-1.601,1.086-1.601,2.206v4.249h-2.667v-8.59h2.559v1.174h0.037 c0.356-0.675,1.227-1.387,2.526-1.387c2.703,0,3.203,1.779,3.203,4.092V18.338z\"><\/path><\/svg><span class=\"wp-block-social-link-label screen-reader-text\">LinkedIn<\/span><\/a><\/li><\/ul>\n<\/div>\n\n\n\n<div class=\"wp-block-column is-layout-flow wp-block-column-is-layout-flow\"><\/div>\n<\/div>\n\n\n\n<div style=\"height:100px\" aria-hidden=\"true\" class=\"wp-block-spacer\"><\/div>\n\n\n\n<p class=\"has-text-align-center has-large-font-size\">Colaboradores<\/p>\n\n\n<div class=\"wp-block-image is-style-rounded\">\n<figure class=\"aligncenter size-full\"><img loading=\"lazy\" decoding=\"async\" width=\"400\" height=\"400\" src=\"https:\/\/blog.uclm.es\/grupomat\/wp-content\/uploads\/sites\/226\/2021\/11\/JoseCarlos.jpeg\" alt=\"\" class=\"wp-image-262\" srcset=\"https:\/\/blog.uclm.es\/grupomat\/wp-content\/uploads\/sites\/226\/2021\/11\/JoseCarlos.jpeg 400w, https:\/\/blog.uclm.es\/grupomat\/wp-content\/uploads\/sites\/226\/2021\/11\/JoseCarlos-300x300.jpeg 300w, https:\/\/blog.uclm.es\/grupomat\/wp-content\/uploads\/sites\/226\/2021\/11\/JoseCarlos-150x150.jpeg 150w\" sizes=\"auto, (max-width: 400px) 100vw, 400px\" \/><\/figure>\n<\/div>\n\n\n<h4 class=\"has-text-align-center wp-block-heading\">Jos\u00e9 Carlos Garc\u00eda Garc\u00eda<\/h4>\n\n\n\n<p class=\"has-text-align-center\">Doctorando en Inform\u00e1tica<br>Personal Docente-Investigador FPU<br>Universidad de Castilla-La Mancha<\/p>\n\n\n\n<p class=\"has-text-align-center\"><a href=\"mailto:JoseCarlos.Garcia@uclm.es\">JoseCarlos.Garcia@uclm.es<\/a><\/p>\n\n\n\n<ul class=\"wp-block-social-links aligncenter is-content-justification-center is-layout-flex wp-container-core-social-links-is-layout-16018d1d wp-block-social-links-is-layout-flex\"><li class=\"wp-social-link wp-social-link-linkedin  wp-block-social-link\"><a href=\"https:\/\/www.linkedin.com\/in\/jos%C3%A9-carlos-garc%C3%ADa-garc%C3%ADa-395a89a1\/\" class=\"wp-block-social-link-anchor\"><svg width=\"24\" height=\"24\" viewBox=\"0 0 24 24\" version=\"1.1\" xmlns=\"http:\/\/www.w3.org\/2000\/svg\" aria-hidden=\"true\" focusable=\"false\"><path d=\"M19.7,3H4.3C3.582,3,3,3.582,3,4.3v15.4C3,20.418,3.582,21,4.3,21h15.4c0.718,0,1.3-0.582,1.3-1.3V4.3 C21,3.582,20.418,3,19.7,3z M8.339,18.338H5.667v-8.59h2.672V18.338z M7.004,8.574c-0.857,0-1.549-0.694-1.549-1.548 c0-0.855,0.691-1.548,1.549-1.548c0.854,0,1.547,0.694,1.547,1.548C8.551,7.881,7.858,8.574,7.004,8.574z M18.339,18.338h-2.669 v-4.177c0-0.996-0.017-2.278-1.387-2.278c-1.389,0-1.601,1.086-1.601,2.206v4.249h-2.667v-8.59h2.559v1.174h0.037 c0.356-0.675,1.227-1.387,2.526-1.387c2.703,0,3.203,1.779,3.203,4.092V18.338z\"><\/path><\/svg><span class=\"wp-block-social-link-label screen-reader-text\">LinkedIn<\/span><\/a><\/li><\/ul>\n","protected":false},"excerpt":{"rendered":"<p>miembros Investigadores Ricardo Garc\u00eda R\u00f3denas Director del grupo Doctor en Ciencias Matem\u00e1ticasCatedr\u00e1tico de UniversidadUniversidad de Castilla-La Mancha Ricardo.Garcia@uclm.es Mar\u00eda Luz L\u00f3pez Garc\u00eda Doctora de Ciencias Matem\u00e1ticasTitular de UniversidadUniversidad de Castilla-La Mancha MariaLuz.Lopez@uclm.es Eusebio Angulo S\u00e1nchez-Herrera Doctor en Inform\u00e1ticaProfesor Contratado DoctorUniversidad de Castilla-La Mancha Eusebio.Angulo@uclm.es Doroteo Verastegui Rayo Doctor Ingeniero IndustrialTitular de UniversidadUniversidad de Castilla-La Mancha [&hellip;]<\/p>\n","protected":false},"author":355,"featured_media":0,"parent":0,"menu_order":0,"comment_status":"closed","ping_status":"closed","template":"page-templates\/full-width.php","meta":{"footnotes":""},"class_list":["post-19","page","type-page","status-publish","hentry"],"_links":{"self":[{"href":"https:\/\/blog.uclm.es\/grupomat\/wp-json\/wp\/v2\/pages\/19","targetHints":{"allow":["GET"]}}],"collection":[{"href":"https:\/\/blog.uclm.es\/grupomat\/wp-json\/wp\/v2\/pages"}],"about":[{"href":"https:\/\/blog.uclm.es\/grupomat\/wp-json\/wp\/v2\/types\/page"}],"author":[{"embeddable":true,"href":"https:\/\/blog.uclm.es\/grupomat\/wp-json\/wp\/v2\/users\/355"}],"replies":[{"embeddable":true,"href":"https:\/\/blog.uclm.es\/grupomat\/wp-json\/wp\/v2\/comments?post=19"}],"version-history":[{"count":11,"href":"https:\/\/blog.uclm.es\/grupomat\/wp-json\/wp\/v2\/pages\/19\/revisions"}],"predecessor-version":[{"id":297,"href":"https:\/\/blog.uclm.es\/grupomat\/wp-json\/wp\/v2\/pages\/19\/revisions\/297"}],"wp:attachment":[{"href":"https:\/\/blog.uclm.es\/grupomat\/wp-json\/wp\/v2\/media?parent=19"}],"curies":[{"name":"wp","href":"https:\/\/api.w.org\/{rel}","templated":true}]}}