{"id":597,"date":"2017-12-05T08:54:48","date_gmt":"2017-12-05T07:54:48","guid":{"rendered":"http:\/\/blog.uclm.es\/grupohidrogeo\/?page_id=597"},"modified":"2017-11-28T10:54:19","modified_gmt":"2017-11-28T09:54:19","slug":"emiratos-arabes-unidos","status":"publish","type":"page","link":"https:\/\/blog.uclm.es\/grupohidrogeo\/zonas-piloto\/emiratos-arabes-unidos\/","title":{"rendered":"Emiratos \u00c1rabes Unidos"},"content":{"rendered":"<p>Nuestra colaboraci\u00f3n con el Grupo de Hidrogeolog\u00eda de la Universidad de los Emiratos \u00c1rabes Unidos se focaliza en el estudio de la calidad del agua en zonas de estudio como Dubai y Al Hayer.<\/p>\n<p>&nbsp;<\/p>\n","protected":false},"excerpt":{"rendered":"<p>Nuestra colaboraci\u00f3n con el Grupo de Hidrogeolog\u00eda de la Universidad de los Emiratos \u00c1rabes Unidos se focaliza en el estudio de la calidad del agua en zonas de estudio como Dubai y Al Hayer. &nbsp;<\/p>\n","protected":false},"author":201,"featured_media":0,"parent":465,"menu_order":2,"comment_status":"closed","ping_status":"closed","template":"","meta":{"footnotes":""},"class_list":["post-597","page","type-page","status-publish","hentry"],"_links":{"self":[{"href":"https:\/\/blog.uclm.es\/grupohidrogeo\/wp-json\/wp\/v2\/pages\/597","targetHints":{"allow":["GET"]}}],"collection":[{"href":"https:\/\/blog.uclm.es\/grupohidrogeo\/wp-json\/wp\/v2\/pages"}],"about":[{"href":"https:\/\/blog.uclm.es\/grupohidrogeo\/wp-json\/wp\/v2\/types\/page"}],"author":[{"embeddable":true,"href":"https:\/\/blog.uclm.es\/grupohidrogeo\/wp-json\/wp\/v2\/users\/201"}],"replies":[{"embeddable":true,"href":"https:\/\/blog.uclm.es\/grupohidrogeo\/wp-json\/wp\/v2\/comments?post=597"}],"version-history":[{"count":0,"href":"https:\/\/blog.uclm.es\/grupohidrogeo\/wp-json\/wp\/v2\/pages\/597\/revisions"}],"up":[{"embeddable":true,"href":"https:\/\/blog.uclm.es\/grupohidrogeo\/wp-json\/wp\/v2\/pages\/465"}],"wp:attachment":[{"href":"https:\/\/blog.uclm.es\/grupohidrogeo\/wp-json\/wp\/v2\/media?parent=597"}],"curies":[{"name":"wp","href":"https:\/\/api.w.org\/{rel}","templated":true}]}}