{"id":227,"date":"2017-11-23T13:20:19","date_gmt":"2017-11-23T12:20:19","guid":{"rendered":"http:\/\/blog.uclm.es\/grupohidrogeo\/?page_id=227"},"modified":"2017-11-23T13:20:19","modified_gmt":"2017-11-23T12:20:19","slug":"equipamiento-de-campo","status":"publish","type":"page","link":"https:\/\/blog.uclm.es\/grupohidrogeo\/equipamiento\/equipamiento-de-campo\/","title":{"rendered":"Equipamiento de Campo"},"content":{"rendered":"<p><img loading=\"lazy\" decoding=\"async\" class=\"wp-image-1302 size-large alignnone\" src=\"https:\/\/blog.uclm.es\/grupohidrogeo\/wp-content\/uploads\/sites\/59\/2018\/02\/IMG_0169-1024x683.jpg\" alt=\"\" width=\"525\" height=\"350\" srcset=\"https:\/\/blog.uclm.es\/grupohidrogeo\/wp-content\/uploads\/sites\/59\/2018\/02\/IMG_0169-1024x683.jpg 1024w, https:\/\/blog.uclm.es\/grupohidrogeo\/wp-content\/uploads\/sites\/59\/2018\/02\/IMG_0169-300x200.jpg 300w, https:\/\/blog.uclm.es\/grupohidrogeo\/wp-content\/uploads\/sites\/59\/2018\/02\/IMG_0169-768x512.jpg 768w, https:\/\/blog.uclm.es\/grupohidrogeo\/wp-content\/uploads\/sites\/59\/2018\/02\/IMG_0169-1536x1024.jpg 1536w, https:\/\/blog.uclm.es\/grupohidrogeo\/wp-content\/uploads\/sites\/59\/2018\/02\/IMG_0169-2048x1365.jpg 2048w\" sizes=\"auto, (max-width: 525px) 100vw, 525px\" \/><\/p>\n<p>Adem\u00e1s una parte del laboratorio se encuentra destinada a la realizaci\u00f3n de ensayos de modelaci\u00f3n de flujo subterr\u00e1neo y transporte de contaminantes en condiciones controladas. Por otro lado se dispone de un equipamiento de campo compuesto por:<\/p>\n<ul>\n<li>Equipo multiparam\u00e9trico WTW-EIJKELKAMP. Sonda de temperatura, pH, Eh, EC, DO,\u2026. 25-100 m.<\/li>\n<li>Bomba perist\u00e1ltica electr\u00f3nica de campo EIJKELKAMP.<\/li>\n<li>Equipo de Sondeos El\u00e9ctricos Verticales (SEV)-PASSI Earth Resistivity METER 16 GL y Energiser P-30.<\/li>\n<li>Equipo de Sondeos Electromagn\u00e9ticos (TEM\/NanoTEM)-Zonge Engineering, Inc. GDP_32II (Receiver); XTM (Transmitter Controler).<\/li>\n<li>Estaci\u00f3n meteorol\u00f3gica b\u00e1sica. Campbell Scientific. BWS200. CS300. CS-GSM-232. PC400.<\/li>\n<li>Hidroniveles de varias longitudes.<\/li>\n<li>Software hidrogeol\u00f3gico espec\u00edfico.<\/li>\n<li>Piez\u00f3metros (4) en el vaso lagunar de la Laguna de P\u00e9trola.<\/li>\n<\/ul>\n<p><img loading=\"lazy\" decoding=\"async\" class=\"aligncenter wp-image-578 size-large\" src=\"https:\/\/blog.uclm.es\/grupohidrogeo\/wp-content\/uploads\/sites\/59\/2017\/11\/Estacion-Meteorologica-048-1024x766.jpg\" alt=\"\" width=\"525\" height=\"393\" srcset=\"https:\/\/blog.uclm.es\/grupohidrogeo\/wp-content\/uploads\/sites\/59\/2017\/11\/Estacion-Meteorologica-048-1024x766.jpg 1024w, https:\/\/blog.uclm.es\/grupohidrogeo\/wp-content\/uploads\/sites\/59\/2017\/11\/Estacion-Meteorologica-048-300x225.jpg 300w, https:\/\/blog.uclm.es\/grupohidrogeo\/wp-content\/uploads\/sites\/59\/2017\/11\/Estacion-Meteorologica-048-768x575.jpg 768w, https:\/\/blog.uclm.es\/grupohidrogeo\/wp-content\/uploads\/sites\/59\/2017\/11\/Estacion-Meteorologica-048-1536x1150.jpg 1536w, https:\/\/blog.uclm.es\/grupohidrogeo\/wp-content\/uploads\/sites\/59\/2017\/11\/Estacion-Meteorologica-048-2048x1533.jpg 2048w\" sizes=\"auto, (max-width: 525px) 100vw, 525px\" \/><\/p>\n<p><img loading=\"lazy\" decoding=\"async\" class=\"wp-image-1222 size-large aligncenter\" src=\"https:\/\/blog.uclm.es\/grupohidrogeo\/wp-content\/uploads\/sites\/59\/2017\/12\/IMG_9522-1024x683.jpg\" alt=\"\" width=\"525\" height=\"350\" srcset=\"https:\/\/blog.uclm.es\/grupohidrogeo\/wp-content\/uploads\/sites\/59\/2017\/12\/IMG_9522-1024x683.jpg 1024w, https:\/\/blog.uclm.es\/grupohidrogeo\/wp-content\/uploads\/sites\/59\/2017\/12\/IMG_9522-300x200.jpg 300w, https:\/\/blog.uclm.es\/grupohidrogeo\/wp-content\/uploads\/sites\/59\/2017\/12\/IMG_9522-768x512.jpg 768w, https:\/\/blog.uclm.es\/grupohidrogeo\/wp-content\/uploads\/sites\/59\/2017\/12\/IMG_9522-1536x1024.jpg 1536w, https:\/\/blog.uclm.es\/grupohidrogeo\/wp-content\/uploads\/sites\/59\/2017\/12\/IMG_9522-2048x1365.jpg 2048w\" sizes=\"auto, (max-width: 525px) 100vw, 525px\" \/><\/p>\n","protected":false},"excerpt":{"rendered":"<p>Adem\u00e1s una parte del laboratorio se encuentra destinada a la realizaci\u00f3n de ensayos de modelaci\u00f3n de flujo subterr\u00e1neo y transporte de contaminantes en condiciones controladas. Por otro lado se dispone de un equipamiento de campo compuesto por: Equipo multiparam\u00e9trico WTW-EIJKELKAMP. Sonda de temperatura, pH, Eh, EC, DO,\u2026. 25-100 m. Bomba perist\u00e1ltica electr\u00f3nica de campo EIJKELKAMP. &hellip; <a href=\"https:\/\/blog.uclm.es\/grupohidrogeo\/equipamiento\/equipamiento-de-campo\/\" class=\"more-link\">Seguir leyendo <span class=\"screen-reader-text\">Equipamiento de Campo<\/span> <span class=\"meta-nav\">&rarr;<\/span><\/a><\/p>\n","protected":false},"author":201,"featured_media":0,"parent":33,"menu_order":11,"comment_status":"closed","ping_status":"closed","template":"","meta":{"footnotes":""},"class_list":["post-227","page","type-page","status-publish","hentry"],"_links":{"self":[{"href":"https:\/\/blog.uclm.es\/grupohidrogeo\/wp-json\/wp\/v2\/pages\/227","targetHints":{"allow":["GET"]}}],"collection":[{"href":"https:\/\/blog.uclm.es\/grupohidrogeo\/wp-json\/wp\/v2\/pages"}],"about":[{"href":"https:\/\/blog.uclm.es\/grupohidrogeo\/wp-json\/wp\/v2\/types\/page"}],"author":[{"embeddable":true,"href":"https:\/\/blog.uclm.es\/grupohidrogeo\/wp-json\/wp\/v2\/users\/201"}],"replies":[{"embeddable":true,"href":"https:\/\/blog.uclm.es\/grupohidrogeo\/wp-json\/wp\/v2\/comments?post=227"}],"version-history":[{"count":0,"href":"https:\/\/blog.uclm.es\/grupohidrogeo\/wp-json\/wp\/v2\/pages\/227\/revisions"}],"up":[{"embeddable":true,"href":"https:\/\/blog.uclm.es\/grupohidrogeo\/wp-json\/wp\/v2\/pages\/33"}],"wp:attachment":[{"href":"https:\/\/blog.uclm.es\/grupohidrogeo\/wp-json\/wp\/v2\/media?parent=227"}],"curies":[{"name":"wp","href":"https:\/\/api.w.org\/{rel}","templated":true}]}}